-- https://www.phpmyadmin.net/
--
-- Хост: localhost:3306
-- Час створення: Лис 21 2025 р., 16:40
-- Версія сервера: 10.6.23-MariaDB-cll-lve
-- Версія PHP: 8.4.14

START TRANSACTION;



--
-- База даних: `kidsallb_santnew`
--

-- --------------------------------------------------------

--
-- Структура таблиці `oc_address`
--

CREATE TABLE `oc_address` (
  `address_id` int(11) NOT NULL,
  `customer_id` int(11) NOT NULL,
  `firstname` varchar(32) NOT NULL,
  `lastname` varchar(32) NOT NULL,
  `company` varchar(40) NOT NULL,
  `address_1` varchar(128) NOT NULL,
  `address_2` varchar(128) NOT NULL,
  `city` varchar(128) NOT NULL,
  `postcode` varchar(10) NOT NULL,
  `country_id` int(11) NOT NULL DEFAULT 0,
  `zone_id` int(11) NOT NULL DEFAULT 0,
  `custom_field` text NOT NULL
) ENGINE=MyISAM DEFAULT CHARSET=utf8mb3 COLLATE=utf8mb3_general_ci;

-- --------------------------------------------------------

--
-- Структура таблиці `oc_affiliate`
--

CREATE TABLE `oc_affiliate` (
  `affiliate_id` int(11) NOT NULL,
  `firstname` varchar(32) NOT NULL,
  `lastname` varchar(32) NOT NULL,
  `email` varchar(96) NOT NULL,
  `telephone` varchar(32) NOT NULL,
  `fax` varchar(32) NOT NULL,
  `password` varchar(40) NOT NULL,
  `salt` varchar(9) NOT NULL,
  `company` varchar(40) NOT NULL,
  `website` varchar(255) NOT NULL,
  `address_1` varchar(128) NOT NULL,
  `address_2` varchar(128) NOT NULL,
  `city` varchar(128) NOT NULL,
  `postcode` varchar(10) NOT NULL,
  `country_id` int(11) NOT NULL,
  `zone_id` int(11) NOT NULL,
  `code` varchar(64) NOT NULL,
  `commission` decimal(4,2) NOT NULL DEFAULT 0.00,
  `tax` varchar(64) NOT NULL,
  `payment` varchar(6) NOT NULL,
  `cheque` varchar(100) NOT NULL,
  `paypal` varchar(64) NOT NULL,
  `bank_name` varchar(64) NOT NULL,
  `bank_branch_number` varchar(64) NOT NULL,
  `bank_swift_code` varchar(64) NOT NULL,
  `bank_account_name` varchar(64) NOT NULL,
  `bank_account_number` varchar(64) NOT NULL,
  `ip` varchar(40) NOT NULL,
  `status` tinyint(1) NOT NULL,
  `approved` tinyint(1) NOT NULL,
  `date_added` datetime NOT NULL
) ENGINE=MyISAM DEFAULT CHARSET=utf8mb3 COLLATE=utf8mb3_general_ci;

-- --------------------------------------------------------

--
-- Структура таблиці `oc_affiliate_activity`
--

CREATE TABLE `oc_affiliate_activity` (
  `affiliate_activity_id` int(11) NOT NULL,
  `affiliate_id` int(11) NOT NULL,
  `key` varchar(64) NOT NULL,
  `data` text NOT NULL,
  `ip` varchar(40) NOT NULL,
  `date_added` datetime NOT NULL
) ENGINE=MyISAM DEFAULT CHARSET=utf8mb3 COLLATE=utf8mb3_general_ci;

-- --------------------------------------------------------

--
-- Структура таблиці `oc_affiliate_login`
--

CREATE TABLE `oc_affiliate_login` (
  `affiliate_login_id` int(11) NOT NULL,
  `email` varchar(96) NOT NULL,
  `ip` varchar(40) NOT NULL,
  `total` int(4) NOT NULL,
  `date_added` datetime NOT NULL,
  `date_modified` datetime NOT NULL
) ENGINE=MyISAM DEFAULT CHARSET=utf8mb3 COLLATE=utf8mb3_general_ci;

-- --------------------------------------------------------

--
-- Структура таблиці `oc_affiliate_transaction`
--

CREATE TABLE `oc_affiliate_transaction` (
  `affiliate_transaction_id` int(11) NOT NULL,
  `affiliate_id` int(11) NOT NULL,
  `order_id` int(11) NOT NULL,
  `description` text NOT NULL,
  `amount` decimal(15,4) NOT NULL,
  `date_added` datetime NOT NULL
) ENGINE=MyISAM DEFAULT CHARSET=utf8mb3 COLLATE=utf8mb3_general_ci;

-- --------------------------------------------------------

--
-- Структура таблиці `oc_api_ip`
--

CREATE TABLE `oc_api_ip` (
  `api_ip_id` int(11) NOT NULL,
  `api_id` int(11) NOT NULL,
  `ip` varchar(40) NOT NULL
) ENGINE=MyISAM DEFAULT CHARSET=utf8mb3 COLLATE=utf8mb3_general_ci;

--
-- Дамп даних таблиці `oc_api_ip`
--

INSERT INTO `oc_api_ip` (`api_ip_id`, `api_id`, `ip`) VALUES
(1, 1, '51.159.15.12'),
(2, 1, '151.115.98.4'),
(3, 1, '62.210.173.109'),
(4, 1, '151.115.98.205'),
(5, 1, '91.215.144.59');

-- --------------------------------------------------------

--
-- Структура таблиці `oc_attribute`
--

CREATE TABLE `oc_attribute` (
  `attribute_id` int(11) NOT NULL,
  `attribute_group_id` int(11) NOT NULL,
  `sort_order` int(3) NOT NULL
) ENGINE=MyISAM DEFAULT CHARSET=utf8mb3 COLLATE=utf8mb3_general_ci;

--
-- Дамп даних таблиці `oc_attribute`
--

INSERT INTO `oc_attribute` (`attribute_id`, `attribute_group_id`, `sort_order`) VALUES
(1, 0, 0),
(2, 0, 1),
(3, 0, 2),
(4, 0, 3),
(5, 0, 4),
(6, 0, 5),
(7, 0, 6),
(8, 0, 7),
(9, 0, 8),
(10, 0, 9),
(11, 0, 10),
(12, 0, 11),
(13, 0, 12),
(14, 0, 13),
(15, 0, 14),
(16, 0, 15),
(17, 0, 16),
(18, 0, 17),
(19, 0, 18),
(20, 0, 19),
(21, 0, 20),
(22, 0, 21),
(23, 0, 22),
(24, 0, 23),
(25, 0, 24),
(26, 0, 25),
(27, 0, 26),
(28, 0, 27),
(29, 0, 3),
(30, 0, 4),
(31, 0, 5),
(32, 0, 6),
(33, 0, 7),
(34, 0, 8),
(35, 0, 9),
(36, 0, 10),
(37, 0, 11),
(38, 0, 12),
(39, 0, 13),
(40, 0, 14),
(41, 0, 15),
(42, 0, 16),
(43, 0, 20),
(44, 0, 21),
(45, 0, 22),
(46, 0, 23),
(47, 0, 24),
(48, 0, 26),
(49, 0, 27),
(50, 0, 28),
(51, 0, 29),
(52, 0, 30),
(53, 0, 32),
(54, 0, 33),
(55, 0, 34),
(56, 0, 35),
(57, 0, 36),
(58, 0, 37),
(59, 0, 38),
(60, 0, 39),
(61, 0, 40),
(62, 0, 41),
(63, 0, 42),
(64, 0, 44),
(65, 0, 45),
(66, 0, 47),
(67, 0, 48),
(68, 0, 50),
(69, 0, 51),
(70, 0, 52),
(71, 0, 53),
(72, 0, 54),
(73, 0, 7),
(74, 0, 9),
(75, 0, 11),
(76, 0, 13),
(77, 0, 14),
(78, 0, 23),
(79, 0, 24),
(80, 0, 31),
(81, 0, 56),
(82, 0, 5),
(83, 0, 6),
(84, 0, 10),
(85, 0, 11),
(86, 0, 12),
(87, 0, 27),
(88, 0, 30),
(89, 0, 4),
(90, 0, 5),
(91, 0, 7),
(92, 0, 8),
(93, 0, 9),
(94, 0, 15),
(95, 0, 17),
(96, 0, 3),
(97, 0, 4),
(98, 0, 5),
(99, 0, 6),
(100, 0, 7),
(101, 0, 8),
(102, 0, 14),
(103, 0, 18),
(104, 0, 4),
(105, 0, 5),
(106, 0, 12),
(107, 0, 25),
(108, 0, 30),
(109, 0, 15),
(110, 0, 4),
(111, 0, 3),
(112, 0, 6),
(113, 0, 7),
(114, 0, 10),
(115, 0, 14),
(116, 0, 15),
(117, 0, 16),
(118, 0, 18),
(119, 0, 19),
(120, 0, 20),
(121, 0, 21),
(122, 0, 22),
(123, 0, 24),
(124, 0, 25),
(125, 0, 7),
(126, 0, 11),
(127, 0, 12),
(128, 0, 17),
(129, 0, 6),
(130, 0, 7),
(131, 0, 13),
(132, 0, 14),
(133, 0, 15),
(134, 0, 17),
(135, 0, 20),
(136, 0, 23),
(137, 0, 10),
(138, 0, 10),
(139, 0, 3),
(140, 0, 4),
(141, 0, 5),
(142, 0, 6),
(143, 0, 13),
(144, 0, 7),
(145, 0, 3),
(146, 0, 4),
(147, 0, 5),
(148, 0, 6),
(149, 0, 11),
(150, 0, 8),
(151, 0, 14),
(152, 0, 15),
(153, 0, 17),
(154, 0, 25),
(155, 0, 3),
(156, 0, 7),
(157, 0, 9),
(158, 0, 16),
(159, 0, 25),
(160, 0, 5),
(161, 0, 4),
(162, 0, 5),
(163, 0, 6),
(164, 0, 7),
(165, 0, 9),
(166, 0, 18),
(167, 0, 20),
(168, 0, 5),
(169, 0, 3),
(170, 0, 4),
(171, 0, 11),
(172, 0, 12),
(173, 0, 14),
(174, 0, 18),
(175, 0, 24),
(176, 0, 7),
(177, 0, 8),
(178, 0, 3),
(179, 0, 4),
(180, 0, 9),
(181, 0, 10),
(182, 0, 15),
(183, 0, 18),
(184, 0, 20),
(185, 0, 21),
(186, 0, 8),
(187, 0, 10),
(188, 0, 18),
(189, 0, 19),
(190, 0, 3),
(191, 0, 5),
(192, 0, 6),
(193, 0, 7),
(194, 0, 12),
(195, 0, 13),
(196, 0, 14),
(197, 0, 16),
(198, 0, 20),
(199, 0, 4),
(200, 0, 6),
(201, 0, 8),
(202, 0, 13),
(203, 0, 15),
(204, 0, 17),
(205, 0, 5),
(206, 0, 8),
(207, 0, 18),
(208, 0, 5),
(209, 0, 16),
(210, 0, 32),
(211, 0, 5),
(212, 0, 15),
(213, 0, 3),
(214, 0, 6),
(215, 0, 7),
(216, 0, 8),
(217, 0, 13),
(218, 0, 5),
(219, 0, 3),
(220, 0, 7),
(221, 0, 12),
(222, 0, 17),
(223, 0, 20),
(224, 0, 9),
(225, 0, 15),
(226, 0, 3),
(227, 0, 7),
(228, 0, 8),
(229, 0, 12),
(230, 0, 36),
(231, 0, 37),
(232, 0, 19),
(233, 0, 8),
(234, 0, 12),
(235, 0, 14),
(236, 0, 15),
(237, 0, 24),
(238, 0, 6),
(239, 0, 12),
(240, 0, 15),
(241, 0, 20),
(242, 0, 21),
(243, 0, 22),
(244, 0, 24),
(245, 0, 30),
(246, 0, 36),
(247, 0, 27),
(248, 0, 17),
(249, 0, 7),
(250, 0, 14),
(251, 0, 13),
(252, 0, 18),
(253, 0, 19),
(254, 0, 11),
(255, 0, 13),
(256, 0, 14),
(257, 0, 18),
(258, 0, 21),
(259, 0, 24),
(260, 0, 28),
(261, 0, 31),
(262, 0, 7),
(263, 0, 8),
(264, 0, 12),
(265, 0, 12),
(266, 0, 10),
(267, 0, 21),
(268, 0, 7),
(269, 0, 7),
(270, 0, 18),
(271, 0, 5),
(272, 0, 8),
(273, 0, 17),
(274, 0, 5),
(275, 0, 6),
(276, 0, 3),
(277, 0, 7),
(278, 0, 7),
(279, 0, 15),
(280, 0, 18),
(281, 0, 22),
(282, 0, 9),
(283, 0, 24),
(284, 0, 28),
(285, 0, 35),
(286, 0, 36),
(287, 0, 38),
(288, 0, 40),
(289, 0, 8),
(290, 0, 16),
(291, 0, 25),
(292, 0, 3),
(293, 0, 6),
(294, 0, 12),
(295, 0, 13),
(296, 0, 15),
(297, 0, 18),
(298, 0, 21),
(299, 0, 22),
(300, 0, 5),
(301, 0, 14),
(302, 0, 9),
(303, 0, 10),
(304, 0, 31),
(305, 0, 13),
(306, 0, 4),
(307, 0, 8),
(308, 0, 10),
(309, 0, 11),
(310, 0, 12),
(311, 0, 23),
(312, 0, 3),
(313, 0, 4),
(314, 0, 12),
(315, 0, 17),
(316, 0, 5),
(317, 0, 6),
(318, 0, 6),
(319, 0, 7),
(320, 0, 23),
(321, 0, 3),
(322, 0, 17),
(323, 0, 4),
(324, 0, 7),
(325, 0, 13),
(326, 0, 16),
(327, 0, 17),
(328, 0, 20),
(329, 0, 22),
(330, 0, 5),
(331, 0, 6),
(332, 0, 8),
(333, 0, 3),
(334, 0, 14),
(335, 0, 7),
(336, 0, 9),
(337, 0, 16),
(338, 0, 22),
(339, 0, 23),
(340, 0, 26),
(341, 0, 27),
(342, 0, 38),
(343, 0, 7),
(344, 0, 15),
(345, 0, 20),
(346, 0, 16),
(347, 0, 17),
(348, 0, 14),
(349, 0, 5),
(350, 0, 6),
(351, 0, 18),
(352, 0, 22),
(353, 0, 37),
(354, 0, 44),
(355, 0, 55),
(356, 0, 56),
(357, 0, 58),
(358, 0, 3),
(359, 0, 6),
(360, 0, 9),
(361, 0, 10),
(362, 0, 11),
(363, 0, 14),
(364, 0, 15),
(365, 0, 6),
(366, 0, 15),
(367, 0, 17),
(368, 0, 18),
(369, 0, 25),
(370, 0, 3),
(371, 0, 27),
(372, 0, 7),
(373, 0, 8),
(374, 0, 15),
(375, 0, 30),
(376, 0, 43),
(377, 0, 44),
(378, 0, 9),
(379, 0, 4),
(380, 0, 5),
(381, 0, 23),
(382, 0, 17),
(383, 0, 11),
(384, 0, 13),
(385, 0, 19),
(386, 0, 23),
(387, 0, 14),
(388, 0, 4),
(389, 0, 5),
(390, 0, 7),
(391, 0, 9),
(392, 0, 12),
(393, 0, 15),
(394, 0, 3),
(395, 0, 7),
(396, 0, 8),
(397, 0, 14),
(398, 0, 15),
(399, 0, 18),
(400, 0, 21),
(401, 0, 17),
(402, 0, 6),
(403, 0, 15),
(404, 0, 14),
(405, 0, 5),
(406, 0, 6),
(407, 0, 12),
(408, 0, 8),
(409, 0, 9),
(410, 0, 7),
(411, 0, 22),
(412, 0, 0),
(413, 0, 1),
(414, 0, 2),
(415, 0, 3),
(416, 0, 4),
(417, 0, 5),
(418, 0, 6),
(419, 0, 7),
(420, 0, 8),
(421, 0, 9),
(422, 0, 10),
(423, 0, 11),
(424, 0, 12),
(425, 0, 13),
(426, 0, 14),
(427, 0, 16),
(428, 0, 17),
(429, 0, 18),
(430, 0, 19),
(431, 0, 21),
(432, 0, 22),
(433, 0, 23),
(434, 0, 24),
(435, 0, 25),
(436, 0, 26),
(437, 0, 27),
(438, 0, 3),
(439, 0, 4),
(440, 0, 5),
(441, 0, 6),
(442, 0, 7),
(443, 0, 8),
(444, 0, 9),
(445, 0, 10),
(446, 0, 11),
(447, 0, 12),
(448, 0, 13),
(449, 0, 14),
(450, 0, 15),
(451, 0, 16),
(452, 0, 17),
(453, 0, 19),
(454, 0, 20),
(455, 0, 21),
(456, 0, 22),
(457, 0, 23),
(458, 0, 25),
(459, 0, 26),
(460, 0, 27),
(461, 0, 28),
(462, 0, 29),
(463, 0, 31),
(464, 0, 32),
(465, 0, 33),
(466, 0, 34),
(467, 0, 35),
(468, 0, 36),
(469, 0, 37),
(470, 0, 38),
(471, 0, 39),
(472, 0, 40),
(473, 0, 41),
(474, 0, 42),
(475, 0, 44),
(476, 0, 49),
(477, 0, 54),
(478, 0, 7),
(479, 0, 9),
(480, 0, 11),
(481, 0, 12),
(482, 0, 14),
(483, 0, 22),
(484, 0, 24),
(485, 0, 30),
(486, 0, 5),
(487, 0, 6),
(488, 0, 10),
(489, 0, 11),
(490, 0, 12),
(491, 0, 27),
(492, 0, 28),
(493, 0, 4),
(494, 0, 6),
(495, 0, 7),
(496, 0, 8),
(497, 0, 13),
(498, 0, 15),
(499, 0, 18),
(500, 0, 7),
(501, 0, 8),
(502, 0, 11),
(503, 0, 4),
(504, 0, 5),
(505, 0, 12),
(506, 0, 22),
(507, 0, 28),
(508, 0, 23),
(509, 0, 4),
(510, 0, 3),
(511, 0, 7),
(512, 0, 9),
(513, 0, 11),
(514, 0, 12),
(515, 0, 13),
(516, 0, 15),
(517, 0, 16),
(518, 0, 17),
(519, 0, 18),
(520, 0, 20),
(521, 0, 21),
(522, 0, 22),
(523, 0, 24),
(524, 0, 7),
(525, 0, 9),
(526, 0, 10),
(527, 0, 15),
(528, 0, 6),
(529, 0, 7),
(530, 0, 10),
(531, 0, 12),
(532, 0, 13),
(533, 0, 14),
(534, 0, 19),
(535, 0, 10),
(536, 0, 8),
(537, 0, 3),
(538, 0, 4),
(539, 0, 5),
(540, 0, 6),
(541, 0, 12),
(542, 0, 5),
(543, 0, 10),
(544, 0, 8),
(545, 0, 11),
(546, 0, 13),
(547, 0, 15),
(548, 0, 24),
(549, 0, 3),
(550, 0, 7),
(551, 0, 8),
(552, 0, 14),
(553, 0, 24),
(554, 0, 8),
(555, 0, 9),
(556, 0, 17),
(557, 0, 19),
(558, 0, 5),
(559, 0, 3),
(560, 0, 3),
(561, 0, 10),
(562, 0, 10),
(563, 0, 10),
(564, 0, 19),
(565, 0, 23),
(566, 0, 5),
(567, 0, 8),
(568, 0, 3),
(569, 0, 4),
(570, 0, 9),
(571, 0, 12),
(572, 0, 15),
(573, 0, 17),
(574, 0, 18),
(575, 0, 23),
(576, 0, 8),
(577, 0, 10),
(578, 0, 15),
(579, 0, 16),
(580, 0, 3),
(581, 0, 5),
(582, 0, 8),
(583, 0, 9),
(584, 0, 10),
(585, 0, 12),
(586, 0, 16),
(587, 0, 23),
(588, 0, 26),
(589, 0, 4),
(590, 0, 6),
(591, 0, 10),
(592, 0, 11),
(593, 0, 13),
(594, 0, 15),
(595, 0, 18),
(596, 0, 4),
(597, 0, 12),
(598, 0, 30),
(599, 0, 12),
(600, 0, 3),
(601, 0, 6),
(602, 0, 7),
(603, 0, 8),
(604, 0, 12),
(605, 0, 5),
(606, 0, 7),
(607, 0, 15),
(608, 0, 25),
(609, 0, 7),
(610, 0, 16),
(611, 0, 6),
(612, 0, 7),
(613, 0, 10),
(614, 0, 14),
(615, 0, 36),
(616, 0, 37),
(617, 0, 20),
(618, 0, 14),
(619, 0, 3),
(620, 0, 4),
(621, 0, 12),
(622, 0, 20),
(623, 0, 6),
(624, 0, 13),
(625, 0, 16),
(626, 0, 17),
(627, 0, 18),
(628, 0, 21),
(629, 0, 26),
(630, 0, 27),
(631, 0, 35),
(632, 0, 14),
(633, 0, 5),
(634, 0, 15),
(635, 0, 11),
(636, 0, 16),
(637, 0, 17),
(638, 0, 14),
(639, 0, 17),
(640, 0, 18),
(641, 0, 26),
(642, 0, 28),
(643, 0, 31),
(644, 0, 32),
(645, 0, 12),
(646, 0, 11),
(647, 0, 10),
(648, 0, 16),
(649, 0, 10),
(650, 0, 18),
(651, 0, 7),
(652, 0, 14),
(653, 0, 15),
(654, 0, 5),
(655, 0, 3),
(656, 0, 7),
(657, 0, 7),
(658, 0, 13),
(659, 0, 14),
(660, 0, 21),
(661, 0, 11),
(662, 0, 25),
(663, 0, 31),
(664, 0, 32),
(665, 0, 33),
(666, 0, 38),
(667, 0, 49),
(668, 0, 11),
(669, 0, 20),
(670, 0, 23),
(671, 0, 3),
(672, 0, 6),
(673, 0, 11),
(674, 0, 12),
(675, 0, 15),
(676, 0, 17),
(677, 0, 21),
(678, 0, 22),
(679, 0, 4),
(680, 0, 15),
(681, 0, 9),
(682, 0, 10),
(683, 0, 34),
(684, 0, 12),
(685, 0, 8),
(686, 0, 10),
(687, 0, 11),
(688, 0, 12),
(689, 0, 26),
(690, 0, 3),
(691, 0, 4),
(692, 0, 9),
(693, 0, 15),
(694, 0, 5),
(695, 0, 6),
(696, 0, 5),
(697, 0, 7),
(698, 0, 3),
(699, 0, 14),
(700, 0, 6),
(701, 0, 11),
(702, 0, 12),
(703, 0, 14),
(704, 0, 15),
(705, 0, 17),
(706, 0, 20),
(707, 0, 4),
(708, 0, 8),
(709, 0, 3),
(710, 0, 13),
(711, 0, 7),
(712, 0, 6),
(713, 0, 7),
(714, 0, 10),
(715, 0, 12),
(716, 0, 22),
(717, 0, 23),
(718, 0, 38),
(719, 0, 7),
(720, 0, 16),
(721, 0, 33),
(722, 0, 17),
(723, 0, 18),
(724, 0, 11),
(725, 0, 5),
(726, 0, 6),
(727, 0, 20),
(728, 0, 21),
(729, 0, 32),
(730, 0, 42),
(731, 0, 52),
(732, 0, 53),
(733, 0, 55),
(734, 0, 59),
(735, 0, 4),
(736, 0, 7),
(737, 0, 8),
(738, 0, 9),
(739, 0, 10),
(740, 0, 12),
(741, 0, 13),
(742, 0, 12),
(743, 0, 14),
(744, 0, 15),
(745, 0, 19),
(746, 0, 22),
(747, 0, 3),
(748, 0, 27),
(749, 0, 7),
(750, 0, 8),
(751, 0, 34),
(752, 0, 42),
(753, 0, 43),
(754, 0, 7),
(755, 0, 5),
(756, 0, 23),
(757, 0, 14),
(758, 0, 15),
(759, 0, 12),
(760, 0, 18),
(761, 0, 23),
(762, 0, 13),
(763, 0, 4),
(764, 0, 5),
(765, 0, 7),
(766, 0, 5),
(767, 0, 9),
(768, 0, 13),
(769, 0, 3),
(770, 0, 7),
(771, 0, 8),
(772, 0, 13),
(773, 0, 14),
(774, 0, 16),
(775, 0, 18),
(776, 0, 16),
(777, 0, 8),
(778, 0, 16),
(779, 0, 13),
(780, 0, 5),
(781, 0, 5),
(782, 0, 7),
(783, 0, 8),
(784, 0, 7),
(785, 0, 21),
(786, 0, 7),
(787, 0, 9),
(788, 0, 19),
(789, 0, 25),
(790, 0, 28),
(791, 0, 11),
(792, 0, 0),
(793, 0, 1),
(794, 0, 2),
(795, 0, 3),
(796, 0, 5),
(797, 0, 7),
(798, 0, 8),
(799, 0, 9),
(800, 0, 10),
(801, 0, 11),
(802, 0, 12),
(803, 0, 14),
(804, 0, 0),
(805, 0, 1),
(806, 0, 3),
(807, 0, 1),
(808, 0, 0),
(809, 0, 8),
(810, 0, 9),
(811, 0, 10),
(812, 0, 1),
(813, 0, 2),
(814, 0, 5),
(815, 0, 2),
(816, 0, 0),
(817, 0, 0),
(818, 0, 2),
(819, 0, 3),
(820, 0, 6),
(821, 0, 7),
(822, 0, 10),
(823, 0, 11),
(824, 0, 3),
(825, 0, 0),
(826, 0, 11),
(827, 0, 12),
(828, 0, 13),
(829, 0, 14),
(830, 0, 15),
(831, 0, 8),
(832, 0, 3),
(833, 0, 5),
(834, 0, 6),
(835, 0, 2),
(836, 0, 1),
(837, 0, 2),
(838, 0, 5),
(839, 0, 9),
(840, 0, 4),
(841, 0, 5),
(842, 0, 6),
(843, 0, 7),
(844, 0, 4),
(845, 0, 0),
(846, 0, 0),
(847, 0, 1),
(848, 0, 6),
(849, 0, 4),
(850, 0, 0),
(851, 0, 0),
(852, 0, 3),
(853, 0, 6),
(854, 0, 0),
(855, 0, 4),
(856, 0, 5),
(857, 0, 4),
(858, 0, 7),
(859, 0, 9),
(860, 0, 0),
(861, 0, 2),
(862, 0, 4),
(863, 0, 7),
(864, 0, 8),
(865, 0, 9),
(866, 0, 10),
(867, 0, 12),
(868, 0, 13),
(869, 0, 14),
(870, 0, 16),
(871, 0, 17),
(872, 0, 18),
(873, 0, 2),
(874, 0, 4),
(875, 0, 1),
(876, 0, 7),
(877, 0, 10),
(878, 0, 12),
(879, 0, 13),
(880, 0, 14),
(881, 0, 2),
(882, 0, 4),
(883, 0, 5),
(884, 0, 7),
(885, 0, 8),
(886, 0, 9),
(887, 0, 10),
(888, 0, 11),
(889, 0, 1),
(890, 0, 4),
(891, 0, 9),
(892, 0, 10),
(893, 0, 11),
(894, 0, 12),
(895, 0, 0),
(896, 0, 8),
(897, 0, 11),
(898, 0, 0),
(899, 0, 1),
(900, 0, 1),
(901, 0, 0),
(902, 0, 2),
(903, 0, 8),
(904, 0, 9),
(905, 0, 10),
(906, 0, 11),
(907, 0, 12),
(908, 0, 14),
(909, 0, 15),
(910, 0, 16),
(911, 0, 11),
(912, 0, 5),
(913, 0, 6),
(914, 0, 13),
(915, 0, 6),
(916, 0, 2),
(917, 0, 4),
(918, 0, 9),
(919, 0, 11),
(920, 0, 2),
(921, 0, 6),
(922, 0, 1),
(923, 0, 4),
(924, 0, 5),
(925, 0, 8),
(926, 0, 9),
(927, 0, 10),
(928, 0, 11),
(929, 0, 13),
(930, 0, 44),
(931, 0, 27),
(932, 0, 4),
(933, 0, 9),
(934, 0, 3),
(935, 0, 9),
(936, 0, 23),
(937, 0, 5),
(938, 0, 23),
(939, 0, 4),
(940, 0, 15),
(941, 0, 14),
(942, 0, 19),
(943, 0, 12),
(944, 0, 18),
(945, 0, 13),
(946, 0, 19),
(947, 0, 8),
(948, 0, 11),
(949, 0, 12),
(950, 0, 22),
(951, 0, 26),
(952, 0, 32),
(953, 0, 34),
(954, 0, 35),
(955, 0, 19);

-- --------------------------------------------------------

--
-- Структура таблиці `oc_attribute_description`
--

CREATE TABLE `oc_attribute_description` (
  `attribute_id` int(11) NOT NULL,
  `language_id` int(11) NOT NULL,
  `name` varchar(64) NOT NULL
) ENGINE=MyISAM DEFAULT CHARSET=utf8mb3 COLLATE=utf8mb3_general_ci;

--
-- Дамп даних таблиці `oc_attribute_description`
--

INSERT INTO `oc_attribute_description` (`attribute_id`, `language_id`, `name`) VALUES
(1, 1, 'Од. в упак.'),
(1, 4, 'Од. в упак.'),
(2, 1, 'Об\'єм ящ.'),
(2, 4, 'Об\'єм ящ.'),
(3, 1, 'Вага ящ.'),
(3, 4, 'Вага ящ.'),
(4, 1, 'MAX різниця тиску гарячої та холодної води (бар)'),
(4, 4, 'MAX різниця тиску гарячої та холодної води (бар)'),
(5, 1, 'Вид виробу'),
(5, 4, 'Вид виробу'),
(6, 1, 'Гарантія на деталі змішувача (міс)'),
(6, 4, 'Гарантія на деталі змішувача (міс)'),
(7, 1, 'Гарантія на корпус змішувача (міс)'),
(7, 4, 'Гарантія на корпус змішувача (міс)'),
(8, 1, 'Діаметр картриджа (мм)'),
(8, 4, 'Діаметр картриджа (мм)'),
(9, 1, 'Картридж чи кран букса'),
(9, 4, 'Картридж чи кран букса'),
(10, 1, 'Колір'),
(10, 4, 'Колір'),
(11, 1, 'Комплектація'),
(11, 4, 'Комплектація'),
(12, 1, 'Країна бренду'),
(12, 4, 'Країна бренду'),
(13, 1, 'Країна виробник'),
(13, 4, 'Країна виробник'),
(14, 1, 'Максимальна температура води (°C)'),
(14, 4, 'Максимальна температура води (°C)'),
(15, 1, 'Максимальний тиск (бар)'),
(15, 4, 'Максимальний тиск (бар)'),
(16, 1, 'Матеріал виробу'),
(16, 4, 'Матеріал виробу'),
(17, 1, 'Мінімальна температура води (°C)'),
(17, 4, 'Мінімальна температура води (°C)'),
(18, 1, 'Мінімальний тиск (бар)'),
(18, 4, 'Мінімальний тиск (бар)'),
(19, 1, 'Модель'),
(19, 4, 'Матеріал виробу'),
(20, 1, 'Наявність термостату'),
(20, 4, 'Наявність термостату'),
(21, 1, 'Покриття'),
(21, 4, 'Покриття'),
(22, 1, 'Робочий тиск (бар)'),
(22, 4, 'Робочий тиск (бар)'),
(23, 1, 'Серія'),
(23, 4, 'Серія'),
(24, 1, 'Стиль'),
(24, 4, 'Покриття'),
(25, 1, 'Тип виробу'),
(25, 4, 'Тип виробу'),
(26, 1, 'Тип керування'),
(26, 4, 'Тип керування'),
(27, 1, 'Тип монтажу'),
(27, 4, 'Тип монтажу'),
(28, 1, 'Торгова марка'),
(28, 4, 'Торгова марка'),
(29, 1, 'MAX продуктивність (при мін. напорі) (м3/год)'),
(29, 4, 'MAX продуктивність (при мін. напорі) (м3/год)'),
(30, 1, 'MAX продуктивність (при мінімальн. напорі) (л/хв)'),
(30, 4, 'MAX продуктивність (при мінімальн. напорі) (л/хв)'),
(31, 1, 'MIN продуктивність (при макс. напорі) (л/хв)'),
(31, 4, 'MIN продуктивність (при макс. напорі) (л/хв)'),
(32, 1, 'MIN продуктивність (при макс. напорі) (м3/год)'),
(32, 4, 'MIN продуктивність (при макс. напорі) (м3/год)'),
(33, 1, 'Вбудований термозахист'),
(33, 4, 'Вбудований термозахист'),
(34, 1, 'Гарантійний період (міс)'),
(34, 4, 'Гарантійний період (міс)'),
(35, 1, 'Діаметр виходу 1 (дюйм)'),
(35, 4, 'Діаметр виходу 1 (дюйм)'),
(36, 1, 'Діаметр корпусу насоса (мм)'),
(36, 4, 'Діаметр корпусу насоса (мм)'),
(37, 1, 'Діаметр перекачувальних частинок (мм)'),
(37, 4, 'Діаметр перекачувальних частинок (мм)'),
(38, 1, 'Довжина кабелю (м)'),
(38, 4, 'Довжина кабелю (м)'),
(39, 1, 'Ємкість конденсатора (мкФ)'),
(39, 4, 'Ємкість конденсатора (мкФ)'),
(40, 1, 'Захист від перегріву (Вбудований датчик перегріву)'),
(40, 4, 'Захист від перегріву (Вбудований датчик перегріву)'),
(41, 1, 'Клас зхисту корпусів електронного обладнання'),
(41, 4, 'Клас зхисту корпусів електронного обладнання'),
(42, 1, 'Клас термостійкості'),
(42, 4, 'Клас термостійкості'),
(43, 1, 'Максимальна глибина занурення (м)'),
(43, 4, 'Максимальна глибина занурення (м)'),
(44, 1, 'Максимальна температура робочої рідини (°C)'),
(44, 4, 'Максимальна температура робочої рідини (°C)'),
(45, 1, 'Максимальний напір (м)'),
(45, 4, 'Максимальний напір (м)'),
(46, 1, 'Максимально допустима кількість забруднень (г/м3)'),
(46, 4, 'Максимально допустима кількість забруднень (г/м3)'),
(47, 1, 'Матеріал вала двигуна'),
(47, 4, 'Матеріал вала двигуна'),
(48, 1, 'Матеріал обмотки статора'),
(48, 4, 'Матеріал обмотки статора'),
(49, 1, 'Матеріал оголовка'),
(49, 4, 'Матеріал оголовка'),
(50, 1, 'Матеріал робочого колеса'),
(50, 4, 'Матеріал робочого колеса'),
(51, 1, 'Мінімальна температура робочої рідини (°C)'),
(51, 4, 'Мінімальна температура робочої рідини (°C)'),
(52, 1, 'Мінімальний напір (м)'),
(52, 4, 'Мінімальний напір (м)'),
(53, 1, 'Напруга мережі (V)'),
(53, 4, 'Напруга мережі (V)'),
(54, 1, 'Особливості'),
(54, 4, 'Особливості'),
(55, 1, 'Перекачувальні середовища'),
(55, 4, 'Перекачувальні середовища'),
(56, 1, 'Плавний пуск двигуна'),
(56, 4, 'Плавний пуск двигуна'),
(57, 1, 'Потужність (Вт)'),
(57, 4, 'Потужність (Вт)'),
(58, 1, 'Потужність (кВт)'),
(58, 4, 'Потужність (кВт)'),
(59, 1, 'Потужність на валу насоса (P2, Вт)'),
(59, 4, 'Потужність на валу насоса (P2, Вт)'),
(60, 1, 'Потужність на валу насоса (P2, ЛС)'),
(60, 4, 'Потужність на валу насоса (P2, ЛС)'),
(61, 1, 'Продуктивність (л/хв)'),
(61, 4, 'Продуктивність (л/хв)'),
(62, 1, 'Продуктивність при максимальному ККД (м3/год)'),
(62, 4, 'Продуктивність при максимальному ККД (м3/год)'),
(63, 1, 'Режим роботи'),
(63, 4, 'Режим роботи'),
(64, 1, 'Споживна потужність (кВт/г)'),
(64, 4, 'Споживна потужність (кВт/г)'),
(65, 1, 'Тип'),
(65, 4, 'Тип'),
(66, 1, 'Тип приєднання'),
(66, 4, 'Тип приєднання'),
(67, 1, 'Тип ротора'),
(67, 4, 'Торгова марка'),
(68, 1, 'Упаковка'),
(68, 4, 'Установка'),
(69, 1, 'Установка'),
(69, 4, 'Частота струму (Гц)'),
(70, 1, 'Частота струму (Гц)'),
(70, 4, 'Частота струму (Гц)'),
(71, 1, 'Швидкість (об/хв)'),
(71, 4, 'Швидкість (об/хв)'),
(72, 1, 'Якість води'),
(72, 4, 'Якість води'),
(73, 1, 'Вага (кг)'),
(73, 4, 'Вага (кг)'),
(74, 1, 'Висота (мм)'),
(74, 4, 'Висота (мм)'),
(75, 1, 'Глибина всмоктування (м)'),
(75, 4, 'Глибина всмоктування (м)'),
(76, 1, 'Діаметр входу 1 (дюйм)'),
(76, 4, 'Діаметр входу 1 (дюйм)'),
(77, 1, 'Довжина (мм)'),
(77, 4, 'Довжина (мм)'),
(78, 1, 'Макс. температура навколишнього середовища (°C)'),
(78, 4, 'Макс. температура навколишнього середовища (°C)'),
(79, 1, 'Максимальна кількість пусків в годину'),
(79, 4, 'Максимальна кількість пусків в годину'),
(80, 1, 'Мін. температура навколишнього середовища (°C)'),
(80, 4, 'Мін. температура навколишнього середовища (°C)'),
(81, 1, 'Ширина (мм)'),
(81, 4, 'Ширина (мм)'),
(82, 1, 'Висота змішувача (см)'),
(82, 4, 'Висота змішувача (см)'),
(83, 1, 'Вихід під фільтровану воду'),
(83, 4, 'Вихід під фільтровану воду'),
(84, 1, 'Діаметр шланга підключення'),
(84, 4, 'Діаметр шланга підключення'),
(85, 1, 'Довжина виливу (см)'),
(85, 4, 'Довжина виливу (см)'),
(86, 1, 'Довжина шланга підключення'),
(86, 4, 'Довжина шланга підключення'),
(87, 1, 'Тип виливу'),
(87, 4, 'Тип виливу'),
(88, 1, 'Тип кріплення'),
(88, 4, 'Тип кріплення'),
(89, 1, 'Виконання'),
(89, 4, 'Виконання'),
(90, 1, 'Глибина чаші (мм)'),
(90, 4, 'Глибина чаші (мм)'),
(91, 1, 'Є крило для посуду'),
(91, 4, 'Є крило для посуду'),
(92, 1, 'Є отвір під змішувач'),
(92, 4, 'Є отвір під змішувач'),
(93, 1, 'Кількість чаш (шт)'),
(93, 4, 'Кількість чаш (шт)'),
(94, 1, 'Структура поверхні мийки'),
(94, 4, 'Структура поверхні мийки'),
(95, 1, 'Товщина мийки (мм)'),
(95, 4, 'Товщина мийки (мм)'),
(96, 1, 'A (мм)'),
(96, 4, 'A (мм)'),
(97, 1, 'B (мм)'),
(97, 4, 'B (мм)'),
(98, 1, 'C (мм)'),
(98, 4, 'C (мм)'),
(99, 1, 'G (мм)'),
(99, 4, 'G (мм)'),
(100, 1, 'Вага (г)'),
(100, 4, 'Вага (г)'),
(101, 1, 'Діаметр (дюйм)'),
(101, 4, 'Діаметр (дюйм)'),
(102, 1, 'Призначення'),
(102, 4, 'Призначення'),
(103, 1, 'Тип ручки'),
(103, 4, 'Тип приєднання'),
(104, 1, 'Висота до виливу (мм)'),
(104, 4, 'Висота до виливу (мм)'),
(105, 1, 'Висота змішувача (мм)'),
(105, 4, 'Висота змішувача (мм)'),
(106, 1, 'Довжина виливу (мм)'),
(106, 4, 'Довжина виливу (мм)'),
(107, 1, 'Розмір кран букси (дюйм)'),
(107, 4, 'Розмір кран букси (дюйм)'),
(108, 1, 'Тип кран букси'),
(108, 4, 'Тип кран букси'),
(109, 1, 'Загальна довжина (мм)'),
(109, 4, 'Загальна довжина (мм)'),
(110, 1, 'З\'єднувальний діаметр (дюйм)'),
(110, 4, 'З\'єднувальний діаметр (дюйм)'),
(111, 1, 'pH теплоносія'),
(111, 4, 'pH теплоносія'),
(112, 1, 'Вміст зважених речовин (мг/л)'),
(112, 4, 'Вміст зважених речовин (мг/л)'),
(113, 1, 'Вміст кисню (мкг/л)'),
(113, 4, 'Вміст кисню (мкг/л)'),
(114, 1, 'Жорсткість води (мг-екв/л)'),
(114, 4, 'Жорсткість води (мг-екв/л)'),
(115, 1, 'Максимальний робочий тиск (атм)'),
(115, 4, 'Максимальний робочий тиск (атм)'),
(116, 1, 'Матеріал'),
(116, 4, 'Матеріал'),
(117, 1, 'Міжосьова відстань (мм)'),
(117, 4, 'Міжосьова відстань (мм)'),
(118, 1, 'Об\'єм (л)'),
(118, 4, 'Об\'єм (л)'),
(119, 1, 'Підключення'),
(119, 4, 'Підключення'),
(120, 1, 'Тепловіддача (Вт)'),
(120, 4, 'Тепловіддача (Вт)'),
(121, 1, 'Теплоносій'),
(121, 4, 'Теплоносій'),
(122, 1, 'Тип (Клас)'),
(122, 4, 'Тип (Клас)'),
(123, 1, 'Тип різби'),
(123, 4, 'Тип різби'),
(124, 1, 'Тиск (бар)'),
(124, 4, 'Тиск (бар)'),
(125, 1, 'Клас герметичності затвора'),
(125, 4, 'Клас герметичності затвора'),
(126, 1, 'Матеріал кульового затвора'),
(126, 4, 'Матеріал кульового затвора'),
(127, 1, 'Матеріал штоку'),
(127, 4, 'Матеріал штоку'),
(128, 1, 'Робоче середовище'),
(128, 4, 'Робоче середовище'),
(129, 1, 'Глибина (мм)'),
(129, 4, 'Глибина (мм)'),
(130, 1, 'Діаметр (мм)'),
(130, 4, 'Діаметр (мм)'),
(131, 1, 'Матеріал комплектуючих'),
(131, 4, 'Матеріал комплектуючих'),
(132, 1, 'Наявність кришки'),
(132, 4, 'Наявність кришки'),
(133, 1, 'Поверхня'),
(133, 4, 'Поверхня'),
(134, 1, 'Розміри виробу (ВхШхГ)'),
(134, 4, 'Розміри виробу (ВхШхГ)'),
(135, 1, 'Тип конструкції'),
(135, 4, 'Тип конструкції'),
(136, 1, 'Форма'),
(136, 4, 'Торгова марка'),
(137, 1, 'Додаткові характеристики'),
(137, 4, 'Додаткові характеристики'),
(138, 1, 'Розміри (дюйм)'),
(138, 4, 'Розміри (дюйм)'),
(139, 1, 'Армування'),
(139, 4, 'Армування'),
(140, 1, 'Діаметр умовного проходу (мм)'),
(140, 4, 'Діаметр умовного проходу (мм)'),
(141, 1, 'Довжина труби (м)'),
(141, 4, 'Довжина труби (м)'),
(142, 1, 'Зовнішній діаметр труби (мм)'),
(142, 4, 'Зовнішній діаметр труби (мм)'),
(143, 1, 'Товщина стінки (мм)'),
(143, 4, 'Товщина стінки (мм)'),
(144, 1, 'Максимальна висота (см)'),
(144, 4, 'Максимальна висота (см)'),
(145, 1, 'd (мм)'),
(145, 4, 'd (мм)'),
(146, 1, 'D (мм)'),
(146, 4, 'D (мм)'),
(147, 1, 'H (мм)'),
(147, 4, 'H (мм)'),
(148, 1, 'L (мм)'),
(148, 4, 'L (мм)'),
(149, 1, 'Розміри (мм)'),
(149, 4, 'Розміри (мм)'),
(150, 1, 'Довжина шланга (см)'),
(150, 4, 'Довжина шланга (см)'),
(151, 1, 'Механізм відкривання кришки'),
(151, 4, 'Механізм відкривання кришки'),
(152, 1, 'Наявінсть внутрішнього баку'),
(152, 4, 'Наявінсть внутрішнього баку'),
(153, 1, 'Наявність педалі'),
(153, 4, 'Наявність педалі'),
(154, 1, 'Тип кришки'),
(154, 4, 'Тип кришки'),
(155, 1, 'Вихід кабелю'),
(155, 4, 'Вихід кабелю'),
(156, 1, 'Є УЗВ'),
(156, 4, 'Є УЗВ'),
(157, 1, 'Індикатор температури'),
(157, 4, 'Індикатор температури'),
(158, 1, 'Нагріваючий елемент'),
(158, 4, 'Нагріваючий елемент'),
(159, 1, 'Тип підводки'),
(159, 4, 'Тип підводки'),
(160, 1, 'Вилив'),
(160, 4, 'Вилив'),
(161, 1, 'E (мм)'),
(161, 4, 'E (мм)'),
(162, 1, 'F (мм)'),
(162, 4, 'F (мм)'),
(163, 1, 'G1 (дюйм)'),
(163, 4, 'G1 (дюйм)'),
(164, 1, 'G2 (дюйм)'),
(164, 4, 'G2 (дюйм)'),
(165, 1, 'Кількість контурів'),
(165, 4, 'Кількість контурів'),
(166, 1, 'Тип колектора'),
(166, 4, 'Тип колектора'),
(167, 1, 'Умовна пропускна здатність (м3/год)'),
(167, 4, 'Умовна пропускна здатність (м3/год)'),
(168, 1, 'Діаметр входу 2 (дюйм)'),
(168, 4, 'Діаметр входу 2 (дюйм)'),
(169, 1, 'Діаметр підключення (дюйм)'),
(169, 4, 'Діаметр підключення (дюйм)'),
(170, 1, 'Максимальна продуктивність (л/хв)'),
(170, 4, 'Максимальна продуктивність (л/хв)'),
(171, 1, 'Матеріал кріплення'),
(171, 4, 'Матеріал кріплення'),
(172, 1, 'Об\'єм бака (л)'),
(172, 4, 'Об\'єм бака (л)'),
(173, 1, 'Одиниць в упаковці'),
(173, 4, 'Одиниць в упаковці'),
(174, 1, 'Тип з\'єднання'),
(174, 4, 'Тип з\'єднання'),
(175, 1, 'Різьба накидної гайки (дюйм)'),
(175, 4, 'Різьба накидної гайки (дюйм)'),
(176, 1, 'Матеріал виливу'),
(176, 4, 'Матеріал виливу'),
(177, 1, 'Кількість отворів'),
(177, 4, 'Кількість отворів'),
(178, 1, 'Вага брутто, кг'),
(178, 4, 'Вага брутто, кг'),
(179, 1, 'Вага нетто, кг'),
(179, 4, 'Вага нетто, кг'),
(180, 1, 'Керування'),
(180, 4, 'Керування'),
(181, 1, 'Кількість вантажних місць'),
(181, 4, 'Кількість вантажних місць'),
(182, 1, 'Об\'єм, м3'),
(182, 4, 'Об\'єм, м3'),
(183, 1, 'Розташування (орієнтація)'),
(183, 4, 'Розташування (орієнтація)'),
(184, 1, 'Сидіння'),
(184, 4, 'Сидіння'),
(185, 1, 'Сумісність з комплектуючою'),
(185, 4, 'Сумісність з комплектуючою'),
(186, 1, 'Гарантія на комплектуючі (міс)'),
(186, 4, 'Гарантія на комплектуючі (міс)'),
(187, 1, 'Діапазон ширини (мм)'),
(187, 4, 'Діапазон ширини (мм)'),
(188, 1, 'Наявність донного клапана'),
(188, 4, 'Наявність донного клапана'),
(189, 1, 'Наявність переливу'),
(189, 4, 'Наявність переливу'),
(190, 1, 'Антизапотівання'),
(190, 4, 'Антизапотівання'),
(191, 1, 'Гарантія на освітлювальні прилади (міс)'),
(191, 4, 'Гарантія на освітлювальні прилади (міс)'),
(192, 1, 'Електроживлення'),
(192, 4, 'Електроживлення'),
(193, 1, 'Керування яскравістю/температурою освітлення'),
(193, 4, 'Керування яскравістю/температурою освітлення'),
(194, 1, 'Напрямок підсвічування'),
(194, 4, 'Напрямок підсвічування'),
(195, 1, 'Наявність годинника'),
(195, 4, 'Наявність годинника'),
(196, 1, 'Наявність лінзи'),
(196, 4, 'Наявність лінзи'),
(197, 1, 'Профіль'),
(197, 4, 'Профіль'),
(198, 1, 'Спосіб керування підсвічуванням'),
(198, 4, 'Спосіб керування підсвічуванням'),
(199, 1, 'Діаметр випускного отвору (мм)'),
(199, 4, 'Діаметр випускного отвору (мм)'),
(200, 1, 'Загальна висота монтажа (мм)'),
(200, 4, 'Загальна висота монтажа (мм)'),
(201, 1, 'Комбінований гідрозатвор (мм)'),
(201, 4, 'Комбінований гідрозатвор (мм)'),
(202, 1, 'Монтажна глибина (мм)'),
(202, 4, 'Монтажна глибина (мм)'),
(203, 1, 'Пропускна здатність (л/хв)'),
(203, 4, 'Пропускна здатність (л/хв)'),
(204, 1, 'Тип затвору'),
(204, 4, 'Тип затвору'),
(205, 1, 'C (дюйм)'),
(205, 4, 'C (дюйм)'),
(206, 1, 'W (мм)'),
(206, 4, 'W (мм)'),
(207, 1, 'Температура експлуатації (° C)'),
(207, 4, 'Температура експлуатації (° C)'),
(208, 1, 'Вологість навколишнього повітря (%)'),
(208, 4, 'Вологість навколишнього повітря (%)'),
(209, 1, 'Наявність PVD покриття'),
(209, 4, 'Наявність PVD покриття'),
(210, 1, 'Тип перемикання на душ'),
(210, 4, 'Тип перемикання на душ'),
(211, 1, 'G (дюйм)'),
(211, 4, 'G (дюйм)'),
(212, 1, 'Максимальний робочий тиск (бар)'),
(212, 4, 'Максимальний робочий тиск (бар)'),
(213, 1, 'Вид рушникосушки'),
(213, 4, 'Вид рушникосушки'),
(214, 1, 'Діаметр основної труби (мм)'),
(214, 4, 'Діаметр основної труби (мм)'),
(215, 1, 'Діаметр перемички (мм)'),
(215, 4, 'Діаметр перемички (мм)'),
(216, 1, 'Кількість перемичок'),
(216, 4, 'Кількість перемичок'),
(217, 1, 'Наявність полиці'),
(217, 4, 'Наявність полиці'),
(218, 1, 'Діаметр підключення (мм)'),
(218, 4, 'Діаметр підключення (мм)'),
(219, 1, 'A (дюйм)'),
(219, 4, 'A (дюйм)'),
(220, 1, 'Габарити виробу (см)'),
(220, 4, 'Габарити виробу (см)'),
(221, 1, 'Колір піддону'),
(221, 4, 'Колір піддону'),
(222, 1, 'Панель до піддона'),
(222, 4, 'Панель до піддона'),
(223, 1, 'Сифон'),
(223, 4, 'Розташування (орієнтація)'),
(224, 1, 'Розтяжний шланг'),
(224, 4, 'Розтяжний шланг'),
(225, 1, 'Матеріал шнека'),
(225, 4, 'Матеріал шнека'),
(226, 1, 'вказівна стрілка'),
(226, 4, 'вказівна стрілка'),
(227, 1, 'Кінцевий тиск (бар)'),
(227, 4, 'Кінцевий тиск (бар)'),
(228, 1, 'Клас точності'),
(228, 4, 'Клас точності'),
(229, 1, 'Скло'),
(229, 4, 'Скло'),
(230, 1, 'Р1 Потужність (Вт)'),
(230, 4, 'Р1 Потужність (Вт)'),
(231, 1, 'Р2 Потужність (Вт)'),
(231, 4, 'Р2 Потужність (Вт)'),
(232, 1, 'Продуктивність (м3/год)'),
(232, 4, 'Продуктивність (м3/год)'),
(233, 1, 'З\'єднувальний діаметр 2 (дюйм)'),
(233, 4, 'З\'єднувальний діаметр 2 (дюйм)'),
(234, 1, 'Максимальна статичний тиск (бар)'),
(234, 4, 'Максимальна статичний тиск (бар)'),
(235, 1, 'Можливість регулювання кінцевого тиску'),
(235, 4, 'Можливість регулювання кінцевого тиску'),
(236, 1, 'Можливість регулювання початкового тиску'),
(236, 4, 'Можливість регулювання початкового тиску'),
(237, 1, 'Потужність при режимі 1 (P1, Вт)'),
(237, 4, 'Потужність при режимі 1 (P1, Вт)'),
(238, 1, 'Вид системи змиву'),
(238, 4, 'Вид системи змиву'),
(239, 1, 'Зливний вихід'),
(239, 4, 'Зливний вихід'),
(240, 1, 'Кількість режимів зливу води'),
(240, 4, 'Кількість режимів зливу води'),
(241, 1, 'Метод установки зливного бачка'),
(241, 4, 'Метод установки зливного бачка'),
(242, 1, 'Напрямок випуску'),
(242, 4, 'Напрямок випуску'),
(243, 1, 'Об\'єм бачка, л'),
(243, 4, 'Об\'єм бачка, л'),
(244, 1, 'Підведення води'),
(244, 4, 'Підведення води'),
(245, 1, 'Сидіння у комплекті'),
(245, 4, 'Сидіння у комплекті'),
(246, 1, 'Функція біде'),
(246, 4, 'Функція біде'),
(247, 1, 'Шар'),
(247, 4, 'Шар'),
(248, 1, 'Матеріал подрібнювача'),
(248, 4, 'Матеріал подрібнювача'),
(249, 1, 'Міжосьова відстань кріплень (мм)'),
(249, 4, 'Міжосьова відстань кріплень (мм)'),
(250, 1, 'Матеріал крильчаток'),
(250, 4, 'Матеріал крильчаток'),
(251, 1, 'Мінімальний ресурс (циклів)'),
(251, 4, 'Мінімальний ресурс (циклів)'),
(252, 1, 'Середнє напрацювання на відмову (циклів)'),
(252, 4, 'Середнє напрацювання на відмову (циклів)'),
(253, 1, 'Середній термін служби (років)'),
(253, 4, 'Середній термін служби (років)'),
(254, 1, 'Завіси'),
(254, 4, 'Завіси'),
(255, 1, 'Колір вітража'),
(255, 4, 'Колір вітража'),
(256, 1, 'Колір профілю'),
(256, 4, 'Колір профілю'),
(257, 1, 'Механізм відкриття'),
(257, 4, 'Механізм відкриття'),
(258, 1, 'Піддон'),
(258, 4, 'Піддон'),
(259, 1, 'Ручки'),
(259, 4, 'Піддон'),
(260, 1, 'Товщина скла (мм)'),
(260, 4, 'Товщина скла (мм)'),
(261, 1, 'Ущільнювачі'),
(261, 4, 'Ущільнювачі'),
(262, 1, 'В1 (мм)'),
(262, 4, 'В1 (мм)'),
(263, 1, 'В2 (мм)'),
(263, 4, 'В2 (мм)'),
(264, 1, 'Діаметр картриджа для питної води (мм)'),
(264, 4, 'Діаметр картриджа для питної води (мм)'),
(265, 1, 'Номінальний тиск (бар)'),
(265, 4, 'Номінальний тиск (бар)'),
(266, 1, 'Діапазон довжини (мм)'),
(266, 4, 'Діапазон довжини (мм)'),
(267, 1, 'Опорна планка'),
(267, 4, 'Опорна планка'),
(268, 1, 'R (дюйм)'),
(268, 4, 'R (дюйм)'),
(269, 1, 'Кількість швидкостей'),
(269, 4, 'Кількість швидкостей'),
(270, 1, 'Монтажна довжина (мм)'),
(270, 4, 'Монтажна довжина (мм)'),
(271, 1, 'Відстань між центрами осередків (мм)'),
(271, 4, 'Відстань між центрами осередків (мм)'),
(272, 1, 'Кількість осередків на см2 (шт)'),
(272, 4, 'Кількість осередків на см2 (шт)'),
(273, 1, 'Розмір осередку сітки (мкм)'),
(273, 4, 'Розмір осередку сітки (мкм)'),
(274, 1, 'Кількість (шт)'),
(274, 4, 'Кількість (шт)'),
(275, 1, 'L1 (мм)'),
(275, 4, 'L1 (мм)'),
(276, 1, 'Довжина (м)'),
(276, 4, 'Довжина (м)'),
(277, 1, 'Товщина (мм)'),
(277, 4, 'Товщина (мм)'),
(278, 1, 'Діаметр підстави корпусу (дюйм)'),
(278, 4, 'Діаметр підстави корпусу (дюйм)'),
(279, 1, 'Кнопка перезапуску'),
(279, 4, 'Кнопка перезапуску'),
(280, 1, 'Система змиву'),
(280, 4, 'Система змиву'),
(281, 1, 'Форма кнопки зливу'),
(281, 4, 'Форма кнопки зливу'),
(282, 1, 'Клас енергоефективності'),
(282, 4, 'Клас енергоефективності'),
(283, 1, 'Мінімальна статичний тиск (бар)'),
(283, 4, 'Мінімальна статичний тиск (бар)'),
(284, 1, 'Напір при режимі 3 (м)'),
(284, 4, 'Напір при режимі 3 (м)'),
(285, 1, 'Потужність при режимі 2 (P1, Вт)'),
(285, 4, 'Потужність при режимі 2 (P1, Вт)'),
(286, 1, 'Потужність при режимі 3 (P1, Вт)'),
(286, 4, 'Потужність при режимі 3 (P1, Вт)'),
(287, 1, 'Продуктивність при режимі 3 (м3/год)'),
(287, 4, 'Продуктивність при режимі 3 (м3/год)'),
(288, 1, 'Рівень шуму (дБ)'),
(288, 4, 'Рівень шуму (дБ)'),
(289, 1, 'Колір панелі'),
(289, 4, 'Колір панелі'),
(290, 1, 'Сумісність з панеллю/інсталляцією'),
(290, 4, 'Сумісність з панеллю/інсталляцією'),
(291, 1, 'Рекомендуємо для комплектації'),
(291, 4, 'Рекомендуємо для комплектації'),
(292, 1, 'Вид водонагрівача'),
(292, 4, 'Вид водонагрівача'),
(293, 1, 'Діапазон регулювання температури (°C)'),
(293, 4, 'Діапазон регулювання температури (°C)'),
(294, 1, 'Матеріал внутрішнього бака'),
(294, 4, 'Матеріал внутрішнього бака'),
(295, 1, 'Матеріал нагрівального елемента (ТЕНу)'),
(295, 4, 'Матеріал нагрівального елемента (ТЕНу)'),
(296, 1, 'Номінальний тиск (PN), МПа'),
(296, 4, 'Номінальний тиск (PN), МПа'),
(297, 1, 'Спосіб управління'),
(297, 4, 'Спосіб управління'),
(298, 1, 'Тип нагрівального елемента (ТЕНу)'),
(298, 4, 'Тип нагрівального елемента (ТЕНу)'),
(299, 1, 'Товщина внутрішнього бака (мм)'),
(299, 4, 'Товщина внутрішнього бака (мм)'),
(300, 1, 'Габарити чаші (мм)'),
(300, 4, 'Габарити чаші (мм)'),
(301, 1, 'Принцип роботи'),
(301, 4, 'Принцип роботи'),
(302, 1, 'Діаметр 2 (дюйм)'),
(302, 4, 'Діаметр 2 (дюйм)'),
(303, 1, 'Діаметр 2 (мм)'),
(303, 4, 'Діаметр 2 (мм)'),
(304, 1, 'Напір при максимальному ККД (м)'),
(304, 4, 'Напір при максимальному ККД (м)'),
(305, 1, 'Магнієвий анод (шт)'),
(305, 4, 'Магнієвий анод (шт)'),
(306, 1, 'D1 (мм)'),
(306, 4, 'D1 (мм)'),
(307, 1, 'Вимикач'),
(307, 4, 'Вимикач'),
(308, 1, 'Діаметр виходу 1 (мм)'),
(308, 4, 'Діаметр виходу 1 (мм)'),
(309, 1, 'Діаметр виходу 2 (мм)'),
(309, 4, 'Діаметр виходу 2 (мм)'),
(310, 1, 'Діаметр виходу 3 (мм)'),
(310, 4, 'Діаметр виходу 3 (мм)'),
(311, 1, 'Напір при режимі 1 (м)'),
(311, 4, 'Напір при режимі 1 (м)'),
(312, 1, 'MAX Монтажна висота (мм)'),
(312, 4, 'MAX Монтажна висота (мм)'),
(313, 1, 'MIN Монтажна висота (мм)'),
(313, 4, 'MIN Монтажна висота (мм)'),
(314, 1, 'Матеріал бачка'),
(314, 4, 'Матеріал бачка'),
(315, 1, 'Технологія виробництва бачка'),
(315, 4, 'Технологія виробництва бачка'),
(316, 1, 'MIN перепад тисків відкриття клапана (бар)'),
(316, 4, 'MIN перепад тисків відкриття клапана (бар)'),
(317, 1, 'MIN перепад тиску закриття клапана (бар)'),
(317, 4, 'MIN перепад тиску закриття клапана (бар)'),
(318, 1, 'Діаметр входу 1 (мм)'),
(318, 4, 'Діаметр входу 1 (мм)'),
(319, 1, 'Матеріал мембрани'),
(319, 4, 'Матеріал мембрани'),
(320, 1, 'Ролики'),
(320, 4, 'Об\'єм, м3'),
(321, 1, 'Діаметр труби (мм)'),
(321, 4, 'Діаметр труби (мм)'),
(322, 1, 'Матеріал профілю'),
(322, 4, 'Матеріал профілю'),
(323, 1, 'Відведення газів'),
(323, 4, 'Відведення газів'),
(324, 1, 'Діаметр димоходу (мм)'),
(324, 4, 'Діаметр димоходу (мм)'),
(325, 1, 'Корисна теплова потужність, кВт'),
(325, 4, 'Корисна теплова потужність, кВт'),
(326, 1, 'Матеріал теплообмінника'),
(326, 4, 'Матеріал теплообмінника'),
(327, 1, 'Наявність димохідної труби'),
(327, 4, 'Наявність димохідної труби'),
(328, 1, 'Тип газу'),
(328, 4, 'Тип газу'),
(329, 1, 'Тип розпалу'),
(329, 4, 'Тип розпалу'),
(330, 1, 'd1 (мм)'),
(330, 4, 'd1 (мм)'),
(331, 1, 'Матеріал сітки'),
(331, 4, 'Матеріал сітки'),
(332, 1, 'Діаметр підключення 2 (мм)'),
(332, 4, 'Діаметр підключення 2 (мм)'),
(333, 1, 'Вихід під пральну машину'),
(333, 4, 'Вихід під пральну машину'),
(334, 1, 'Тип випуску'),
(334, 4, 'Тип випуску'),
(335, 1, 'Допустима вологість навколишнього середовища (%)'),
(335, 4, 'Допустима вологість навколишнього середовища (%)'),
(336, 1, 'Захист бачка від конденсату'),
(336, 4, 'Захист бачка від конденсату'),
(337, 1, 'Максимальне навантаження (кг)'),
(337, 4, 'Максимальне навантаження (кг)'),
(338, 1, 'Можливість регулювання зливного коліна'),
(338, 4, 'Можливість регулювання зливного коліна'),
(339, 1, 'Можливість розвороту стопи назовні'),
(339, 4, 'Можливість розвороту стопи назовні'),
(340, 1, 'Регулювання змиву (л)'),
(340, 4, 'Регулювання змиву (л)'),
(341, 1, 'Регулювання по висоті'),
(341, 4, 'Регулювання по висоті'),
(342, 1, 'Шум при експлуатації бачка'),
(342, 4, 'Шум при експлуатації бачка'),
(343, 1, 'Висота піддона (мм)'),
(343, 4, 'Висота піддона (мм)'),
(344, 1, 'Колір задньої стінки'),
(344, 4, 'Колір задньої стінки'),
(345, 1, 'Материал піддона'),
(345, 4, 'Материал піддона'),
(346, 1, 'Тепловіддача (∆Т=50°С), Вт'),
(346, 4, 'Тепловіддача (∆Т=50°С), Вт'),
(347, 1, 'Тепловіддача (∆Т=70°С), Вт'),
(347, 4, 'Тепловіддача (∆Т=70°С), Вт'),
(348, 1, 'Середній повний ресурс (циклів)'),
(348, 4, 'Середній повний ресурс (циклів)'),
(349, 1, 'Аварійна система зливу'),
(349, 4, 'Аварійна система зливу'),
(350, 1, 'Антикорозійне покриття'),
(350, 4, 'Антикорозійне покриття'),
(351, 1, 'Звукоізоляційна прокладка'),
(351, 4, 'Звукоізоляційна прокладка'),
(352, 1, 'Кількість горизонтальних траверс'),
(352, 4, 'Кількість горизонтальних траверс'),
(353, 1, 'Наявність додаткових вертикальних опор'),
(353, 4, 'Наявність додаткових вертикальних опор'),
(354, 1, 'Резервуар для освіжаючих таблеток'),
(354, 4, 'Резервуар для освіжаючих таблеток'),
(355, 1, 'Товщина бачка (мм)'),
(355, 4, 'Товщина бачка (мм)'),
(356, 1, 'Товщина стінок профілю'),
(356, 4, 'Товщина стінок профілю'),
(357, 1, 'Універсальність кріплення. Кутовий монтаж'),
(357, 4, 'Універсальність кріплення. Кутовий монтаж'),
(358, 1, 'Безперервний час роботи (год)'),
(358, 4, 'Безперервний час роботи (год)'),
(359, 1, 'Максимальна потужність (Вт)'),
(359, 4, 'Максимальна потужність (Вт)'),
(360, 1, 'Номінальна напруга AC (В)'),
(360, 4, 'Номінальна напруга AC (В)'),
(361, 1, 'Номінальна потужність (Вт)'),
(361, 4, 'Номінальна потужність (Вт)'),
(362, 1, 'Об\'єм паливного бака (л)'),
(362, 4, 'Об\'єм паливного бака (л)'),
(363, 1, 'Тип двигуна'),
(363, 4, 'Тип двигуна'),
(364, 1, 'Тип запуску'),
(364, 4, 'Тип запуску'),
(365, 1, 'Витрата води ΔT=25 ℃, л/хв'),
(365, 4, 'Витрата води ΔT=25 ℃, л/хв'),
(366, 1, 'Камера згоряння'),
(366, 4, 'Камера згоряння'),
(367, 1, 'Коефіцієнт корисної дії, %'),
(367, 4, 'Коефіцієнт корисної дії, %'),
(368, 1, 'Колектор димових газів'),
(368, 4, 'Колектор димових газів'),
(369, 1, 'Номінальна витрата газу, природного, м3/год'),
(369, 4, 'Номінальна витрата газу, природного, м3/год'),
(370, 1, 'Антипалець'),
(370, 4, 'Антипалець'),
(371, 1, 'Ріжуча насадка'),
(371, 4, 'Ріжуча насадка'),
(372, 1, 'Діаметр 3 (дюйм)'),
(372, 4, 'Діаметр 3 (дюйм)'),
(373, 1, 'Діаметр 3 (мм)'),
(373, 4, 'Діаметр 3 (мм)'),
(374, 1, 'Н1 (мм)'),
(374, 4, 'Матеріал виробу'),
(375, 1, 'Напір при режимі 2 (м)'),
(375, 4, 'Напір при режимі 2 (м)'),
(376, 1, 'Продуктивність при режимі 1 (м3/год)'),
(376, 4, 'Продуктивність при режимі 1 (м3/год)'),
(377, 1, 'Продуктивність при режимі 2 (м3/год)'),
(377, 4, 'Продуктивність при режимі 2 (м3/год)'),
(378, 1, 'Модель двигуна'),
(378, 4, 'Модель двигуна'),
(379, 1, 'B (дюйм)'),
(379, 4, 'B (дюйм)'),
(380, 1, 'Діаметр заглушки (мм)'),
(380, 4, 'Діаметр заглушки (мм)'),
(381, 1, 'Ширина секції (мм)'),
(381, 4, 'Ширина секції (мм)'),
(382, 1, 'Початковий тиск (бар)'),
(382, 4, 'Початковий тиск (бар)'),
(383, 1, 'З\'єднувальний діаметр (мм)'),
(383, 4, 'З\'єднувальний діаметр (мм)'),
(384, 1, 'Мінералізація'),
(384, 4, 'Мінералізація'),
(385, 1, 'Продуктивність (л/добу)'),
(385, 4, 'Продуктивність (л/добу)'),
(386, 1, 'Число ступенів очищення'),
(386, 4, 'Число ступенів очищення'),
(387, 1, 'Номінальний діаметр (Dn)'),
(387, 4, 'Номінальний діаметр (Dn)'),
(388, 1, 'Вид підключення'),
(388, 4, 'Вид підключення'),
(389, 1, 'Діапазон температури робочого середовища Тр (°С)'),
(389, 4, 'Діапазон температури робочого середовища Тр (°С)'),
(390, 1, 'Номінальний робочий тиск (бар)'),
(390, 4, 'Номінальний робочий тиск (бар)'),
(391, 1, 'Пробний тиск (мПа)'),
(391, 4, 'Пробний тиск (мПа)'),
(392, 1, 'Температура води (°C)'),
(392, 4, 'Температура води (°C)'),
(393, 1, 'Тиск (мПа)'),
(393, 4, 'Тиск (мПа)'),
(394, 1, 'Бездротова зарядка'),
(394, 4, 'Бездротова зарядка'),
(395, 1, 'Ємність (Вт·год)'),
(395, 4, 'Ємність (Вт·год)'),
(396, 1, 'Кількість одночасно підключених приладів'),
(396, 4, 'Кількість одночасно підключених приладів'),
(397, 1, 'Порти USB-A'),
(397, 4, 'Порти USB-A'),
(398, 1, 'Порти USB-C'),
(398, 4, 'Порти USB-C'),
(399, 1, 'Тип акумулятора'),
(399, 4, 'Тип акумулятора'),
(400, 1, 'Швидкість заряду від мережі (год)'),
(400, 4, 'Швидкість заряду від мережі (год)'),
(401, 1, 'Каскадний вилив'),
(401, 4, 'Каскадний вилив'),
(402, 1, 'Діаметр виходу 2 (дюйм)'),
(402, 4, 'Діаметр виходу 2 (дюйм)'),
(403, 1, 'Номінальний струм AC (A)'),
(403, 4, 'Номінальний струм AC (A)'),
(404, 1, 'Температура повітря (°C)'),
(404, 4, 'Температура повітря (°C)'),
(405, 1, 'Допустимий тиск в системі (бар)'),
(405, 4, 'Допустимий тиск в системі (бар)'),
(406, 1, 'Максимальні витрати (м3/год)'),
(406, 4, 'Максимальні витрати (м3/год)'),
(407, 1, 'Тип температурного датчика'),
(407, 4, 'Тип виробу'),
(408, 1, 'Діаметр входу 2 (мм)'),
(408, 4, 'Діаметр входу 2 (мм)'),
(409, 1, 'Діаметр входу 3 (мм)'),
(409, 4, 'Діаметр входу 3 (мм)'),
(410, 1, 'Діаметр входу 3 (дюйм)'),
(410, 4, 'Діаметр входу 3 (дюйм)'),
(411, 1, 'Потік гарячої води (л/хв)'),
(411, 4, 'Потік гарячої води (л/хв)'),
(412, 1, 'Ед. в упак.'),
(412, 4, 'Од. в упак.'),
(413, 1, 'Объем ящ.'),
(413, 4, 'Об\'єм ящ.'),
(414, 1, 'Вес ящ.'),
(414, 4, 'Вага ящ.'),
(415, 1, 'MAX разница давления горячей и холодной воды (бар)'),
(415, 4, 'MAX різниця тиску гарячої та холодної води (бар)'),
(416, 1, 'Вид изделия'),
(416, 4, 'Вид виробу'),
(417, 1, 'Гарантия на детали смесителя (мес)'),
(417, 4, 'Гарантія на деталі змішувача (міс)'),
(418, 1, 'Гарантия на корпус смесителя (мес)'),
(418, 4, 'Гарантія на корпус змішувача (міс)'),
(419, 1, 'Диаметр картриджа (мм)'),
(419, 4, 'Діаметр картриджа (мм)'),
(420, 1, 'Картридж или кран букса'),
(420, 4, 'Картридж чи кран букса'),
(421, 1, 'Комплектация'),
(421, 4, 'Колір'),
(422, 1, 'Максимальная температура воды (°C)'),
(422, 4, 'Комплектація'),
(423, 1, 'Максимальное давление (бар)'),
(423, 4, 'Країна бренду'),
(424, 1, 'Материал изделия'),
(424, 4, 'Країна виробник'),
(425, 1, 'Максимальна температура води (°C)'),
(425, 4, 'Максимальна температура води (°C)'),
(426, 1, 'Минимальное давление (бар)'),
(426, 4, 'Максимальний тиск (бар)'),
(427, 1, 'Наличие термостата'),
(427, 4, 'Мінімальна температура води (°C)'),
(428, 1, 'Покрытие'),
(428, 4, 'Мінімальний тиск (бар)'),
(429, 1, 'Рабочее давление (бар)'),
(429, 4, 'Модель'),
(430, 1, 'Серия'),
(430, 4, 'Наявність термостату'),
(431, 1, 'Страна бренда'),
(431, 4, 'Робочий тиск (бар)'),
(432, 1, 'Страна производитель'),
(432, 4, 'Серія'),
(433, 1, 'Тип изделия'),
(433, 4, 'Стиль'),
(434, 1, 'Тип монтажа'),
(434, 4, 'Тип виробу'),
(435, 1, 'Тип управления'),
(435, 4, 'Тип керування'),
(436, 1, 'Торговая марка'),
(436, 4, 'Тип монтажу'),
(437, 1, 'Цвет'),
(437, 4, 'Торгова марка'),
(438, 1, 'MAX производительность (при мин. напоре) (л/мин)'),
(438, 4, 'MAX продуктивність (при мін. напорі) (м3/год)'),
(439, 1, 'MAX производительность (при мин. напоре) (м3/час)'),
(439, 4, 'MAX продуктивність (при мінімальн. напорі) (л/хв)'),
(440, 1, 'MIN производительность (при макс. напоре) (л/мин)'),
(440, 4, 'MIN продуктивність (при макс. напорі) (л/хв)'),
(441, 1, 'MIN производительность (при макс. напоре) (м3/час)'),
(441, 4, 'MIN продуктивність (при макс. напорі) (м3/год)'),
(442, 1, 'Встроенная термозащита'),
(442, 4, 'Вбудований термозахист'),
(443, 1, 'Гарантийный срок (мес)'),
(443, 4, 'Гарантійний період (міс)'),
(444, 1, 'Диаметр выхода 1 (дюйм)'),
(444, 4, 'Діаметр виходу 1 (дюйм)'),
(445, 1, 'Диаметр корпуса насоса (мм)'),
(445, 4, 'Діаметр корпусу насоса (мм)'),
(446, 1, 'Диаметр перекачиваемых частиц (мм)'),
(446, 4, 'Діаметр перекачувальних частинок (мм)'),
(447, 1, 'Длина кабеля (м)'),
(447, 4, 'Довжина кабелю (м)'),
(448, 1, 'Емкость конденсатора (мкФ)'),
(448, 4, 'Ємкість конденсатора (мкФ)'),
(449, 1, 'Защита от перегрева (Встроенный датчик перегрева)'),
(449, 4, 'Захист від перегріву (Вбудований датчик перегріву)'),
(450, 1, 'Качество воды'),
(450, 4, 'Клас зхисту корпусів електронного обладнання'),
(451, 1, 'Класс защиты корпусов электронного оборудования'),
(451, 4, 'Клас термостійкості'),
(452, 1, 'Класс термостойкости'),
(452, 4, 'Комплектація'),
(453, 1, 'Максимальная глубина погружения (м)'),
(453, 4, 'Країна виробник'),
(454, 1, 'Максимальная температура рабочей жидкости (°C)'),
(454, 4, 'Максимальна глибина занурення (м)'),
(455, 1, 'Максимальное количество загрязнений (г/м3)'),
(455, 4, 'Максимальна температура робочої рідини (°C)'),
(456, 1, 'Максимальный напор (м)'),
(456, 4, 'Максимальний напір (м)'),
(457, 1, 'Материал вала двигателя'),
(457, 4, 'Максимально допустима кількість забруднень (г/м3)'),
(458, 1, 'Материал обмотки статора'),
(458, 4, 'Матеріал виробу'),
(459, 1, 'Материал оголовка'),
(459, 4, 'Матеріал обмотки статора'),
(460, 1, 'Материал рабочего колеса'),
(460, 4, 'Матеріал оголовка'),
(461, 1, 'Минимальная температура рабочей жидкости (°C)'),
(461, 4, 'Матеріал робочого колеса'),
(462, 1, 'Минимальный напор (м)'),
(462, 4, 'Мін. температура навколишнього середовища (°C)'),
(463, 1, 'Мощность (Вт)'),
(463, 4, 'Матеріал оголовка'),
(464, 1, 'Мощность (кВт)'),
(464, 4, 'Модель'),
(465, 1, 'Мощность на валу насоса (P2, Вт)'),
(465, 4, 'Напруга мережі (V)'),
(466, 1, 'Мощность на валу насоса (P2, ЛС)'),
(466, 4, 'Особливості'),
(467, 1, 'Напряжение сети (V)'),
(467, 4, 'Перекачувальні середовища'),
(468, 1, 'Особенности'),
(468, 4, 'Плавний пуск двигуна'),
(469, 1, 'Перекачиваемые среды'),
(469, 4, 'Потужність (Вт)'),
(470, 1, 'Плавный пуск двигателя'),
(470, 4, 'Потужність (кВт)'),
(471, 1, 'Потребляемая мощность (кВт/ч)'),
(471, 4, 'Потужність на валу насоса (P2, Вт)'),
(472, 1, 'Производительность (л/мин)'),
(472, 4, 'Потужність на валу насоса (P2, ЛС)'),
(473, 1, 'Производительность при максимальном КПД (м3/час)'),
(473, 4, 'Продуктивність (л/хв)'),
(474, 1, 'Режим работы'),
(474, 4, 'Продуктивність при максимальному ККД (м3/год)'),
(475, 1, 'Серія'),
(475, 4, 'Серія'),
(476, 1, 'Тип присоединения'),
(476, 4, 'Тип ротора'),
(477, 1, 'Частота тока (Гц)'),
(477, 4, 'Швидкість (об/хв)'),
(478, 1, 'Вес (кг)'),
(478, 4, 'Вага (кг)'),
(479, 1, 'Высота (мм)'),
(479, 4, 'Висота (мм)'),
(480, 1, 'Глубина всасывания (м)'),
(480, 4, 'Глибина всмоктування (м)'),
(481, 1, 'Диаметр входа 1 (дюйм)'),
(481, 4, 'Діаметр виходу 1 (дюйм)'),
(482, 1, 'Длина (мм)'),
(482, 4, 'Довжина (мм)'),
(483, 1, 'Максимальная температура окружающей среды (°C)'),
(483, 4, 'Країна виробник'),
(484, 1, 'Максимальное количество пусков в час'),
(484, 4, 'Максимальна кількість пусків в годину'),
(485, 1, 'Минимальная температура окружающей среды (°C)'),
(485, 4, 'Матеріал робочого колеса'),
(486, 1, 'Высота смесителя (см)'),
(486, 4, 'Висота змішувача (см)'),
(487, 1, 'Выход под фильтрованную воду'),
(487, 4, 'Вихід під фільтровану воду'),
(488, 1, 'Диаметр шланга подключения'),
(488, 4, 'Діаметр шланга підключення'),
(489, 1, 'Длина излива (см)'),
(489, 4, 'Довжина виливу (см)'),
(490, 1, 'Длина шланга подключения'),
(490, 4, 'Довжина шланга підключення'),
(491, 1, 'Тип виливу'),
(491, 4, 'Тип виливу'),
(492, 1, 'Тип крепления'),
(492, 4, 'Тип виробу'),
(493, 1, 'Глубина чаши (мм)'),
(493, 4, 'Виконання'),
(494, 1, 'Есть крыло для посуды'),
(494, 4, 'Довжина (мм)'),
(495, 1, 'Есть отверстие под смеситель'),
(495, 4, 'Є крило для посуду'),
(496, 1, 'Исполнение'),
(496, 4, 'Є отвір під змішувач'),
(497, 1, 'Структура поверхности мойки'),
(497, 4, 'Країна виробник'),
(498, 1, 'Толщина мойки (мм)'),
(498, 4, 'Структура поверхні мийки'),
(499, 1, 'Число чаш (шт)'),
(499, 4, 'Торгова марка'),
(500, 1, 'Вес (г)'),
(500, 4, 'Вага (г)'),
(501, 1, 'Диаметр (дюйм)'),
(501, 4, 'Діаметр (дюйм)'),
(502, 1, 'Назначение'),
(502, 4, 'Країна виробник'),
(503, 1, 'Высота до излива (мм)'),
(503, 4, 'Висота до виливу (мм)'),
(504, 1, 'Высота смесителя (мм)'),
(504, 4, 'Висота змішувача (мм)'),
(505, 1, 'Длина излива (мм)'),
(505, 4, 'Довжина виливу (мм)'),
(506, 1, 'Размер кран буксы (дюйм)'),
(506, 4, 'Особливості'),
(507, 1, 'Тип кран буксы'),
(507, 4, 'Тип виробу'),
(508, 1, 'Общая длина (мм)'),
(508, 4, 'Матеріал виробу'),
(509, 1, 'Соединительный диаметр (дюйм)'),
(509, 4, 'З\'єднувальний діаметр (дюйм)'),
(510, 1, 'pH теплоносителя'),
(510, 4, 'pH теплоносія'),
(511, 1, 'Давление (бар)'),
(511, 4, 'Вміст кисню (мкг/л)'),
(512, 1, 'Жесткость воды (мг-экв/л)'),
(512, 4, 'Довжина (мм)'),
(513, 1, 'Максимальное рабочее давление (атм)'),
(513, 4, 'Колір'),
(514, 1, 'Материал'),
(514, 4, 'Комплектація'),
(515, 1, 'Межосевое расстояние (мм)'),
(515, 4, 'Країна бренду'),
(516, 1, 'Объем (л)'),
(516, 4, 'Матеріал'),
(517, 1, 'Подключение'),
(517, 4, 'Міжосьова відстань (мм)'),
(518, 1, 'Содержание взвешенных веществ (мг/л)'),
(518, 4, 'Модель'),
(519, 1, 'Содержание кислорода (мкг/л)'),
(519, 4, 'Об\'єм (л)'),
(520, 1, 'Теплоноситель'),
(520, 4, 'Тепловіддача (Вт)'),
(521, 1, 'Теплоотдача (Вт)'),
(521, 4, 'Теплоносій'),
(522, 1, 'Тип (Класс)'),
(522, 4, 'Тип (Клас)'),
(523, 1, 'Тип резьбы'),
(523, 4, 'Тип різби'),
(524, 1, 'Класс герметичности затвора'),
(524, 4, 'Клас герметичності затвора'),
(525, 1, 'Материал шарового затвора'),
(525, 4, 'Країна бренду'),
(526, 1, 'Материал штока'),
(526, 4, 'Матеріал виробу'),
(527, 1, 'Рабочая среда'),
(527, 4, 'Покриття'),
(528, 1, 'Глубина (мм)'),
(528, 4, 'Глибина (мм)'),
(529, 1, 'Диаметр (мм)'),
(529, 4, 'Діаметр (мм)'),
(530, 1, 'Материал комплектующих'),
(530, 4, 'Країна бренду'),
(531, 1, 'Наличие крышки'),
(531, 4, 'Матеріал'),
(532, 1, 'Поверхность'),
(532, 4, 'Матеріал комплектуючих'),
(533, 1, 'Размеры изделия (ВхШхГ)'),
(533, 4, 'Наявність кришки'),
(534, 1, 'Тип конструкции'),
(534, 4, 'Тип виробу'),
(535, 1, 'Дополнительные характеристики'),
(535, 4, 'Дополнительные характеристики'),
(536, 1, 'Размеры (дюйм)'),
(536, 4, 'Призначення'),
(537, 1, 'Армування'),
(537, 4, 'Армування'),
(538, 1, 'Внешний диаметр трубы (мм)'),
(538, 4, 'Діаметр умовного проходу (мм)'),
(539, 1, 'Диаметр условного прохода (мм)'),
(539, 4, 'Довжина труби (м)'),
(540, 1, 'Длина трубы (м)'),
(540, 4, 'Зовнішній діаметр труби (мм)'),
(541, 1, 'Толщина стенки (мм)'),
(541, 4, 'Тип виробу'),
(542, 1, 'Максимальная высота (см)'),
(542, 4, 'Країна бренду'),
(543, 1, 'Размеры (мм)'),
(543, 4, 'Модель'),
(544, 1, 'Длина шланга (см)'),
(544, 4, 'Довжина шланга (см)'),
(545, 1, 'Механизм открывания крышки'),
(545, 4, 'Країна виробник'),
(546, 1, 'Наличие внутреннего бака'),
(546, 4, 'Матеріал комплектуючих'),
(547, 1, 'Наличие педали'),
(547, 4, 'Наявінсть внутрішнього баку'),
(548, 1, 'Тип крышки'),
(548, 4, 'Тип конструкції'),
(549, 1, 'Выход кабеля'),
(549, 4, 'Вихід кабелю'),
(550, 1, 'Есть УЗО'),
(550, 4, 'Є УЗВ'),
(551, 1, 'Индикатор температуры'),
(551, 4, 'З\'єднувальний діаметр (дюйм)'),
(552, 1, 'Нагревающий элемент'),
(552, 4, 'Матеріал виробу'),
(553, 1, 'Тип подводки'),
(553, 4, 'Тип монтажу'),
(554, 1, 'Излив'),
(554, 4, 'Довжина шланга (см)'),
(555, 1, 'Кількість контурів'),
(555, 4, 'Кількість контурів'),
(556, 1, 'Тип коллектора'),
(556, 4, 'Тип виробу'),
(557, 1, 'Условная пропускная способность (м3/час)'),
(557, 4, 'Торгова марка'),
(558, 1, 'Диаметр входа 2 (дюйм)'),
(558, 4, 'Діаметр входу 2 (дюйм)'),
(559, 1, 'Диаметр подключения (дюйм)'),
(559, 4, 'Діаметр підключення (дюйм)'),
(560, 1, 'Максимальная производительность (л/мин)'),
(560, 4, 'Країна бренду'),
(561, 1, 'Материал крепления'),
(561, 4, 'Матеріал виробу'),
(562, 1, 'Объем бака (л)'),
(562, 4, 'Матеріал виробу'),
(563, 1, 'Единиц в упаковке'),
(563, 4, 'Колір'),
(564, 1, 'Тип соединения'),
(564, 4, 'Тип приєднання'),
(565, 1, 'Резьба накидной гайки (дюйм)'),
(565, 4, 'Режим роботи'),
(566, 1, 'Материал излива'),
(566, 4, 'Країна бренду'),
(567, 1, 'Количество отверстий'),
(567, 4, 'Кількість отворів'),
(568, 1, 'Вес брутто, кг'),
(568, 4, 'Вага брутто, кг'),
(569, 1, 'Вес нетто, кг'),
(569, 4, 'Вага нетто, кг'),
(570, 1, 'Количество грузовых мест'),
(570, 4, 'Керування'),
(571, 1, 'Объем, м3'),
(571, 4, 'Комплектація'),
(572, 1, 'Расположение (ориентация)'),
(572, 4, 'Об\'єм, м3'),
(573, 1, 'Сидение'),
(573, 4, 'Розміри виробу (ВхШхГ)'),
(574, 1, 'Совместимость с комплектующей'),
(574, 4, 'Розташування (орієнтація)'),
(575, 1, 'Управление'),
(575, 4, 'Тип монтажу'),
(576, 1, 'Гарантия на комплектующие (мес)'),
(576, 4, 'Гарантія на комплектуючі (міс)'),
(577, 1, 'Диапазон ширины (мм)'),
(577, 4, 'Діапазон ширини (мм)'),
(578, 1, 'Наличие донного клапана'),
(578, 4, 'Комплектація'),
(579, 1, 'Наличие перелива'),
(579, 4, 'Країна бренду'),
(580, 1, 'Антизапотевание'),
(580, 4, 'Антизапотівання'),
(581, 1, 'Гарантия на осветительные приборы (мес)'),
(581, 4, 'Гарантія на освітлювальні прилади (міс)'),
(582, 1, 'Наличие линзы'),
(582, 4, 'Колір'),
(583, 1, 'Наличие часов'),
(583, 4, 'Комплектація'),
(584, 1, 'Направление подсветки'),
(584, 4, 'Країна бренду'),
(585, 1, 'Профиль'),
(585, 4, 'Напрямок підсвічування'),
(586, 1, 'Способ управления подсветкой'),
(586, 4, 'Профіль'),
(587, 1, 'Тип монтажу'),
(929, 1, 'Минимальная температура воды (°C)'),
(587, 4, 'Тип монтажу'),
(588, 1, 'Электропитание'),
(588, 4, 'Форма'),
(589, 1, 'Диаметр выпускного отверстия (мм)'),
(589, 4, 'Діаметр випускного отвору (мм)'),
(590, 1, 'Комбинированный гидрозатвор (мм)'),
(590, 4, 'Загальна висота монтажа (мм)'),
(591, 1, 'Монтажная глубина (мм)'),
(591, 4, 'Країна бренду'),
(592, 1, 'Общая высота монтажа (мм)'),
(592, 4, 'Матеріал'),
(593, 1, 'Пропускная способность (л/мин)'),
(593, 4, 'Монтажна глибина (мм)'),
(594, 1, 'Тип затвора'),
(594, 4, 'Пропускна здатність (л/хв)'),
(595, 1, 'Температура эксплуатации (°C)'),
(595, 4, 'Температура експлуатації (° C)'),
(596, 1, 'Влажность окружающего воздуха (%)'),
(596, 4, 'Вбудований термозахист'),
(597, 1, 'Наличие PVD покрытия'),
(597, 4, 'Комплектація'),
(598, 1, 'Тип переключения на душ'),
(598, 4, 'Тип кран букси'),
(599, 1, 'Максимальное рабочее давление (бар)'),
(599, 4, 'Країна бренду'),
(600, 1, 'Вид полотенцесушителя'),
(600, 4, 'Вид рушникосушки'),
(601, 1, 'Диаметр основной трубы (мм)'),
(601, 4, 'Діаметр основної труби (мм)'),
(602, 1, 'Диаметр перемычек (мм)'),
(602, 4, 'Діаметр перемички (мм)'),
(603, 1, 'Количество перемычек'),
(603, 4, 'Кількість перемичок'),
(604, 1, 'Наличие полки'),
(604, 4, 'Міжосьова відстань (мм)'),
(605, 1, 'Диаметр подключения (мм)'),
(605, 4, 'Діаметр підключення (мм)'),
(606, 1, 'Габариты изделия (см)'),
(606, 4, 'Габарити виробу (см)'),
(607, 1, 'Панель к поддону'),
(607, 4, 'Матеріал'),
(608, 1, 'Цвет поддона'),
(608, 4, 'Форма'),
(609, 1, 'Растяжной шланг'),
(609, 4, 'Модель'),
(610, 1, 'Материал шнека'),
(610, 4, 'Мінімальна температура робочої рідини (°C)'),
(611, 1, 'Класс точности'),
(611, 4, 'Діаметр підключення (дюйм)'),
(612, 1, 'Конечное давление (бар)'),
(612, 4, 'Кінцевий тиск (бар)'),
(613, 1, 'Стекло'),
(613, 4, 'Матеріал виробу'),
(614, 1, 'Указательная стрелка'),
(614, 4, 'Торгова марка'),
(615, 1, 'Р1 Мощность (Вт)'),
(615, 4, 'Р1 Потужність (Вт)'),
(616, 1, 'Р2 Мощность (Вт)'),
(616, 4, 'Р2 Потужність (Вт)'),
(617, 1, 'Производительность (м3/час)'),
(617, 4, 'Тип виробу'),
(618, 1, 'Соединительный диаметр 2 (дюйм)'),
(618, 4, 'Покриття'),
(619, 1, 'Возможность регулирования конечного давления'),
(619, 4, 'Висота (мм)'),
(620, 1, 'Возможность регулирования начального давления'),
(620, 4, 'Гарантійний період (міс)'),
(621, 1, 'Максимальное статическое давление (бар)'),
(621, 4, 'Максимальна статичний тиск (бар)'),
(622, 1, 'Мощность при режиме 1 (P1, Вт)'),
(622, 4, 'Напруга мережі (V)'),
(623, 1, 'Вид системы смыва'),
(623, 4, 'Вид системи змиву'),
(624, 1, 'Количество режимов слива воды'),
(624, 4, 'Керування'),
(625, 1, 'Метод установки сливного бачка'),
(625, 4, 'Колір'),
(626, 1, 'Направление выпуска'),
(626, 4, 'Комплектація'),
(627, 1, 'Объем бачка, л'),
(627, 4, 'Країна бренду'),
(628, 1, 'Подвод воды'),
(628, 4, 'Напрямок випуску'),
(629, 1, 'Сидение в комплекте'),
(629, 4, 'Розміри виробу (ВхШхГ)'),
(630, 1, 'Сливной выход'),
(630, 4, 'Розташування (орієнтація)'),
(631, 1, 'Функция биде'),
(631, 4, 'Форма'),
(632, 1, 'Материал измельчителя'),
(632, 4, 'Матеріал вала двигуна'),
(633, 1, 'Межосевое расстояние креплений (мм)'),
(633, 4, 'Країна бренду'),
(634, 1, 'Материал крыльчаток'),
(634, 4, 'Матеріал обмотки статора'),
(635, 1, 'Минимальный ресурс (циклов)'),
(635, 4, 'Максимальний тиск (бар)'),
(636, 1, 'Средний срок службы (лет)'),
(636, 4, 'Призначення'),
(637, 1, 'Средняя наработка на отказ (циклов)'),
(637, 4, 'Робочий тиск (бар)'),
(638, 1, 'Механизм открытия'),
(638, 4, 'Колір профілю'),
(639, 1, 'Петли'),
(639, 4, 'Матеріал'),
(640, 1, 'Поддон'),
(640, 4, 'Механізм відкриття'),
(641, 1, 'Толщина стекла (мм)'),
(641, 4, 'Тип виробу'),
(642, 1, 'Уплотнители'),
(642, 4, 'Товщина скла (мм)'),
(643, 1, 'Цвет витража'),
(643, 4, 'Ущільнювачі'),
(644, 1, 'Цвет профиля'),
(644, 4, 'Торгова марка'),
(645, 1, 'Диаметр картриджа для питьевой воды (мм)'),
(645, 4, 'Діаметр картриджа для питної води (мм)'),
(646, 1, 'Номинальное давление (бар)'),
(646, 4, 'Модель'),
(647, 1, 'Диапазон длины (мм)'),
(647, 4, 'Діапазон довжини (мм)'),
(648, 1, 'Опорная планка'),
(648, 4, 'Країна бренду'),
(649, 1, 'Количество скоростей'),
(649, 4, 'Комплектація'),
(650, 1, 'Монтажная длина (мм)'),
(650, 4, 'Монтажна довжина (мм)'),
(651, 1, 'Количество ячеек на см2 (шт)'),
(651, 4, 'Діаметр підключення (дюйм)'),
(652, 1, 'Размер ячейки сетки (мкм)'),
(652, 4, 'Покриття'),
(653, 1, 'Расстояние между центрами ячеек (мм)'),
(653, 4, 'Призначення'),
(654, 1, 'Количество (шт)'),
(654, 4, 'Кількість (шт)'),
(655, 1, 'Длина (м)'),
(655, 4, 'Довжина (м)'),
(656, 1, 'Толщина (мм)'),
(656, 4, 'Товщина (мм)'),
(657, 1, 'Диаметр основания корпуса (дюйм)'),
(657, 4, 'Діаметр підстави корпусу (дюйм)'),
(658, 1, 'Кнопка перезапуска'),
(658, 4, 'Індикатор температури'),
(659, 1, 'Система смыва'),
(659, 4, 'Особливості'),
(660, 1, 'Форма кнопки слива'),
(660, 4, 'Торгова марка'),
(661, 1, 'Класс энергоэффективности'),
(661, 4, 'Клас термостійкості'),
(662, 1, 'Минимальное статическое давление (бар)'),
(662, 4, 'Мінімальна статичний тиск (бар)'),
(663, 1, 'Мощность при режиме 2 (P1, Вт)'),
(663, 4, 'Особливості'),
(664, 1, 'Мощность при режиме 3 (P1, Вт)'),
(664, 4, 'Перекачувальні середовища'),
(665, 1, 'Напор при режиме 3 (м)'),
(665, 4, 'Потужність (Вт)'),
(666, 1, 'Производительность при режиме 3 (м3/час)'),
(666, 4, 'Продуктивність (л/хв)'),
(667, 1, 'Уровень шума (дБ)'),
(667, 4, 'Частота струму (Гц)'),
(668, 1, 'Совместимость с панелью/инсталляцией'),
(668, 4, 'Країна виробник'),
(669, 1, 'Цвет панели'),
(669, 4, 'Форма кнопки зливу'),
(670, 1, 'Підведення води'),
(670, 4, 'Підведення води'),
(671, 1, 'Вид водонагревателя'),
(671, 4, 'Вид водонагрівача'),
(672, 1, 'Диапазон регулировки температуры (°C)'),
(672, 4, 'Діапазон регулювання температури (°C)'),
(673, 1, 'Материал внутреннего бака'),
(673, 4, 'Країна бренду'),
(674, 1, 'Материал нагревательного элемента (ТЭНа)'),
(674, 4, 'Матеріал внутрішнього бака'),
(675, 1, 'Номинальное давление (PN), МПа'),
(675, 4, 'Номінальний тиск (PN), МПа'),
(676, 1, 'Способ управления'),
(676, 4, 'Потужність (Вт)'),
(677, 1, 'Тип нагревательного элемента (ТЭНа)'),
(677, 4, 'Тип нагрівального елемента (ТЕНу)'),
(678, 1, 'Толщина внутреннего бака (мм)'),
(678, 4, 'Товщина внутрішнього бака (мм)'),
(679, 1, 'Виконання'),
(679, 4, 'Виконання'),
(680, 1, 'Принцип работы'),
(680, 4, 'Продуктивність (л/хв)'),
(681, 1, 'Диаметр 2 (дюйм)'),
(681, 4, 'Діаметр 2 (дюйм)'),
(682, 1, 'Диаметр 2 (мм)'),
(682, 4, 'Діаметр 2 (мм)'),
(683, 1, 'Напор при максимальном КПД (м)'),
(683, 4, 'Перекачувальні середовища'),
(684, 1, 'Магниевый анод (шт)'),
(684, 4, 'Країна бренду'),
(685, 1, 'Выключатель'),
(685, 4, 'Вимикач'),
(686, 1, 'Диаметр выхода 1 (мм)'),
(686, 4, 'Діаметр виходу 1 (мм)'),
(687, 1, 'Диаметр выхода 2 (мм)'),
(687, 4, 'Діаметр виходу 2 (мм)'),
(688, 1, 'Диаметр выхода 3 (мм)'),
(688, 4, 'Діаметр виходу 3 (мм)'),
(689, 1, 'Напор при режиме 1 (м)'),
(689, 4, 'Перекачувальні середовища'),
(690, 1, 'MAX Монтажная высота (мм)'),
(690, 4, 'MAX Монтажна висота (мм)'),
(691, 1, 'MIN Монтажная высота (мм)'),
(691, 4, 'MIN Монтажна висота (мм)'),
(692, 1, 'Материал бачка'),
(692, 4, 'Керування'),
(693, 1, 'Технология производства бачка'),
(693, 4, 'Матеріал кріплення'),
(694, 1, 'MIN перепад давлений открытия клапана (бар)'),
(694, 4, 'MIN перепад тисків відкриття клапана (бар)'),
(695, 1, 'MIN перепад давления закрытия клапана (бар)'),
(695, 4, 'MIN перепад тиску закриття клапана (бар)'),
(696, 1, 'Диаметр входа 1 (мм)'),
(696, 4, 'Діаметр виходу 1 (мм)'),
(697, 1, 'Материал мембраны'),
(697, 4, 'Матеріал мембрани'),
(698, 1, 'Диаметр трубы (мм)'),
(698, 4, 'Діаметр труби (мм)'),
(699, 1, 'Комплектація'),
(699, 4, 'Комплектація'),
(700, 1, 'Диаметр дымохода (мм)'),
(700, 4, 'Глибина (мм)'),
(701, 1, 'Материал теплообменника'),
(701, 4, 'Індикатор температури'),
(702, 1, 'Наличие дымоходной трубы'),
(702, 4, 'Колір'),
(703, 1, 'Отвод газов'),
(703, 4, 'Країна бренду'),
(704, 1, 'Полезная тепловая мощность, кВт'),
(704, 4, 'Матеріал виробу'),
(705, 1, 'Тип газа'),
(705, 4, 'Наявність димохідної труби'),
(706, 1, 'Тип розжига'),
(706, 4, 'Тип газу'),
(707, 1, 'Материал сетки'),
(707, 4, 'Країна бренду'),
(708, 1, 'Диаметр подключения 2 (мм)'),
(708, 4, 'Діаметр підключення 2 (мм)'),
(709, 1, 'Выход под стиральную машину'),
(709, 4, 'Вихід під пральну машину'),
(710, 1, 'Тип выпуска'),
(710, 4, 'Розміри виробу (ВхШхГ)'),
(711, 1, 'Допустимая влажность окружающей среды (%)'),
(711, 4, 'Допустима вологість навколишнього середовища (%)'),
(712, 1, 'Возможность разворота стопы наружу'),
(712, 4, 'Гарантійний період (міс)'),
(713, 1, 'Возможность регулировки сливного колена'),
(713, 4, 'Діаметр підключення (дюйм)'),
(714, 1, 'Защита бачка от конденсата'),
(714, 4, 'Керування'),
(715, 1, 'Максимальная нагрузка (кг)'),
(715, 4, 'Колір панелі'),
(716, 1, 'Регулировка по высоте'),
(716, 4, 'Можливість регулювання зливного коліна'),
(717, 1, 'Регулировка смыва (л)'),
(717, 4, 'Можливість розвороту стопи назовні'),
(718, 1, 'Шум при эксплуатации бачка'),
(718, 4, 'Шум при експлуатації бачка'),
(719, 1, 'Высота поддона (мм)'),
(719, 4, 'Висота піддона (мм)'),
(720, 1, 'Материал поддона'),
(720, 4, 'Колір піддону'),
(721, 1, 'Цвет задней стенки'),
(721, 4, 'Торгова марка'),
(722, 1, 'Теплоотдача (∆Т=50°С), Вт'),
(722, 4, 'Тепловіддача (∆Т=70°С), Вт'),
(723, 1, 'Теплоотдача (∆Т=70°С), Вт'),
(723, 4, 'Теплоносій'),
(724, 1, 'Средний полный ресурс (циклов)'),
(724, 4, 'Призначення'),
(725, 1, 'Аварийная система слива'),
(725, 4, 'Аварійна система зливу'),
(726, 1, 'Антикоррозионное покрытие'),
(726, 4, 'Антикорозійне покриття'),
(727, 1, 'Керування'),
(727, 4, 'Керування'),
(728, 1, 'Количество горизонтальных траверс'),
(728, 4, 'Кількість вантажних місць'),
(729, 1, 'Наличие дополнительных вертикальных опор'),
(729, 4, 'Міжосьова відстань (мм)'),
(730, 1, 'Резервуар для освежающих таблеток'),
(730, 4, 'Регулювання змиву (л)'),
(731, 1, 'Толщина бачка (мм)'),
(731, 4, 'Тип виробу'),
(732, 1, 'Толщина стенок профиля'),
(732, 4, 'Тип конструкції'),
(733, 1, 'Универсальность крепежа. Угловой монтаж'),
(733, 4, 'Товщина бачка (мм)'),
(734, 1, 'Функция задержки воды'),
(734, 4, 'Форма'),
(735, 1, 'Максимальная мощность (Вт)'),
(735, 4, 'Гарантійний період (міс)'),
(736, 1, 'Непрерывное время работы (час)'),
(736, 4, 'Матеріал обмотки статора'),
(737, 1, 'Номинальная мощность (Вт)'),
(737, 4, 'Матеріал виробу'),
(738, 1, 'Номинальное напряжение AC (В)'),
(738, 4, 'Номінальна напруга AC (В)'),
(739, 1, 'Объем топливного бака (л)'),
(739, 4, 'Номінальна потужність (Вт)'),
(740, 1, 'Тип двигателя'),
(740, 4, 'Рівень шуму (дБ)'),
(741, 1, 'Тип запуска'),
(741, 4, 'Тип виробу'),
(742, 1, 'Камера сгорания'),
(742, 4, 'Електроживлення'),
(743, 1, 'Коллектор дымовых газов'),
(743, 4, 'Індикатор температури'),
(744, 1, 'Коэффициент полезного действия, %'),
(744, 4, 'Камера згоряння'),
(745, 1, 'Колір'),
(745, 4, 'Колір'),
(746, 1, 'Расход воды ΔT=25 ℃, л/мин'),
(746, 4, 'Матеріал виробу'),
(747, 1, 'Антипалец'),
(747, 4, 'Антипалець'),
(748, 1, 'Режущая насадка'),
(748, 4, 'Ріжуча насадка'),
(749, 1, 'Диаметр 3 (дюйм)'),
(749, 4, 'Діаметр 3 (дюйм)'),
(750, 1, 'Диаметр 3 (мм)'),
(750, 4, 'Діаметр 3 (мм)'),
(751, 1, 'Напор при режиме 2 (м)'),
(751, 4, 'Особливості'),
(752, 1, 'Производительность при режиме 1 (м3/час)'),
(752, 4, 'Принцип роботи'),
(753, 1, 'Производительность при режиме 2 (м3/час)'),
(753, 4, 'Продуктивність (л/хв)'),
(754, 1, 'Модель двигателя'),
(754, 4, 'Матеріал обмотки статора'),
(755, 1, 'Диаметр заглушки (мм)'),
(755, 4, 'Діаметр заглушки (мм)'),
(756, 1, 'Ширина секции (мм)'),
(756, 4, 'Ширина секції (мм)'),
(757, 1, 'Начальное давление (бар)'),
(757, 4, 'Можливість регулювання кінцевого тиску'),
(758, 1, 'Соединительный диаметр (мм)'),
(758, 4, 'Модель'),
(759, 1, 'Матеріал'),
(759, 4, 'Матеріал'),
(760, 1, 'Призначення'),
(760, 4, 'Призначення'),
(761, 1, 'Число ступеней очистки'),
(761, 4, 'Число ступенів очищення'),
(762, 1, 'Номинальный диаметр (Dn)'),
(762, 4, 'Монтажна довжина (мм)'),
(763, 1, 'Вид підключення'),
(763, 4, 'Вид підключення'),
(764, 1, 'Диапазон температуры рабочей среды Тр (°С)'),
(764, 4, 'Діапазон температури робочого середовища Тр (°С)'),
(765, 1, 'Номинальное рабочее давление (бар)'),
(765, 4, 'Номінальний робочий тиск (бар)'),
(766, 1, 'Давление (мПа)'),
(766, 4, 'Країна бренду'),
(767, 1, 'Пробное давление (мПа)'),
(767, 4, 'Пробний тиск (мПа)'),
(768, 1, 'Температура воды (°C)'),
(768, 4, 'Тип виробу'),
(769, 1, 'Беспроводная зарядка'),
(769, 4, 'Бездротова зарядка'),
(770, 1, 'Емкость (Вт·ч)'),
(770, 4, 'Ємність (Вт·год)'),
(771, 1, 'Количество одновременно подключенных приборов'),
(771, 4, 'Кількість одночасно підключених приладів'),
(772, 1, 'Особливості'),
(772, 4, 'Особливості'),
(773, 1, 'Порты USB-C'),
(773, 4, 'Порти USB-A'),
(774, 1, 'Скорость заряда от сети (ч)');
INSERT INTO `oc_attribute_description` (`attribute_id`, `language_id`, `name`) VALUES
(774, 4, 'Потужність (Вт)'),
(775, 1, 'Тип аккумулятора'),
(775, 4, 'Тип акумулятора'),
(776, 1, 'Каскадный излив'),
(776, 4, 'Картридж чи кран букса'),
(777, 1, 'Диаметр выхода 2 (дюйм)'),
(777, 4, 'Діаметр входу 2 (дюйм)'),
(778, 1, 'Номинальный ток AC (A)'),
(778, 4, 'Номінальний тиск (PN), МПа'),
(779, 1, 'Температура воздуха (°C)'),
(779, 4, 'Потужність (кВт)'),
(780, 1, 'Допустимое давление в системе (бар)'),
(780, 4, 'Допустимий тиск в системі (бар)'),
(781, 1, 'Максимальный расход (м3/час)'),
(781, 4, 'Максимальна температура робочої рідини (°C)'),
(782, 1, 'Диаметр входа 2 (мм)'),
(782, 4, 'Діаметр входу 1 (мм)'),
(783, 1, 'Диаметр входа 3 (мм)'),
(783, 4, 'Діаметр входу 2 (мм)'),
(784, 1, 'Диаметр входа 3 (дюйм)'),
(784, 4, 'Діаметр входу 3 (дюйм)'),
(785, 1, 'Поток горячей воды (л/мин)'),
(785, 4, 'Напруга мережі (V)'),
(786, 1, 'Диаметр выпуска (дюйм)'),
(786, 4, 'Диаметр выпуска (дюйм)'),
(787, 1, 'Диаметр патрубка (отвод) в канализацию'),
(787, 4, 'Диаметр патрубка (отвод) в канализацию'),
(788, 1, 'Наличие ревизии для сифона'),
(788, 4, 'Наличие ревизии для сифона'),
(789, 1, 'Тип выпуска под донный клапан'),
(789, 4, 'Тип выпуска под донный клапан'),
(790, 1, 'Тип открытия/закрытия сливного отверстия'),
(790, 4, 'Тип открытия/закрытия сливного отверстия'),
(791, 1, 'Диапазон высоты (мм)'),
(791, 4, 'Диапазон высоты (мм)'),
(792, 1, 'Бренд'),
(792, 4, 'Бренд'),
(793, 1, 'Робочий тиск'),
(793, 4, 'Робочий тиск'),
(794, 1, 'Гарантія'),
(794, 4, 'Гарантія'),
(795, 1, 'Діаметр труби'),
(795, 4, 'Діаметр труби'),
(796, 1, 'Робоча температура'),
(796, 4, 'Робоча температура'),
(797, 1, 'Країна-виробник товару'),
(797, 4, 'Країна-виробник товару'),
(798, 1, 'Тип фітинга'),
(798, 4, 'Тип фітинга'),
(799, 1, 'Діаметр фітинга'),
(799, 4, 'Діаметр фітинга'),
(800, 1, 'Тип з\'єднання різьби'),
(800, 4, 'Тип з\'єднання різьби'),
(801, 1, 'Розмір різьби'),
(801, 4, 'Розмір різьби'),
(802, 1, 'Сфера застосування'),
(802, 4, 'Сфера застосування'),
(803, 1, 'Матеріал закладної'),
(803, 4, 'Матеріал закладної'),
(804, 1, 'Вид'),
(804, 4, 'Вид'),
(805, 1, 'Діаметр'),
(805, 4, 'Діаметр'),
(806, 1, 'Тип з\'єднання, різьба'),
(806, 4, 'Тип з\'єднання, різьба'),
(807, 1, 'Об\'єм'),
(807, 4, 'Об\'єм'),
(808, 1, 'Номінальний тиск'),
(808, 4, 'Номінальний тиск'),
(809, 1, 'Тип важілю'),
(809, 4, 'Тип важілю'),
(810, 1, 'Колір важіля'),
(810, 4, 'Колір важіля'),
(811, 1, 'Температура робочого середовища'),
(811, 4, 'Температура робочого середовища'),
(812, 1, 'Довжина'),
(812, 4, 'Довжина'),
(813, 1, 'Ширина'),
(813, 4, 'Ширина'),
(814, 1, 'Товщина'),
(814, 4, 'Товщина'),
(815, 1, 'Тип установки'),
(815, 4, 'Тип установки'),
(816, 1, 'Глибина'),
(816, 4, 'Глибина'),
(817, 1, 'Кількість полиць'),
(817, 4, 'Кількість полиць'),
(818, 1, 'Максимальна температура'),
(818, 4, 'Максимальна температура'),
(819, 1, 'Максимальний робочий тиск'),
(819, 4, 'Максимальний робочий тиск'),
(820, 1, 'Ресурс фільтруючого модуля'),
(820, 4, 'Ресурс фільтруючого модуля'),
(821, 1, 'Діаметр підключення'),
(821, 4, 'Діаметр підключення'),
(822, 1, 'Діаметр колби'),
(822, 4, 'Діаметр колби'),
(823, 1, 'Висота колби'),
(823, 4, 'Висота колби'),
(824, 1, 'Висота'),
(824, 4, 'Висота'),
(825, 1, 'Застосування'),
(825, 4, 'Застосування'),
(826, 1, 'Ступінь очищення'),
(826, 4, 'Ступінь очищення'),
(827, 1, 'Робочий ресурс картриджу'),
(827, 4, 'Робочий ресурс картриджу'),
(828, 1, 'Номінальний потік'),
(828, 4, 'Номінальний потік'),
(829, 1, 'Висота картриджу'),
(829, 4, 'Висота картриджу'),
(830, 1, 'Очищення'),
(830, 4, 'Очищення'),
(831, 1, 'Розмір'),
(831, 4, 'Розмір'),
(832, 1, 'Тип шланга'),
(832, 4, 'Тип шланга'),
(833, 1, 'Довжина, см'),
(833, 4, 'Довжина, см'),
(834, 1, 'Максимальна робоча температура, °C'),
(834, 4, 'Максимальна робоча температура, °C'),
(835, 1, 'Фасовка'),
(835, 4, 'Фасовка'),
(836, 1, 'Ступінь фільтрації'),
(836, 4, 'Ступінь фільтрації'),
(837, 1, 'Принцип очищення'),
(837, 4, 'Принцип очищення'),
(838, 1, 'Тип фільтру'),
(838, 4, 'Тип фільтру'),
(839, 1, 'Ресурс'),
(839, 4, 'Ресурс'),
(840, 1, 'Середовище'),
(840, 4, 'Середовище'),
(841, 1, 'Країна реєстрації бренду'),
(841, 4, 'Країна реєстрації бренду'),
(842, 1, 'Температурний режим води'),
(842, 4, 'Температурний режим води'),
(843, 1, 'Тип очищення'),
(843, 4, 'Тип очищення'),
(844, 1, 'Тип виконання'),
(844, 4, 'Тип виконання'),
(845, 1, 'Додатково'),
(845, 4, 'Додатково'),
(846, 1, 'Тип труби'),
(846, 4, 'Тип труби'),
(847, 1, 'Бухта'),
(847, 4, 'Бухта'),
(848, 1, 'Тип з\'єднання труб'),
(848, 4, 'Тип з\'єднання труб'),
(849, 1, 'Максимальна робоча температура'),
(849, 4, 'Максимальна робоча температура'),
(850, 1, 'Вага'),
(850, 4, 'Вага'),
(851, 1, 'Різновид'),
(851, 4, 'Різновид'),
(852, 1, 'Вид установки'),
(852, 4, 'Вид установки'),
(853, 1, 'Строк експлуатації'),
(853, 4, 'Строк експлуатації'),
(854, 1, 'Габарити (ВхШхГ)'),
(854, 4, 'Габарити (ВхШхГ)'),
(855, 1, 'Зовнішній діаметр, мм'),
(855, 4, 'Зовнішній діаметр, мм'),
(856, 1, 'Внутрішній діаметр, мм'),
(856, 4, 'Внутрішній діаметр, мм'),
(857, 1, 'Міжосьова відстань'),
(857, 4, 'Міжосьова відстань'),
(858, 1, 'Теплова потужність'),
(858, 4, 'Теплова потужність'),
(859, 1, 'Тип радіатора'),
(859, 4, 'Тип радіатора'),
(860, 1, 'Довжина гофри'),
(860, 4, 'Довжина гофри'),
(861, 1, 'Вид монтажу'),
(861, 4, 'Вид монтажу'),
(862, 1, 'Вид змішувача'),
(862, 4, 'Вид змішувача'),
(863, 1, 'Висота виливу'),
(863, 4, 'Висота виливу'),
(864, 1, 'Висота струменя'),
(864, 4, 'Висота струменя'),
(865, 1, 'Довжина підводки'),
(865, 4, 'Довжина підводки'),
(866, 1, 'Кількість монтажних отворів'),
(866, 4, 'Кількість монтажних отворів'),
(867, 1, 'Форма виливу'),
(867, 4, 'Форма виливу'),
(868, 1, 'Тип картриджу'),
(868, 4, 'Тип картриджу'),
(869, 1, 'Розмір картриджу'),
(869, 4, 'Розмір картриджу'),
(870, 1, 'Донний клапан'),
(870, 4, 'Донний клапан'),
(871, 1, 'Регулятор струменя'),
(871, 4, 'Регулятор струменя'),
(872, 1, 'Дизайн'),
(872, 4, 'Дизайн'),
(873, 1, 'Тип засобу'),
(873, 4, 'Тип засобу'),
(874, 1, 'Період експлуатації'),
(874, 4, 'Період експлуатації'),
(875, 1, 'Термостат'),
(875, 4, 'Термостат'),
(876, 1, 'Спосіб монтажу'),
(876, 4, 'Спосіб монтажу'),
(877, 1, 'Довжина виливу'),
(877, 4, 'Довжина виливу'),
(878, 1, 'Висота змішувача'),
(878, 4, 'Висота змішувача'),
(879, 1, 'Шланги під\'єднання'),
(879, 4, 'Шланги під\'єднання'),
(880, 1, 'Діаметр під\'єднання шлангів'),
(880, 4, 'Діаметр під\'єднання шлангів'),
(881, 1, 'Напруга'),
(881, 4, 'Напруга'),
(882, 1, 'Орієнтація валу двигуна'),
(882, 4, 'Орієнтація валу двигуна'),
(883, 1, 'Потужність'),
(883, 4, 'Потужність'),
(884, 1, 'Тиск'),
(884, 4, 'Тиск'),
(885, 1, 'Діаметр патрубків'),
(885, 4, 'Діаметр патрубків'),
(886, 1, 'Клас захисту'),
(886, 4, 'Клас захисту'),
(887, 1, 'Монтажна довжина'),
(887, 4, 'Монтажна довжина'),
(888, 1, 'Висота подачі'),
(888, 4, 'Висота подачі'),
(889, 1, 'Монтаж'),
(889, 4, 'Монтаж'),
(890, 1, 'Форма лійки'),
(890, 4, 'Форма лійки'),
(891, 1, 'Висота секції'),
(891, 4, 'Висота секції'),
(892, 1, 'Ширина секції'),
(892, 4, 'Ширина секції'),
(893, 1, 'Глибина секції'),
(893, 4, 'Глибина секції'),
(894, 1, 'Вага секції'),
(894, 4, 'Вага секції'),
(895, 1, 'Кількість секцій'),
(895, 4, 'Кількість секцій'),
(896, 1, 'Регулювання температури'),
(896, 4, 'Регулювання температури'),
(897, 1, 'Розташування вимикача'),
(897, 4, 'Розташування вимикача'),
(898, 1, 'Діаметр вихідного отвору'),
(898, 4, 'Діаметр вихідного отвору'),
(899, 1, 'Об\'єм баку'),
(899, 4, 'Об\'єм баку'),
(900, 1, 'Кронштейн'),
(900, 4, 'Кронштейн'),
(901, 1, 'Вид різьби'),
(901, 4, 'Вид різьби'),
(902, 1, 'Площа обігріву'),
(902, 4, 'Площа обігріву'),
(903, 1, 'Довжина, мм'),
(903, 4, 'Довжина, мм'),
(904, 1, 'Висота, мм'),
(904, 4, 'Висота, мм'),
(905, 1, 'Глибина, мм'),
(905, 4, 'Глибина, мм'),
(906, 1, 'Міжосьова відстань, мм'),
(906, 4, 'Міжосьова відстань, мм'),
(907, 1, 'Тип панельного радіатора'),
(907, 4, 'Тип панельного радіатора'),
(908, 1, 'Тип встановлення'),
(908, 4, 'Тип встановлення'),
(909, 1, 'Колір корпусу'),
(909, 4, 'Колір корпусу'),
(910, 1, 'Теплова потужність, Вт'),
(910, 4, 'Теплова потужність, Вт'),
(911, 1, 'Максимальна температура, °C'),
(911, 4, 'Максимальна температура, °C'),
(912, 1, 'Максимальний робочий тиск, бар'),
(912, 4, 'Максимальний робочий тиск, бар'),
(913, 1, 'Товщина стінки'),
(913, 4, 'Товщина стінки'),
(914, 1, 'Рабочая температура, °C'),
(914, 4, 'Рабочая температура, °C'),
(915, 1, 'Виробник'),
(915, 4, 'Виробник'),
(916, 1, 'Материал уплотнителя'),
(916, 4, 'Материал уплотнителя'),
(917, 1, 'Споживана потужність'),
(917, 4, 'Споживана потужність'),
(918, 1, 'Ширина, мм'),
(918, 4, 'Ширина, мм'),
(919, 1, 'Вага, кг'),
(919, 4, 'Вага, кг'),
(920, 1, 'Тип підключення'),
(920, 4, 'Тип підключення'),
(921, 1, 'Матеріал муфти'),
(921, 4, 'Матеріал муфти'),
(922, 1, 'Продуктивність'),
(922, 4, 'Продуктивність'),
(923, 1, 'Розміри (ВхШхГ)'),
(923, 4, 'Розміри (ВхШхГ)'),
(924, 1, 'Кількість ступеней очищення'),
(924, 4, 'Кількість ступеней очищення'),
(925, 1, 'Мембрана'),
(925, 4, 'Мембрана'),
(926, 1, 'Бак'),
(926, 4, 'Бак'),
(927, 1, 'Кран підключення води'),
(927, 4, 'Кран підключення води'),
(928, 1, 'Штуцер'),
(928, 4, 'Штуцер'),
(929, 4, 'Минимальная температура воды (°C)'),
(930, 1, 'Скорость (об/мин)'),
(930, 4, 'Скорость (об/мин)'),
(931, 1, 'Тип излива'),
(931, 4, 'Тип излива'),
(932, 1, 'Количество режимов струи'),
(932, 4, 'Количество режимов струи'),
(933, 1, 'Тип лейки'),
(933, 4, 'Тип лейки'),
(934, 1, 'Армирование'),
(934, 4, 'Армирование'),
(935, 1, 'Количество контуров'),
(935, 4, 'Количество контуров'),
(936, 1, 'Управление яркостью/температурой освещения'),
(936, 4, 'Управление яркостью/температурой освещения'),
(937, 1, 'Вид подключения'),
(937, 4, 'Вид подключения'),
(938, 1, 'Рекомендуем для комплектации'),
(938, 4, 'Рекомендуем для комплектации'),
(939, 1, 'Габариты чаши (мм)'),
(939, 4, 'Габариты чаши (мм)'),
(940, 1, 'Звукоизоляционная прокладка'),
(940, 4, 'Звукоизоляционная прокладка'),
(941, 1, 'Материал профиля'),
(941, 4, 'Материал профиля'),
(942, 1, 'Номинальный расход газа, природного, м3/ч'),
(942, 4, 'Номинальный расход газа, природного, м3/ч'),
(943, 1, 'Минерализация'),
(943, 4, 'Минерализация'),
(944, 1, 'Производительность (л/сут)'),
(944, 4, 'Производительность (л/сут)'),
(945, 1, 'Порты USB-A'),
(945, 4, 'Порты USB-A'),
(946, 1, 'Рабочее давление, мПа'),
(946, 4, 'Рабочее давление, мПа'),
(947, 1, 'Зеркальное полотно'),
(947, 4, 'Зеркальное полотно'),
(948, 1, 'Количество кнопок управления'),
(948, 4, 'Количество кнопок управления'),
(949, 1, 'Количество светодиодов'),
(949, 4, 'Количество светодиодов'),
(950, 1, 'Световой поток'),
(950, 4, 'Световой поток'),
(951, 1, 'Температура освещения (К)'),
(951, 4, 'Температура освещения (К)'),
(952, 1, 'Фактическая мощность зеркала'),
(952, 4, 'Фактическая мощность зеркала'),
(953, 1, 'Цвет обрамления'),
(953, 4, 'Цвет обрамления'),
(954, 1, 'Цвет света'),
(954, 4, 'Цвет света'),
(955, 1, 'Особенности монтажа'),
(955, 4, 'Особенности монтажа');

-- --------------------------------------------------------

--
-- Структура таблиці `oc_attribute_group`
--

CREATE TABLE `oc_attribute_group` (
  `attribute_group_id` int(11) NOT NULL,
  `sort_order` int(3) NOT NULL
) ENGINE=MyISAM DEFAULT CHARSET=utf8mb3 COLLATE=utf8mb3_general_ci;

--
-- Дамп даних таблиці `oc_attribute_group`
--

INSERT INTO `oc_attribute_group` (`attribute_group_id`, `sort_order`) VALUES
(0, 0);

-- --------------------------------------------------------

--
-- Структура таблиці `oc_attribute_group_description`
--

CREATE TABLE `oc_attribute_group_description` (
  `attribute_group_id` int(11) NOT NULL,
  `language_id` int(11) NOT NULL,
  `name` varchar(64) NOT NULL
) ENGINE=MyISAM DEFAULT CHARSET=utf8mb3 COLLATE=utf8mb3_general_ci;

--
-- Дамп даних таблиці `oc_attribute_group_description`
--

INSERT INTO `oc_attribute_group_description` (`attribute_group_id`, `language_id`, `name`) VALUES
(0, 4, 'Загальні'),
(0, 1, 'Общие');

-- --------------------------------------------------------

--
-- Структура таблиці `oc_banner`
--

CREATE TABLE `oc_banner` (
  `banner_id` int(11) NOT NULL,
  `name` varchar(64) NOT NULL,
  `status` tinyint(1) NOT NULL
) ENGINE=MyISAM DEFAULT CHARSET=utf8mb3 COLLATE=utf8mb3_general_ci;

--
-- Дамп даних таблиці `oc_banner`
--

INSERT INTO `oc_banner` (`banner_id`, `name`, `status`) VALUES
(6, 'Продукция HP', 1),
(7, 'Слайдшоу на главной', 1),
(8, 'Производители', 1);

-- --------------------------------------------------------

--
-- Структура таблиці `oc_banner_image`
--

CREATE TABLE `oc_banner_image` (
  `banner_image_id` int(11) NOT NULL,
  `banner_id` int(11) NOT NULL,
  `language_id` int(11) NOT NULL,
  `title` varchar(64) NOT NULL,
  `link` varchar(255) NOT NULL,
  `image` varchar(255) NOT NULL,
  `sort_order` int(3) NOT NULL DEFAULT 0
) ENGINE=MyISAM DEFAULT CHARSET=utf8mb3 COLLATE=utf8mb3_general_ci;

--
-- Дамп даних таблиці `oc_banner_image`
--

INSERT INTO `oc_banner_image` (`banner_image_id`, `banner_id`, `language_id`, `title`, `link`, `image`, `sort_order`) VALUES
(87, 6, 1, 'HP Banner', 'index.php?route=product/manufacturer/info&amp;manufacturer_id=7', 'catalog/demo/compaq_presario.jpg', 0),
(94, 8, 1, 'NFL', '', 'catalog/demo/manufacturer/nfl.png', 0),
(95, 8, 1, 'RedBull', '', 'catalog/demo/manufacturer/redbull.png', 0),
(96, 8, 1, 'Sony', '', 'catalog/demo/manufacturer/sony.png', 0),
(91, 8, 1, 'Coca Cola', '', 'catalog/demo/manufacturer/cocacola.png', 0),
(92, 8, 1, 'Burger King', '', 'catalog/demo/manufacturer/burgerking.png', 0),
(93, 8, 1, 'Canon', '', 'catalog/demo/manufacturer/canon.png', 0),
(88, 8, 1, 'Harley Davidson', '', 'catalog/demo/manufacturer/harley.png', 0),
(89, 8, 1, 'Dell', '', 'catalog/demo/manufacturer/dell.png', 0),
(90, 8, 1, 'Disney', '', 'catalog/demo/manufacturer/disney.png', 0),
(97, 8, 1, 'Starbucks', '', 'catalog/demo/manufacturer/starbucks.png', 0),
(98, 8, 1, 'Nintendo', '', 'catalog/demo/manufacturer/nintendo.png', 0),
(180, 7, 4, 'Слайдер 2', '/aksessuary-dlya-vannoy-komnaty/umyvalniki-rakoviny/', 'catalog/sliders/4.png', 1),
(131, 6, 4, 'HP Banner', 'index.php?route=product/manufacturer/info&amp;manufacturer_id=7', 'catalog/demo/compaq_presario.jpg', 0),
(132, 8, 4, 'NFL', '', 'catalog/demo/manufacturer/nfl.png', 0),
(133, 8, 4, 'RedBull', '', 'catalog/demo/manufacturer/redbull.png', 0),
(134, 8, 4, 'Sony', '', 'catalog/demo/manufacturer/sony.png', 0),
(135, 8, 4, 'Coca Cola', '', 'catalog/demo/manufacturer/cocacola.png', 0),
(136, 8, 4, 'Burger King', '', 'catalog/demo/manufacturer/burgerking.png', 0),
(137, 8, 4, 'Canon', '', 'catalog/demo/manufacturer/canon.png', 0),
(138, 8, 4, 'Harley Davidson', '', 'catalog/demo/manufacturer/harley.png', 0),
(139, 8, 4, 'Dell', '', 'catalog/demo/manufacturer/dell.png', 0),
(140, 8, 4, 'Disney', '', 'catalog/demo/manufacturer/disney.png', 0),
(141, 8, 4, 'Starbucks', '', 'catalog/demo/manufacturer/starbucks.png', 0),
(142, 8, 4, 'Nintendo', '', 'catalog/demo/manufacturer/nintendo.png', 0),
(179, 7, 4, 'Слайдер 3', '/aksessuary-dlya-vannoy-komnaty/dushevye-peregorodki-i-kabiny/', 'catalog/sliders/6.png', 0),
(178, 7, 1, 'Слайдер 1', '/aksessuary-dlya-kuhny/moyki-dlya-kuhni/', 'catalog/sliders/1.png', 2),
(177, 7, 1, 'Слайдер 2', '/aksessuary-dlya-vannoy-komnaty/umyvalniki-rakoviny/', 'catalog/sliders/3.png', 1),
(176, 7, 1, 'Слайдер 3', '/aksessuary-dlya-vannoy-komnaty/dushevye-peregorodki-i-kabiny/', 'catalog/sliders/5.png', 0),
(181, 7, 4, 'Слайдер 1', '/aksessuary-dlya-kuhny/moyki-dlya-kuhni/', 'catalog/sliders/2.png', 2);

-- --------------------------------------------------------

--
-- Структура таблиці `oc_cart`
--

CREATE TABLE `oc_cart` (
  `cart_id` int(11) UNSIGNED NOT NULL,
  `api_id` int(11) NOT NULL,
  `customer_id` int(11) NOT NULL,
  `session_id` varchar(32) NOT NULL,
  `product_id` int(11) NOT NULL,
  `recurring_id` int(11) NOT NULL,
  `option` text NOT NULL,
  `quantity` int(5) NOT NULL,
  `date_added` datetime NOT NULL
) ENGINE=InnoDB DEFAULT CHARSET=utf8mb3 COLLATE=utf8mb3_general_ci;

-- --------------------------------------------------------

--
-- Структура таблиці `oc_category`
--

CREATE TABLE `oc_category` (
  `category_id` int(11) NOT NULL,
  `category_rozetka` int(11) NOT NULL,
  `image` varchar(255) DEFAULT NULL,
  `parent_id` int(11) NOT NULL DEFAULT 0,
  `top` tinyint(1) NOT NULL,
  `column` int(3) NOT NULL,
  `sort_order` int(3) NOT NULL DEFAULT 0,
  `status` tinyint(1) NOT NULL,
  `date_added` datetime NOT NULL,
  `date_modified` datetime NOT NULL
) ENGINE=MyISAM DEFAULT CHARSET=utf8mb3 COLLATE=utf8mb3_general_ci;

--
-- Дамп даних таблиці `oc_category`
--

INSERT INTO `oc_category` (`category_id`, `category_rozetka`, `image`, `parent_id`, `top`, `column`, `sort_order`, `status`, `date_added`, `date_modified`) VALUES
(38, 0, '', 0, 1, 1, 0, 1, '2025-07-03 16:12:09', '2025-08-05 20:45:48'),
(2, 0, '', 38, 1, 0, 1, 1, '2025-06-26 13:05:18', '2025-07-03 16:13:04'),
(36, 0, 'catalog/nasosi/23.jpg', 23, 1, 1, 0, 1, '2025-07-01 16:12:10', '2025-07-02 11:58:41'),
(37, 0, 'catalog/unixml/49/10004/nasos_sverdlovinniy_vidtsentroviy_koer_3kdm_2_33_60m_1_kp2872.png', 23, 1, 1, 0, 1, '2025-07-02 11:46:16', '2025-09-02 19:17:24'),
(12, 0, NULL, 0, 1, 0, 11, 1, '2025-06-26 13:05:18', '2025-06-26 13:05:18'),
(13, 0, '', 38, 1, 0, 12, 1, '2025-06-26 13:05:18', '2025-07-03 16:19:09'),
(14, 0, 'catalog/unixml/unitazbide1/6.png', 27, 1, 0, 13, 1, '2025-06-26 13:05:18', '2025-08-03 20:07:50'),
(15, 0, 'catalog/unixml/unitazbide1/8.png', 27, 1, 0, 14, 1, '2025-06-26 13:05:19', '2025-08-03 20:12:07'),
(16, 0, '', 38, 1, 0, 15, 1, '2025-06-26 13:05:19', '2025-07-03 16:34:02'),
(19, 0, 'catalog/unixml/unitazbide1/7.png', 27, 1, 0, 18, 1, '2025-06-26 13:05:19', '2025-08-03 20:10:12'),
(20, 0, '', 35, 1, 0, 19, 1, '2025-06-26 13:05:19', '2025-07-03 16:06:08'),
(35, 0, '', 0, 1, 1, 0, 1, '2025-06-29 12:09:49', '2025-07-03 16:05:02'),
(22, 0, NULL, 0, 1, 0, 0, 1, '2025-06-27 07:45:10', '2025-06-27 07:45:10'),
(23, 0, '', 0, 1, 0, 2, 1, '2025-06-27 07:45:10', '2025-07-01 15:48:39'),
(24, 0, '', 35, 1, 0, 3, 1, '2025-06-27 07:45:10', '2025-07-03 16:40:37'),
(25, 0, '', 38, 1, 0, 4, 1, '2025-06-27 07:45:10', '2025-07-03 16:17:31'),
(26, 0, 'catalog/unixml/aksessuaru5/2.png', 0, 1, 0, 5, 1, '2025-06-27 07:45:10', '2025-08-12 07:17:49'),
(27, 0, '', 0, 1, 0, 6, 1, '2025-06-27 07:45:10', '2025-07-03 16:06:54'),
(28, 0, '', 38, 1, 0, 7, 1, '2025-06-27 07:45:10', '2025-07-03 16:16:12'),
(29, 0, '', 38, 1, 0, 8, 1, '2025-06-27 07:45:10', '2025-07-03 16:28:08'),
(30, 0, 'catalog/unixml/unitazbide1/5.png', 27, 1, 0, 9, 1, '2025-06-27 07:45:10', '2025-08-03 20:03:58'),
(32, 0, 'catalog/unixml/unitazbide1/9.png', 27, 1, 0, 16, 1, '2025-06-27 07:45:10', '2025-08-03 20:14:59'),
(33, 0, '', 38, 1, 0, 17, 1, '2025-06-27 07:45:10', '2025-07-03 16:29:59'),
(34, 0, '', 0, 1, 0, 20, 1, '2025-06-27 07:45:10', '2025-07-04 08:10:45'),
(184, 0, 'catalog/unixml/kolektor/56.png', 166, 0, 1, 0, 1, '2025-07-31 11:51:58', '2025-07-31 12:09:08'),
(40, 0, NULL, 0, 1, 0, 6, 1, '2025-07-06 00:00:37', '2025-07-06 00:00:37'),
(41, 0, NULL, 0, 1, 0, 7, 1, '2025-07-06 00:00:37', '2025-07-06 00:00:37'),
(154, 0, 'catalog/111/2.png', 23, 0, 1, 0, 1, '2025-07-21 19:48:25', '2025-07-21 19:48:25'),
(196, 0, 'catalog/unixml/bidepissuar/2.png', 41, 0, 1, 0, 1, '2025-08-03 08:54:53', '2025-08-03 08:59:18'),
(197, 0, 'catalog/unixml/bidepissuar/3.png', 41, 0, 1, 0, 1, '2025-08-03 09:00:40', '2025-08-03 09:06:12'),
(198, 0, 'catalog/unixml/bidepissuar/4.png', 41, 0, 1, 0, 1, '2025-08-03 09:13:20', '2025-08-03 09:17:30'),
(200, 0, 'catalog/unixml/bidepissuar/6.png', 41, 0, 1, 0, 1, '2025-08-03 09:33:23', '2025-08-03 09:38:52'),
(199, 0, 'catalog/unixml/bidepissuar/5.png', 41, 0, 1, 0, 1, '2025-08-03 09:18:22', '2025-08-03 09:29:27'),
(189, 0, 'catalog/unixml/unitazbide/3.png', 166, 0, 1, 0, 1, '2025-07-31 20:51:09', '2025-07-31 20:58:03'),
(195, 0, 'catalog/unixml/kolektor/2.png', 166, 0, 1, 0, 1, '2025-08-02 10:22:11', '2025-08-02 10:33:47'),
(192, 0, 'catalog/unixml/unitazbide/6.png', 166, 0, 1, 0, 1, '2025-07-31 21:14:39', '2025-07-31 21:22:09'),
(194, 0, 'catalog/unixml/unitazbide/8.png', 166, 0, 1, 0, 1, '2025-07-31 21:28:06', '2025-07-31 21:55:23'),
(193, 0, 'catalog/unixml/kolektor/5.jpg', 166, 0, 1, 0, 1, '2025-07-31 21:24:28', '2025-08-02 11:04:21'),
(191, 0, 'catalog/unixml/unitazbide/5.png', 166, 0, 1, 0, 1, '2025-07-31 21:07:44', '2025-07-31 21:09:47'),
(190, 0, 'catalog/unixml/unitazbide/4.png', 166, 0, 1, 0, 1, '2025-07-31 21:00:38', '2025-07-31 21:05:17'),
(188, 0, 'catalog/unixml/unitazbide/2.png', 166, 0, 1, 0, 1, '2025-07-31 20:42:02', '2025-07-31 20:45:40'),
(187, 0, 'catalog/unixml/unitazbide/1.png', 166, 0, 1, 0, 1, '2025-07-31 20:13:52', '2025-07-31 20:18:44'),
(185, 0, 'catalog/unixml/kolektor/1.png', 166, 0, 1, 0, 1, '2025-07-31 14:20:10', '2025-07-31 14:27:00'),
(181, 0, 'catalog/unixml/unitazbide/1.jpeg', 174, 0, 1, 0, 1, '2025-07-31 06:59:36', '2025-07-31 11:32:11'),
(182, 0, 'catalog/unixml/unitaz/2.jpg', 12, 0, 1, 0, 1, '2025-07-31 10:06:30', '2025-07-31 11:05:31'),
(180, 0, 'catalog/unixml/unitaz/3.jpeg', 174, 0, 1, 0, 1, '2025-07-31 06:57:59', '2025-07-31 11:27:08'),
(186, 0, 'catalog/unixml/kolektor/1.1.png', 166, 0, 1, 0, 1, '2025-07-31 14:46:18', '2025-07-31 14:49:07'),
(177, 0, 'catalog/bide1/3.jpg', 12, 0, 1, 0, 1, '2025-07-31 06:22:07', '2025-07-31 11:00:33'),
(172, 0, 'catalog/bide1/1.jpeg', 12, 0, 1, 0, 1, '2025-07-31 05:53:36', '2025-07-31 10:46:38'),
(173, 0, 'catalog/bide1/2.jpg', 12, 0, 1, 0, 1, '2025-07-31 05:55:43', '2025-07-31 10:57:32'),
(179, 0, 'catalog/unixml/unitazbide/2.jpeg', 174, 0, 1, 0, 1, '2025-07-31 06:54:15', '2025-07-31 11:34:09'),
(178, 0, 'catalog/unixml/unitaz/2.png', 174, 0, 1, 0, 1, '2025-07-31 06:51:40', '2025-07-31 11:25:57'),
(176, 0, 'catalog/unixml/unitaz/9.1.jpg', 12, 0, 1, 0, 1, '2025-07-31 05:59:09', '2025-07-31 11:19:56'),
(175, 0, 'catalog/unixml/unitaz/3.jpg', 12, 0, 1, 0, 1, '2025-07-31 05:57:58', '2025-07-31 11:06:59'),
(174, 0, 'catalog/unixml/unitaz/1.jpeg', 12, 0, 1, 0, 1, '2025-07-31 05:57:04', '2025-07-31 11:23:51'),
(169, 0, 'catalog/unixml/unitaz/6.jpg', 177, 0, 1, 0, 1, '2025-07-31 04:34:42', '2025-07-31 11:13:21'),
(170, 0, 'catalog/unixml/unitaz/9.jpg', 177, 0, 1, 0, 1, '2025-07-31 04:37:59', '2025-07-31 11:15:54'),
(168, 0, 'catalog/unixml/unitaz/5.jpg', 177, 0, 1, 0, 1, '2025-07-31 04:32:53', '2025-07-31 11:10:27'),
(163, 0, 'catalog/111/nasosi/nasosi2/3.png', 23, 0, 1, 0, 1, '2025-07-22 21:02:08', '2025-07-22 21:02:08'),
(164, 0, '', 23, 0, 1, 0, 1, '2025-07-22 21:04:04', '2025-07-22 21:04:04'),
(165, 0, '', 23, 0, 1, 0, 1, '2025-07-22 21:06:04', '2025-07-22 21:06:04'),
(167, 0, 'catalog/unixml/unitaz/4.jpg', 177, 0, 1, 0, 1, '2025-07-31 04:31:25', '2025-07-31 11:08:57'),
(166, 0, NULL, 0, 1, 0, 10, 1, '2025-07-29 03:56:13', '2025-07-29 03:56:13'),
(155, 0, 'catalog/nasosi/2.jpeg', 23, 0, 1, 0, 1, '2025-07-22 11:40:11', '2025-07-22 20:21:48'),
(156, 0, 'catalog/nasosi/2.jpg', 23, 1, 1, 0, 1, '2025-07-22 11:45:10', '2025-07-22 11:45:10'),
(157, 0, 'catalog/111/1.jpg', 23, 1, 1, 0, 1, '2025-07-22 11:50:11', '2025-07-22 12:08:59'),
(158, 0, 'catalog/111/nasosi/2.jpg', 23, 1, 1, 0, 1, '2025-07-22 12:19:28', '2025-07-22 12:19:28'),
(159, 0, 'catalog/111/nasosi/1.jpg', 23, 1, 1, 0, 1, '2025-07-22 19:46:41', '2025-07-22 19:46:41'),
(160, 0, 'catalog/111/nasosi/3.jpg', 23, 0, 1, 0, 1, '2025-07-22 20:04:42', '2025-07-22 20:04:42'),
(161, 0, 'catalog/111/nasosi/1.jpeg', 23, 0, 1, 0, 1, '2025-07-22 20:12:52', '2025-07-22 20:12:52'),
(162, 0, 'catalog/111/nasosi/nasosi2/3.jpeg', 23, 0, 1, 0, 1, '2025-07-22 20:20:19', '2025-07-22 20:20:19'),
(153, 0, 'catalog/nasosi/34.png', 23, 1, 1, 0, 1, '2025-07-19 19:44:31', '2025-07-19 20:09:58'),
(201, 0, 'catalog/unixml/bidepissuar/7.png', 41, 0, 1, 0, 1, '2025-08-03 09:53:32', '2025-08-03 11:26:16'),
(202, 0, 'catalog/unixml/bidepissuar/8.png', 41, 0, 1, 0, 1, '2025-08-03 11:30:27', '2025-08-03 11:34:10'),
(203, 0, 'catalog/unixml/bidepissuar/9.png', 41, 0, 1, 0, 1, '2025-08-03 11:36:33', '2025-08-03 11:46:23'),
(204, 0, 'catalog/unixml/bidepissuar/11.png', 41, 0, 1, 0, 1, '2025-08-03 11:49:19', '2025-08-03 12:00:11'),
(205, 0, 'catalog/unixml/unitazbide1/2.png', 30, 0, 1, 0, 1, '2025-08-03 19:05:46', '2025-08-03 19:59:09'),
(206, 0, 'catalog/unixml/unitazbide1/1.png', 30, 0, 1, 0, 1, '2025-08-03 19:16:17', '2025-08-03 19:58:34'),
(207, 0, 'catalog/unixml/bidepissuar/3.1.png', 30, 0, 1, 0, 1, '2025-08-03 19:17:44', '2025-08-03 19:51:50'),
(208, 0, 'catalog/unixml/unitazbide1/4.png', 30, 0, 1, 0, 1, '2025-08-03 19:19:18', '2025-08-03 19:54:50'),
(209, 0, 'catalog/unixml/unitazbide2/2.png', 30, 0, 1, 0, 1, '2025-08-03 19:25:09', '2025-08-03 20:19:10'),
(211, 0, 'catalog/unixml/unitazpissuar/3.png', 15, 0, 1, 0, 1, '2025-08-04 13:56:37', '2025-08-04 22:49:53'),
(212, 0, 'catalog/unixml/unitazpissuar/2.png', 15, 0, 1, 0, 1, '2025-08-04 13:57:51', '2025-08-04 22:50:29'),
(213, 0, 'catalog/unixml/unitazpissuar/susharkupolotenzce/2.png', 32, 0, 1, 0, 1, '2025-08-04 22:55:04', '2025-08-05 20:24:35'),
(214, 0, 'catalog/unixml/unitazpissuar/susharkupolotenzce/4.png', 32, 0, 1, 0, 1, '2025-08-04 22:56:40', '2025-08-05 20:26:06'),
(215, 0, 'catalog/unixml/unitazpissuar/susharkupolotenzce/3.png', 32, 0, 1, 0, 1, '2025-08-04 22:58:33', '2025-08-05 20:25:43'),
(216, 0, 'catalog/unixml/unitazpissuar/susharkupolotenzce/1.png', 32, 0, 1, 0, 1, '2025-08-04 22:59:39', '2025-08-05 20:25:20'),
(217, 0, 'catalog/unixml/kabinuperegorodki/8.png', 19, 0, 1, 0, 1, '2025-08-04 23:03:16', '2025-08-07 21:17:42'),
(218, 0, 'catalog/unixml/kabinuperegorodki/9.png', 217, 0, 1, 0, 1, '2025-08-04 23:05:59', '2025-08-07 21:06:23'),
(219, 0, 'catalog/unixml/kabinuperegorodki/8.png', 217, 0, 1, 0, 1, '2025-08-04 23:08:10', '2025-08-07 20:35:36'),
(220, 0, 'catalog/unixml/kabinuperegorodki/5.png', 19, 0, 1, 0, 1, '2025-08-04 23:10:29', '2025-08-07 19:54:36'),
(221, 0, 'catalog/unixml/kabinuperegorodki/5.png', 220, 0, 1, 0, 1, '2025-08-04 23:11:33', '2025-08-07 20:12:27'),
(222, 0, 'catalog/unixml/kabinuperegorodki/6.png', 220, 0, 1, 0, 1, '2025-08-04 23:12:42', '2025-08-07 20:11:19'),
(223, 0, 'catalog/unixml/kabinuperegorodki/7.png', 220, 0, 1, 0, 1, '2025-08-04 23:14:54', '2025-08-07 20:10:30'),
(224, 0, 'catalog/unixml/kabinuperegorodki/4.png', 19, 0, 1, 0, 1, '2025-08-04 23:17:25', '2025-08-07 19:33:53'),
(225, 0, 'catalog/unixml/kabinuperegorodki/1.png', 19, 0, 1, 0, 1, '2025-08-04 23:18:49', '2025-08-07 19:24:22'),
(226, 0, 'catalog/unixml/unitazpissuar/susharkupolotenzce/dushevbox/7.png', 225, 0, 1, 0, 1, '2025-08-04 23:20:02', '2025-08-07 15:42:24'),
(227, 0, 'catalog/unixml/kabinuperegorodki/2.png', 225, 0, 1, 0, 1, '2025-08-04 23:21:04', '2025-08-07 19:10:31'),
(228, 0, 'catalog/unixml/unitazpissuar/susharkupolotenzce/dushevbox/1.png', 225, 0, 1, 0, 1, '2025-08-04 23:21:59', '2025-08-07 19:07:59'),
(229, 0, 'catalog/unixml/unitazpissuar/susharkupolotenzce/dushevbox/2.png', 19, 0, 1, 0, 1, '2025-08-04 23:24:44', '2025-08-07 19:22:36'),
(230, 0, 'catalog/unixml/unitazpissuar/susharkupolotenzce/dushevbox/6.png', 229, 0, 1, 0, 1, '2025-08-04 23:25:55', '2025-08-07 15:23:50'),
(231, 0, 'catalog/unixml/unitazpissuar/susharkupolotenzce/dushevbox/4.png', 229, 0, 1, 0, 1, '2025-08-04 23:26:53', '2025-08-07 15:23:06'),
(232, 0, 'catalog/unixml/unitazpissuar/susharkupolotenzce/dushevbox/3.png', 229, 0, 1, 0, 1, '2025-08-04 23:28:45', '2025-08-07 15:13:10'),
(233, 0, 'catalog/unixml/unitazpissuar/susharkupolotenzce/dushevbox/2.png', 229, 0, 1, 0, 1, '2025-08-04 23:29:59', '2025-08-07 15:05:31'),
(234, 0, 'catalog/unixml/kabinuperegorodki/3.png', 19, 0, 1, 0, 1, '2025-08-04 23:32:01', '2025-08-07 19:21:03'),
(235, 0, 'catalog/unixml/aksessuaru/1.png', 40, 0, 1, 0, 1, '2025-08-08 08:42:07', '2025-08-08 08:51:26'),
(236, 0, 'catalog/unixml/aksessuaru/5.png', 40, 0, 1, 0, 1, '2025-08-08 08:58:01', '2025-08-08 09:26:37'),
(237, 0, 'catalog/unixml/aksessuaru/2.png', 236, 0, 1, 0, 1, '2025-08-08 08:59:35', '2025-08-08 09:02:33'),
(238, 0, 'catalog/unixml/aksessuaru/6.png', 236, 0, 1, 0, 1, '2025-08-08 09:29:30', '2025-08-08 09:39:39'),
(239, 0, 'catalog/unixml/aksessuaru/7.png', 236, 0, 1, 0, 1, '2025-08-08 10:09:48', '2025-08-08 10:13:24'),
(240, 0, 'catalog/unixml/aksessuaru/8.png', 236, 0, 1, 0, 1, '2025-08-08 13:51:17', '2025-08-08 13:54:50'),
(241, 0, 'catalog/unixml/aksessuaru/9.png', 236, 0, 1, 0, 1, '2025-08-08 14:47:05', '2025-08-08 14:49:11'),
(242, 0, 'catalog/unixml/aksessuaru2/1.1.jpeg', 236, 0, 1, 0, 1, '2025-08-08 14:57:01', '2025-08-08 15:03:20'),
(243, 0, 'catalog/unixml/aksessuaru2/11.png', 236, 0, 1, 0, 1, '2025-08-08 15:05:30', '2025-08-08 15:09:24'),
(244, 0, 'catalog/unixml/aksessuaru2/12.png', 236, 0, 1, 0, 1, '2025-08-08 15:11:13', '2025-08-08 15:13:42'),
(245, 0, 'catalog/unixml/unitazpissuar/12.png', 236, 0, 1, 0, 1, '2025-08-08 18:30:04', '2025-08-08 18:49:06'),
(246, 0, 'catalog/unixml/unitazpissuar/13.png', 40, 0, 1, 0, 1, '2025-08-08 18:59:13', '2025-08-08 19:03:24'),
(247, 0, 'catalog/unixml/unitazpissuar/1.png', 246, 0, 1, 0, 1, '2025-08-09 06:20:35', '2025-08-09 06:42:44'),
(248, 0, 'catalog/unixml/yorshtyalet/2.png', 246, 0, 1, 0, 1, '2025-08-09 06:44:39', '2025-08-09 06:50:36'),
(249, 0, 'catalog/unixml/yorshtyalet/3.png', 246, 0, 1, 0, 1, '2025-08-09 06:52:32', '2025-08-09 06:56:36'),
(250, 0, 'catalog/unixml/yorshtyalet/4.png', 246, 0, 1, 0, 1, '2025-08-09 07:03:07', '2025-08-09 07:07:33'),
(268, 0, 'catalog/unixml/aksessuaru3/3.png', 267, 0, 1, 0, 1, '2025-08-10 10:50:58', '2025-08-10 10:58:57'),
(252, 0, 'catalog/unixml/yorshtyalet/5.png', 40, 0, 1, 0, 1, '2025-08-09 11:46:08', '2025-08-09 12:00:47'),
(254, 0, 'catalog/unixml/yorshtyalet/7.png', 40, 0, 1, 0, 1, '2025-08-09 12:07:06', '2025-08-09 12:21:57'),
(255, 0, 'catalog/unixml/yorshtyalet/5.png', 254, 0, 1, 0, 1, '2025-08-09 12:08:49', '2025-08-09 12:12:51'),
(256, 0, 'catalog/unixml/yorshtyalet/6.png', 254, 0, 1, 0, 1, '2025-08-09 12:14:50', '2025-08-09 12:17:03'),
(257, 0, 'catalog/unixml/yorshtyalet/8.png', 40, 0, 1, 0, 1, '2025-08-09 14:25:38', '2025-08-09 14:28:37'),
(258, 0, 'catalog/unixml/yorshtyalet/11.png', 40, 0, 1, 0, 1, '2025-08-09 14:30:33', '2025-08-09 14:39:45'),
(259, 0, 'catalog/unixml/yorshtyalet/9.png', 258, 0, 1, 0, 1, '2025-08-09 14:31:39', '2025-08-09 14:37:48'),
(260, 0, 'catalog/unixml/yorshtyalet/12.png', 258, 0, 1, 0, 1, '2025-08-09 14:32:31', '2025-08-09 15:04:45'),
(261, 0, 'catalog/unixml/yorshtyalet/13.png', 258, 0, 1, 0, 1, '2025-08-09 14:33:32', '2025-08-09 20:09:33'),
(262, 0, 'catalog/unixml/yorshtyalet/17.png', 40, 0, 1, 0, 1, '2025-08-09 20:21:14', '2025-08-09 20:38:50'),
(263, 0, 'catalog/unixml/yorshtyalet/14.png', 262, 0, 1, 0, 1, '2025-08-09 20:24:53', '2025-08-09 20:29:44'),
(264, 0, 'catalog/unixml/yorshtyalet/15.png', 262, 0, 1, 0, 1, '2025-08-09 20:26:27', '2025-08-09 20:31:35'),
(265, 0, 'catalog/unixml/yorshtyalet/16.png', 262, 0, 1, 0, 1, '2025-08-09 20:27:22', '2025-08-09 20:34:27'),
(266, 0, 'catalog/unixml/yorshtyalet/1.png', 40, 0, 1, 0, 1, '2025-08-10 10:34:41', '2025-08-10 10:45:56'),
(267, 0, 'catalog/unixml/aksessuaru3/2.png', 40, 0, 1, 0, 1, '2025-08-10 10:47:39', '2025-08-10 10:58:13'),
(269, 0, 'catalog/unixml/aksessuaru3/4.png', 267, 0, 1, 0, 1, '2025-08-10 10:53:17', '2025-08-10 10:59:13'),
(270, 0, 'catalog/unixml/aksessuaru3/8.png', 40, 0, 1, 0, 1, '2025-08-10 11:02:42', '2025-08-10 11:20:01'),
(271, 0, 'catalog/unixml/aksessuaru3/7.png', 270, 0, 1, 0, 1, '2025-08-10 11:06:32', '2025-08-10 11:17:56'),
(272, 0, 'catalog/unixml/aksessuaru3/5.png', 270, 0, 1, 0, 1, '2025-08-10 11:07:28', '2025-08-10 11:17:38'),
(273, 0, 'catalog/unixml/aksessuaru3/6.png', 270, 0, 1, 0, 1, '2025-08-10 11:08:11', '2025-08-10 11:17:20'),
(274, 0, 'catalog/unixml/aksessuaru3/9.png', 40, 0, 1, 0, 1, '2025-08-10 11:51:35', '2025-08-10 11:53:54'),
(275, 0, 'catalog/unixml/aksessuaru3/1.jpg', 40, 0, 1, 0, 1, '2025-08-11 09:55:00', '2025-08-11 10:05:00'),
(276, 0, 'catalog/unixml/aksessuaru3/1.jpg', 275, 0, 1, 0, 1, '2025-08-11 09:56:12', '2025-08-11 10:05:23'),
(277, 0, 'catalog/unixml/aksessuaru4/2.png', 275, 0, 1, 0, 1, '2025-08-11 09:57:27', '2025-08-11 10:07:21'),
(278, 0, 'catalog/unixml/aksessuaru4/5.png', 40, 0, 1, 0, 1, '2025-08-11 10:19:34', '2025-08-11 10:55:23'),
(279, 0, 'catalog/unixml/aksessuaru4/3.png', 278, 0, 1, 0, 1, '2025-08-11 10:20:50', '2025-08-11 10:56:13'),
(280, 0, 'catalog/unixml/aksessuaru4/4.png', 278, 0, 1, 0, 1, '2025-08-11 10:22:15', '2025-08-11 10:55:49'),
(281, 0, 'catalog/unixml/aksessuaru5/2.png', 26, 0, 1, 0, 1, '2025-08-11 11:01:06', '2025-08-11 16:58:24'),
(282, 0, 'catalog/unixml/aksessuaru4/1.png', 26, 0, 1, 0, 1, '2025-08-11 11:02:14', '2025-08-11 16:57:53'),
(283, 0, 'catalog/unixml/aksessuaru6/3.png', 26, 0, 1, 0, 1, '2025-08-11 11:03:20', '2025-08-11 20:31:11'),
(284, 0, 'catalog/unixml/aksessuaru2/3.png', 26, 0, 1, 0, 1, '2025-08-11 11:04:15', '2025-08-12 07:40:45'),
(285, 0, 'catalog/unixml/aksessuaru5/3.png', 284, 0, 1, 0, 1, '2025-08-11 11:05:58', '2025-08-11 18:01:21'),
(286, 0, 'catalog/unixml/aksessuaru7/2.png', 284, 0, 1, 0, 1, '2025-08-11 11:07:37', '2025-08-12 07:16:39'),
(287, 0, 'catalog/unixml/aksessuaru5/5.png', 284, 0, 1, 0, 1, '2025-08-11 11:08:47', '2025-08-11 18:49:54'),
(288, 0, 'catalog/unixml/aksessuaru5/1.png', 284, 0, 1, 0, 1, '2025-08-11 11:10:09', '2025-08-11 19:56:11'),
(289, 0, 'catalog/unixml/aksessuaru6/2.png', 284, 0, 1, 0, 1, '2025-08-11 11:11:53', '2025-08-11 20:10:04'),
(290, 0, 'catalog/unixml/aksessuaru6/1.png', 284, 0, 1, 0, 1, '2025-08-11 11:12:53', '2025-08-12 07:04:41'),
(291, 0, 'catalog/unixml/aksessuaru5/5.png', 26, 0, 1, 0, 1, '2025-08-11 11:14:11', '2025-08-12 07:31:00'),
(292, 0, 'catalog/unixml/kuhonnyy-smesitel/2.png', 22, 0, 1, 0, 1, '2025-08-12 13:08:51', '2025-08-12 20:41:47'),
(310, 0, 'catalog/unixml/aksessuaru2/1.png', 309, 0, 1, 0, 1, '2025-08-22 01:30:22', '2025-08-22 01:45:41'),
(294, 0, '', 22, 0, 1, 0, 1, '2025-08-12 13:10:22', '2025-08-12 13:10:22'),
(295, 0, '', 22, 0, 1, 0, 1, '2025-08-12 13:11:30', '2025-08-12 13:11:30'),
(296, 0, '', 22, 0, 1, 0, 1, '2025-08-12 13:12:44', '2025-08-12 13:12:44'),
(297, 0, '', 22, 0, 1, 0, 1, '2025-08-12 13:14:00', '2025-08-12 13:14:00'),
(298, 0, '', 22, 0, 1, 0, 1, '2025-08-12 13:15:21', '2025-08-12 13:15:21'),
(299, 0, '', 22, 0, 1, 0, 1, '2025-08-12 13:17:01', '2025-08-12 13:17:01'),
(300, 0, '', 22, 0, 1, 0, 1, '2025-08-12 13:18:18', '2025-08-12 13:18:18'),
(301, 0, '', 22, 0, 1, 0, 1, '2025-08-12 13:19:20', '2025-08-12 13:19:20'),
(302, 0, '', 22, 0, 1, 0, 1, '2025-08-12 13:20:18', '2025-08-12 13:20:18'),
(303, 0, '', 22, 0, 1, 0, 1, '2025-08-12 13:22:05', '2025-08-12 13:22:05'),
(304, 0, 'catalog/unixml/zmishyvachi/1.png', 292, 0, 1, 0, 1, '2025-08-12 14:41:31', '2025-08-12 15:07:48'),
(305, 0, 'catalog/unixml/49/10000/zmishuvach_dlya_kuhni_armata_sus_011_n_reflector_z_reflektornim_vilivom_bez_pidvedennya_ch6483.png', 292, 0, 1, 0, 1, '2025-08-12 14:42:42', '2025-08-19 08:45:39'),
(306, 0, 'catalog/unixml/aksessuaru7/3.png', 292, 0, 1, 0, 1, '2025-08-12 14:43:37', '2025-08-12 20:28:01'),
(307, 0, 'catalog/unixml/49/10/zmishuvach_dlya_umivalnika_haiba_agat_555_viliv_15_sm_hb0010.png', 292, 0, 1, 0, 1, '2025-08-12 14:44:39', '2025-08-19 08:46:46'),
(308, 0, 'catalog/unixml/aksessuaru7/1.png', 292, 0, 1, 0, 1, '2025-08-12 14:45:48', '2025-08-12 19:58:18'),
(309, 0, 'catalog/unixml/smessitely/6.png', 22, 0, 1, 0, 1, '2025-08-22 01:27:16', '2025-08-22 02:13:32'),
(311, 0, 'catalog/unixml/smessitely/2.png', 309, 0, 1, 0, 1, '2025-08-22 01:32:00', '2025-08-22 01:52:12'),
(312, 0, 'catalog/unixml/smessitely/3.png', 309, 0, 1, 0, 1, '2025-08-22 01:33:59', '2025-08-22 01:57:47'),
(313, 0, 'catalog/unixml/smessitely/4.png', 309, 0, 1, 0, 1, '2025-08-22 01:35:58', '2025-08-22 02:03:03'),
(314, 0, 'catalog/unixml/smessitely/5.png', 309, 0, 1, 0, 1, '2025-08-22 01:37:21', '2025-08-22 02:06:48'),
(315, 0, NULL, 0, 1, 0, 2, 1, '2025-08-26 00:00:40', '2025-08-26 00:00:40');

-- --------------------------------------------------------

--
-- Структура таблиці `oc_category_description`
--

CREATE TABLE `oc_category_description` (
  `category_id` int(11) NOT NULL,
  `language_id` int(11) NOT NULL,
  `name` varchar(255) NOT NULL,
  `description` text NOT NULL,
  `meta_title` varchar(255) NOT NULL,
  `meta_h1` varchar(255) NOT NULL,
  `meta_description` varchar(255) NOT NULL,
  `meta_keyword` varchar(255) NOT NULL
) ENGINE=MyISAM DEFAULT CHARSET=utf8mb3 COLLATE=utf8mb3_general_ci;

--
-- Дамп даних таблиці `oc_category_description`
--

INSERT INTO `oc_category_description` (`category_id`, `language_id`, `name`, `description`, `meta_title`, `meta_h1`, `meta_description`, `meta_keyword`) VALUES
(284, 4, 'Радіаторна арматура', '', '', '', '', ''),
(282, 4, 'Алюмінієві радіатори', '', '', '', '', ''),
(281, 1, 'Биметаллические радиаторы', '', '', '', '', ''),
(2, 1, 'Сифоны, трапы', '', 'Сифоны, трапы', '', '', ''),
(2, 4, 'Сифоны, трапы', '', 'Сифоны, трапы', '', '', ''),
(187, 1, 'Шкаф коллекторный', '', '', '', '', ''),
(187, 4, 'Шафа колекторна ', '', '', '', '', ''),
(40, 1, 'Аксессуары для ванной комнаты', '', 'Аксессуары для ванной комнаты', '', '', ''),
(40, 4, 'Аксессуары для ванной комнаты', '', 'Аксессуары для ванной комнаты', '', '', ''),
(41, 1, 'Водоочистка', '', 'Водоочистка', '', '', ''),
(41, 4, 'Водоочистка', '', 'Водоочистка', '', '', ''),
(154, 1, 'Вибрационные  насосы', '', '', '', '', ''),
(154, 4, 'Вібраційні  насоси', '', '', '', '', ''),
(155, 4, 'Поверхневі  насоси', '', '', '', '', ''),
(155, 1, ' Поверхностные насосы', '', '', '', '', ''),
(156, 1, 'Дренажный насос', '', '', '', '', ''),
(37, 1, 'Скважинные насосы', '', 'Скважинные насосы', '', '', ''),
(26, 1, 'Радиаторы отопления', '', 'Радиаторы отопления', '', '', ''),
(28, 1, 'Фильтры очистки воды и комплектующие', '', 'Водоочистка', '', '', ''),
(29, 1, 'Трубы и фитинги', '', 'Трубы и фитинги', '', '', ''),
(35, 4, 'Все  для кухні', '', '', '', '', ''),
(35, 1, 'Все  для кухни', '', '', '', '', ''),
(36, 1, 'Насосы повышения давления', '', 'Насосы повышения давления', '', '', ''),
(36, 4, 'Насоси підвищення тиску', '', 'Насоси підвищення тиску', '', '', ''),
(12, 1, 'Унитазы, биде, писсуары', '', 'Унитазы, биде, писсуары', '', '', ''),
(12, 4, 'Унитазы, биде, писсуары', '', 'Унитазы, биде, писсуары', '', '', ''),
(13, 4, 'Інсталяційні системи та зливна арматура', '', 'Инсталляционные системы и сливная арматура', '', '', ''),
(13, 1, 'Инсталляционные системы и сливная арматура', '', 'Инсталляционные системы и сливная арматура', '', '', ''),
(14, 4, 'Умивальники (раковини)', '', 'Умивальники (раковини)', '', '', ''),
(15, 1, 'Зеркала', '', 'Зеркала', '', '', ''),
(15, 4, 'Дзеркала', '', 'Зеркала', '', '', ''),
(16, 1, 'Система отопления', '', 'Система отопления', '', '', ''),
(16, 4, 'Система опалення', '', 'Система отопления', '', '', ''),
(217, 1, 'Душевые перегородки Walk-In', '', '', '', '', ''),
(38, 1, 'Компоненты принадлежности к ванной комнате', '', 'Компоненты принадлежности к ванной комнате', '', '', ''),
(30, 1, 'Водонагреватели', '', 'Водонагреватели', '', '', ''),
(14, 1, 'Умывальники (раковины)', '', 'Умывальники (раковины)', '', '', ''),
(19, 1, 'Душевые перегородки и кабины', '', 'Душевые перегородки и кабины', '', '', ''),
(19, 4, 'Душові перегородки та кабіни', '', 'Душевые перегородки и кабины', '', '', ''),
(20, 4, 'Системи захисту  від протікання води ', '', 'Системи захисту  від протікання води ', '', '', ''),
(20, 1, 'Системы защиты от протечки воды', '', 'Системы защиты от протечки воды', '', '', ''),
(37, 4, 'Свердловинні насоси', '', 'Свердловинні насоси', '', '', ''),
(22, 1, 'Смесители', '', 'Смесители', '', '', ''),
(22, 4, 'Крани та змішувачі', '', 'Смесители', '', '', ''),
(23, 1, 'Насосы и оборудование', '', 'Насосное оборудование', '', '', ''),
(23, 4, 'Насоси та обладнання', '', 'Насосное оборудование', '', '', ''),
(24, 4, 'Мийка для кухні', '', 'Мойки для кухни', '', '', ''),
(24, 1, 'Мойки для кухни', '', 'Мойки для кухни', '', '', ''),
(25, 4, 'Запірно-регулююча арматура', '', 'Запорно-регулирующая арматура', '', '', ''),
(25, 1, 'Запорно-регулирующая арматура', '', 'Запорно-регулирующая арматура', '', '', ''),
(26, 4, 'Радіатори опалення та комплектуючі', '', 'Радиаторы отопления', '', '', ''),
(27, 4, 'Все  для ванних кімнат', '', 'Аксессуары для ванной комнаты', '', '', ''),
(27, 1, 'Все  для ванной комнаты', '', 'Аксессуары для ванной комнаты', '', '', ''),
(28, 4, 'Фільтри очищення води та комплектуючі', '', 'Водоочистка', '', '', ''),
(29, 4, 'Труби та фітинги', '', 'Трубы и фитинги', '', '', ''),
(30, 4, 'Проточні водонагрівачі', '', 'Водонагреватели', '', '', ''),
(188, 4, 'Кран RTL', '', '', '', '', ''),
(186, 1, 'Смесительный узел для теплого пола', '', '', '', '', ''),
(32, 1, 'Полотенцесушители', '', 'Полотенцесушители', '', '', ''),
(32, 4, 'Сушки для рушників', '', 'Полотенцесушители', '', '', ''),
(33, 4, 'Ущільнювачі та ізоляція', '', 'Уплотнительные материалы', '', '', ''),
(33, 1, 'Уплотнительные материалы', '', 'Уплотнительные материалы', '', '', ''),
(34, 4, 'Зарядні станції та генератори', '', 'Зарядные станции и генераторы', '', '', ''),
(34, 1, 'Зарядные станции и генераторы', '', 'Зарядные станции и генераторы', '', '', ''),
(284, 1, 'Радиаторная арматура', '', '', '', '', ''),
(285, 4, 'Вентель регулюючий радіатора', '', '', '', '', ''),
(285, 1, 'Вентель регулирующий радиатора', '', '', '', '', ''),
(286, 4, 'Вентель балансувальний радіатора', '', '', '', '', ''),
(286, 1, 'Вентель балансировочный радиатора', '', '', '', '', ''),
(287, 4, 'Термокомплекти', '', '', '', '', ''),
(287, 1, 'Термокомплекты', '', '', '', '', ''),
(288, 4, 'Вентилі для радіаторів з нижнім підключенням', '', '', '', '', ''),
(288, 1, 'Вентили для радиаторов с нижним подключением', '', '', '', '', ''),
(289, 4, 'Кран термостатичний', '', '', '', '', ''),
(289, 1, 'Кран термостатический', '', '', '', '', ''),
(290, 1, 'Термоголовки', '', '', '', '', ''),
(290, 4, 'Термоголовки', '', '', '', '', ''),
(301, 1, 'Монокраны', '', '', '', '', ''),
(301, 4, 'Монокрани', '', '', '', '', ''),
(291, 1, 'Комплектующие к радиаторам', '', '', '', '', ''),
(291, 4, 'Комплектуючі до радіаторів', '', '', '', '', ''),
(292, 4, 'Змішувачі для кухні', '', '', '', '', ''),
(292, 1, 'Смесители для кухни', '', '', '', '', ''),
(310, 4, 'Змішувачі для умивальника низькі', '', '', '', '', ''),
(294, 1, 'Смесители для ванны', '', '', '', '', ''),
(294, 4, 'Змішувачі для ванни', '', '', '', '', ''),
(295, 1, 'Смесители для душа', '', '', '', '', ''),
(295, 4, 'Змішувачі для душу', '', '', '', '', ''),
(296, 1, 'Душевые колонны', '', '', '', '', ''),
(296, 4, 'Душові колони', '', '', '', '', ''),
(297, 1, 'Душевые системы встроенного монтажа', '', '', '', '', ''),
(297, 4, 'Душові системи вбудованого монтажу', '', '', '', '', ''),
(298, 1, 'Смесители для гигиенического душа', '', '', '', '', ''),
(298, 4, 'Змішувачі для гігієнічного душу', '', '', '', '', ''),
(299, 1, 'Смесители для биде', '', '', '', '', ''),
(299, 4, 'Змішувачі для біде', '', '', '', '', ''),
(300, 1, 'Краны для писсуара', '', '', '', '', ''),
(300, 4, 'Крани для пісуару', '', '', '', '', ''),
(283, 1, 'Стальные радиаторы', '', '', '', '', ''),
(282, 1, 'Алюминиевые радиаторы', '', '', '', '', ''),
(283, 4, 'Сталеві радіатори', '', '', '', '', ''),
(280, 1, 'Шторка-занавеска для ванны', '', '', '', '', ''),
(279, 1, 'Штанга телескопическая для штор', '', '', '', '', ''),
(254, 1, 'Дозаторы для жидкого мыла', '', '', '', '', ''),
(254, 4, 'Дозатори для рідкого мила', '', '', '', '', ''),
(255, 1, 'Дозатор для жидкого мыла бесконтактный', '', '', '', '', ''),
(255, 4, 'Дозатор для рідкого мила безконтактний', '', '', '', '', ''),
(280, 4, 'Шторка-фіранка для ванни', '', '', '', '', ''),
(256, 1, 'Дозатор для жидкого мыла настенный', '', '', '', '', ''),
(256, 4, 'Дозатор для рідкого мила настінний', '', '', '', '', ''),
(257, 1, 'Запчасти и средства для монтажа', '', '', '', '', ''),
(257, 4, 'Запчастини та засоби для монтажу', '', '', '', '', ''),
(258, 4, 'Відра для сміття', '', '', '', '', ''),
(258, 1, 'Ведра для мусора', '', '', '', '', ''),
(259, 4, 'Відро для сміття без плавного закриття', '', '', '', '', ''),
(259, 1, 'Мусорное ведро без плавного закрытия', '', '', '', '', ''),
(260, 4, 'Відро для сміття з плавним закриттям', '', '', '', '', ''),
(260, 1, 'Мусорное ведро с плавным закрытием', '', '', '', '', ''),
(279, 4, 'Штанга телескопічна для штор', '', '', '', '', ''),
(261, 1, 'Мусорное ведро сенсорное', '', '', '', '', ''),
(261, 4, 'Відро для сміття сенсорне', '', '', '', '', ''),
(262, 4, 'Мильниці', '', '', '', '', ''),
(262, 1, 'Мыльницы', '', '', '', '', ''),
(263, 4, 'Мильниця настінна', '', '', '', '', ''),
(263, 1, 'Мыльница настенная', '', '', '', '', ''),
(264, 4, 'Мильниця настільна', '', '', '', '', ''),
(264, 1, 'Мыльница настольная', '', '', '', '', ''),
(278, 1, 'Шторки для ванны', '', '', '', '', ''),
(265, 1, 'Мыльница без держателя', '', '', '', '', ''),
(265, 4, 'Мильниця без тримача', '', '', '', '', ''),
(278, 4, 'Шторки для ванни', '', '', '', '', ''),
(266, 1, 'Наборы аксессуаров для ванной комнаты', '', '', '', '', ''),
(266, 4, 'Набори аксесуарів для ванної кімнати', '', '', '', '', ''),
(267, 4, 'Склянки', '', '', '', '', ''),
(267, 1, 'Стаканы', '', '', '', '', ''),
(268, 1, 'Стакан с держателем', '', '', '', '', ''),
(277, 1, 'Сушилка для рук погружного типа', '', '', '', '', ''),
(269, 1, 'Стакан', '', '', '', '', ''),
(269, 4, 'Склянка', '', '', '', '', ''),
(270, 1, 'Полки', '', '', '', '', ''),
(270, 4, 'Полиці', '', '', '', '', ''),
(274, 4, 'Поручні', '', '', '', '', ''),
(271, 1, 'Полка-ниша встроена', '', '', '', '', ''),
(271, 4, 'Полиця-ніша вбудована', '', '', '', '', ''),
(272, 1, 'Полка универсальная', '', '', '', '', ''),
(272, 4, 'Полиця універсальна', '', '', '', '', ''),
(274, 1, 'Поручни', '', '', '', '', ''),
(273, 1, 'Полка угловая', '', '', '', '', ''),
(273, 4, 'Полиця кутова', '', '', '', '', ''),
(275, 4, 'Сушарки для рук', '', '', '', '', ''),
(275, 1, 'Сушилки для рук', '', '', '', '', ''),
(276, 4, 'Сушарка для рук класична', '', '', '', '', ''),
(276, 1, 'Сушилка для рук классическая', '', '', '', '', ''),
(277, 4, 'Сушарка для рук занурювального типу', '', '', '', '', ''),
(252, 1, 'Дозаторы-дезинфекторы для антисептика', '', '', '', '', ''),
(281, 4, 'Біметалічні радіатори', '', '', '', '', ''),
(244, 1, 'Держатель-сушилка для радиатора', '', '', '', '', ''),
(244, 4, 'Тримач-сушарка для радіатора', '', '', '', '', ''),
(250, 1, 'Ершик универсальный', '', '', '', '', ''),
(250, 4, 'Йоржик універсальний', '', '', '', '', ''),
(245, 1, 'Держатель для бумажных полотенец', '', 'Держатель для бумажных полотенец', '', '', ''),
(245, 4, 'Тримач для паперових рушників', '', 'Тримач для паперових рушників', '', '', ''),
(268, 4, 'Склянка з тримачем', '', '', '', '', ''),
(246, 1, 'Ершики', '', '', '', '', ''),
(246, 4, 'Йоржики', '', '', '', '', ''),
(247, 1, 'Ершик напольный', '', '', '', '', ''),
(247, 4, 'Йоржик підлоговий', '', '', '', '', ''),
(248, 1, 'Ершик подвесной', '', '', '', '', ''),
(248, 4, 'Йоржик підвісний', '', '', '', '', ''),
(252, 4, 'Дозатори-дезінфектори для антисептика', '', '', '', '', ''),
(249, 1, 'Ершик сменный', '', '', '', '', ''),
(249, 4, 'Йоржик змінний', '', '', '', '', ''),
(243, 1, 'Держатель для зубных щеток', '', 'Держатель для зубных щеток', '', '', ''),
(241, 1, 'Держатель для стакана, мыльницы', '', 'Держатель для стакана, мыльницы', '', '', ''),
(241, 4, 'Тримач для склянки, мильниці', '', 'Тримач для склянки, мильниці', '', '', ''),
(243, 4, 'Тримач для зубних щіток', '', 'Тримач для зубних щіток', '', '', ''),
(242, 1, 'Держатель для фена', '', '', '', '', ''),
(242, 4, 'Тримач для фена', '', '', '', '', ''),
(240, 1, 'Держатель для полотенца', '', '', '', '', ''),
(240, 4, 'Тримач для рушника', '', '', '', '', ''),
(235, 1, 'Косметические зеркала', '', '', '', '', ''),
(235, 4, 'Косметичні дзеркала', '', '', '', '', ''),
(236, 1, 'Держатели', '', '', '', '', ''),
(236, 4, 'Тримачі', '', '', '', '', ''),
(237, 1, 'Крючок', '', '', '', '', ''),
(237, 4, 'Гачок', '', '', '', '', ''),
(238, 1, 'Планка с крючками', '', '', '', '', ''),
(238, 4, 'Планка з гачками', '', '', '', '', ''),
(239, 4, 'Тримач для туалетного паперу', '', '', '', '', ''),
(239, 1, 'Держатель для туалетной бумаги', '', '', '', '', ''),
(231, 1, 'Бокс душевой с гидромассажем с высоким поддоном', '', '', '', '', ''),
(38, 4, 'Компоненти  приналежності  до  ваної  кімнати', '', 'Компоненти  приналежності  до  ваної  кімнати', '', '', ''),
(234, 1, 'Поддоны для душевых кабин', '', '', '', '', ''),
(234, 4, 'Піддони для душових кабін', '', '', '', '', ''),
(233, 4, 'Бокс душовий без гідромасажу з високим піддоном', '', '', '', '', ''),
(233, 1, 'Бокс душевой без гидромассажа с высоким поддоном', '', '', '', '', ''),
(232, 1, 'Бокс душевой без гидромассажа с низким поддоном', '', '', '', '', ''),
(232, 4, 'Бокс душовий без гідромасажу з низьким піддоном', '', '', '', '', ''),
(231, 4, 'Бокс душовий з гідромасажем з високим піддоном', '', '', '', '', ''),
(218, 1, 'Душевая перегородка (одна стена)', '', '', '', '', ''),
(219, 4, 'Душова перегородка (дві та більше стіни)', '', '', '', '', ''),
(219, 1, 'Душевая перегородка (две и более стены)', '', '', '', '', ''),
(220, 4, 'Двері в нішу', '', '', '', '', ''),
(220, 1, 'Двери в нишу', '', '', '', '', ''),
(221, 4, 'Двері у нішу розсувні', '', '', '', '', ''),
(221, 1, 'Дверь в нишу раздвижная', '', '', '', '', ''),
(222, 4, 'Двері у нішу розпашні', '', '', '', '', ''),
(222, 1, 'Дверь в нишу распашная', '', '', '', '', ''),
(223, 4, 'Бічна стінка', '', '', '', '', ''),
(223, 1, 'Боковая стенка ', '', '', '', '', ''),
(224, 4, 'Шторки на вану', '', '', '', '', ''),
(224, 1, 'Шторки на ванну', '', '', '', '', ''),
(225, 4, 'Душові кабіни', '', '', '', '', ''),
(225, 1, 'Душевые кабины', '', '', '', '', ''),
(226, 4, 'Душова кабіна без піддону', '', '', '', '', ''),
(226, 1, 'Душевая кабина без поддона', '', '', '', '', ''),
(227, 4, 'Душова кабіна з низьким піддоном', '', '', '', '', ''),
(227, 1, 'Душевая кабина с низким поддоном', '', '', '', '', ''),
(228, 4, 'Душова кабіна з високим піддоном', '', '', '', '', ''),
(228, 1, 'Душевая кабина с высоким поддоном', '', '', '', '', ''),
(229, 4, 'Душові бокси', '', '', '', '', ''),
(229, 1, 'Душевые боксы', '', '', '', '', ''),
(230, 4, 'Бокс душовий з гідромасажем з низьким піддоном', '', '', '', '', ''),
(230, 1, 'Бокс душевой с гидромассажем с низким поддоном', '', '', '', '', ''),
(218, 4, 'Душова перегородка (одна стіна)', '', '', '', '', ''),
(212, 1, 'Зеркала настенные без подсветки', '', '', '', '', ''),
(212, 4, 'Дзеркала настінні без підсвічування', '', '', '', '', ''),
(213, 4, 'Водяні рушникосушки', '', '', '', '', ''),
(213, 1, 'Водные полотенцесушители', '', '', '', '', ''),
(214, 4, 'Електричні рушникосушки', '', '', '', '', ''),
(214, 1, 'Электрические полотенцесушители', '', '', '', '', ''),
(215, 4, 'Сушарки для білизни електричні', '', '', '', '', ''),
(215, 1, 'Сушилки для белья электрические', '', '', '', '', ''),
(216, 4, 'Комплектуючі до рушникосушок', '', '', '', '', ''),
(216, 1, 'Комплектующие к полотенцесушителям', '', '', '', '', ''),
(217, 4, 'Душові перегородки Walk-In', '', '', '', '', ''),
(189, 1, 'Материалы для теплого пола', '', '', '', '', ''),
(189, 4, 'Матеріали для теплої підлоги', '', '', '', '', ''),
(211, 4, 'Дзеркала настінні з підсвічуванням', '', '', '', '', ''),
(190, 1, 'Кран с термометром', '', '', '', '', ''),
(190, 4, 'Кран з термометром', '', '', '', '', ''),
(191, 1, 'Унибокс', '', '', '', '', ''),
(191, 4, 'Унібокс', '', '', '', '', ''),
(192, 1, 'Евроконус', '', '', '', '', ''),
(192, 4, 'Євроконус', '', '', '', '', ''),
(196, 1, 'Осмосы', '', '', '', '', ''),
(196, 4, 'Осмоси', '', '', '', '', ''),
(193, 1, 'Автоматика для управления водяным теплым полом', '', '', '', '', ''),
(193, 4, 'Автоматика для керування водяною теплою підлогою', '', '', '', '', ''),
(209, 1, 'Комплектующие для водонагревателей', '', '', '', '', ''),
(194, 1, 'Комплектующие для коллектора', '', '', '', '', ''),
(194, 4, 'Комплектуючі для колектора', '', '', '', '', ''),
(209, 4, 'Комплектуючі для водонагрівачів', '', '', '', '', ''),
(195, 1, 'Сливная группа/кран', '', '', '', '', ''),
(195, 4, 'Зливна група/кран', '', '', '', '', ''),
(208, 1, 'Аксессуары для водонагревателей', '', '', '', '', ''),
(197, 1, 'Комплекты фильтров и смесителей', '', '', '', '', ''),
(197, 4, 'Комплекти фільтрів та змішувачів', '', '', '', '', ''),
(198, 1, 'Проточные фильтры', '', '', '', '', ''),
(198, 4, 'Проточні фільтри', '', '', '', '', ''),
(208, 4, 'Аксесуари для водонагрівачів', '', '', '', '', ''),
(199, 1, 'Колбы', '', '', '', '', ''),
(199, 4, 'Колби', '', '', '', '', ''),
(200, 1, 'Сменные картриджи', '', '', '', '', ''),
(200, 4, 'Змінні картриджі', '', '', '', '', ''),
(207, 1, 'Газовые водонагреватели', '', '', '', '', ''),
(201, 1, 'Комплекты картриджей', '', '', '', '', ''),
(201, 4, 'Комплекти картриджів', '', '', '', '', ''),
(207, 4, 'Газові водонагрівачі', '', '', '', '', ''),
(202, 1, 'Фильтры от накипи', '', '', '', '', ''),
(202, 4, 'Фільтри від накипу', '', '', '', '', ''),
(206, 1, 'Накопительные водонагреватели', '', '', '', '', ''),
(203, 1, 'Краны для питьевой воды', '', '', '', '', ''),
(203, 4, 'Крани для питної води', '', '', '', '', ''),
(206, 4, 'Накопичувальні водонагрівачі', '', '', '', '', ''),
(204, 1, 'Комплектующие для водоочистки', '', '', '', '', ''),
(204, 4, 'Комплектуючі для водоочищення', '', '', '', '', ''),
(205, 1, 'Проточные водонагреватели', '', '', '', '', ''),
(205, 4, 'Проточные водонагреватели', '', '', '', '', ''),
(168, 1, 'Унитаз  подвесной', '', 'Унитаз  подвесной', '', '', ''),
(178, 4, 'Сидіння-кришка для унітазу', '', 'Сидіння-кришка для унітазу', '', '', ''),
(178, 1, 'Сидение-крышка для унитаза', '', 'Сидение-крышка для унитаза', '', '', ''),
(179, 4, 'Сидіння-біде для унітазу', '', '', '', '', ''),
(179, 1, 'Сидение-биде для унитаза', '', '', '', '', ''),
(180, 4, 'Кріплення для унітазів і біде', '', '', '', '', ''),
(180, 1, 'Крепление для унитазов и биде', '', '', '', '', ''),
(181, 1, 'Накладка-биде для сидения унитаза', '', '', '', '', ''),
(181, 4, 'Накладка-біде для сидіння унітазу', '', '', '', '', ''),
(182, 1, 'Унитазы-биде', '', '', '', '', ''),
(182, 4, 'Унітази-біде', '', '', '', '', ''),
(186, 4, 'Змішувальний вузол для теплої підлоги', '', '', '', '', ''),
(184, 1, 'Коллектор в сборе', '', '', '', '', ''),
(184, 4, 'Колектор у зборі', '', '', '', '', ''),
(188, 1, 'Кран RTL', '', '', '', '', ''),
(185, 1, 'Коллектор с расходомерами', '', '', '', '', ''),
(185, 4, 'Колектор з витратомірами', '', '', '', '', ''),
(170, 1, 'Унитаз   моноблок  напольный ', '', 'Унитаз   моноблок  напольный ', '', '', ''),
(156, 4, 'Дренажний насос', '', '', '', '', ''),
(157, 1, 'Фекальные и канализационные насосы', '', '', '', '', ''),
(157, 4, 'Фекальні та каналізаційні насоси', '', '', '', '', ''),
(158, 1, 'Насосные станции', '', '', '', '', ''),
(158, 4, 'Насосні станції', '', '', '', '', ''),
(159, 1, 'Канализационные установки', '', '', '', '', ''),
(159, 4, 'Каналізаційні установки', '', '', '', '', ''),
(160, 1, 'Бензонасосы (топливные насосы)', '', '', '', '', ''),
(160, 4, 'Бензонасоси (паливні насоси)', '', '', '', '', ''),
(161, 1, 'Гидроаккумуляторы для систем водоснабжения', '', '', '', '', ''),
(161, 4, 'Гідроакумулятори для систем водопостачання', '', '', '', '', ''),
(162, 1, 'Расширительные баки для систем отопления', '', '', '', '', ''),
(162, 4, 'Розширювальні баки для систем опалення', '', '', '', '', ''),
(163, 1, 'Запчасти и аксессуары для насосов', '', '', '', '', ''),
(163, 4, 'Запчастини та аксесуари для насосів', '', '', '', '', ''),
(164, 1, 'Насосы для фонтана', '', '', '', '', ''),
(164, 4, 'Насоси для фонтану', '', '', '', '', ''),
(165, 1, 'Кормоизмельчители', '', '', '', '', ''),
(165, 4, 'Кормоподрібнювачі', '', '', '', '', ''),
(166, 1, 'Теплый пол', '', 'Теплый пол', '', '', ''),
(166, 4, 'Теплый пол', '', 'Теплый пол', '', '', ''),
(167, 1, 'Унитаз  компакт', '', 'Унитаз  компакт', '', '', ''),
(167, 4, 'Унітаз  компакт', '', 'Унітаз  компакт', '', '', ''),
(168, 4, 'Унітаз  підвісний', '', 'Унітаз  підвісний', '', '', ''),
(169, 1, 'Унитаз  напольный  безбачковый', '', '', '', '', ''),
(169, 4, 'Унітаз  підлоговий  безбачковий', '', '', '', '', ''),
(211, 1, 'Зеркала настенные с подсветкой', '', '', '', '', ''),
(177, 1, 'Униитазы', '', '', '', '', ''),
(177, 4, 'Унітази', '', '', '', '', ''),
(172, 4, 'Біде', '', '', '', '', ''),
(172, 1, 'Биде', '', '', '', '', ''),
(173, 4, 'Пісуари', '', '', '', '', ''),
(173, 1, 'Писсуары', '', '', '', '', ''),
(174, 4, 'Комплектуючі та запчастини для кераміки', '', '', '', '', ''),
(174, 1, 'Комплектующие и запчасти для керамики', '', '', '', '', ''),
(175, 4, 'Чаша Генуя', '', '', '', '', ''),
(175, 1, 'Чаша Генуя', '', '', '', '', ''),
(176, 4, 'Готові рішення з керамікою', '', '', '', '', ''),
(176, 1, 'Готовые решения с керамикой', '', '', '', '', ''),
(170, 4, 'Унитаз  моноблок  підлоговий', '', 'Унитаз  моноблок  підлоговий', '', '', ''),
(153, 4, 'Циркуляційний насос', '', '', '', '', ''),
(153, 1, 'Циркулиационный  насос', '', '', '', '', ''),
(302, 1, 'Комплект смесителей', '', '', '', '', ''),
(302, 4, 'Комплект змішувачів', '', '', '', '', ''),
(303, 1, 'Комплектующие для смесителей', '', '', '', '', ''),
(303, 4, 'Комплектуючі для змішувачів', '', '', '', '', ''),
(304, 4, 'Змішувачі для кухні високі', '', '', '', '', ''),
(304, 1, 'Смесители для кухни высокие', '', '', '', '', ''),
(305, 1, 'Смесители для кухни высокие с гибким изливом', '', '', '', '', ''),
(305, 4, 'Змішувачі для кухні високі з гнучким виливом', '', '', '', '', ''),
(306, 4, 'Змішувачі для кухні з висувною лійкою', '', '', '', '', ''),
(306, 1, 'Смесители для кухни с выдвижной лейкой', '', '', '', '', ''),
(307, 1, 'Смесители для кухни низкие', '', '', '', '', ''),
(307, 4, 'Змішувачі для кухні низькі', '', '', '', '', ''),
(308, 4, 'Змішувачі для кухні настінні', '', '', '', '', ''),
(308, 1, 'Смесители для кухни настенные', '', '', '', '', ''),
(309, 4, 'Змішувачі для умивальника', '', '', '', '', ''),
(309, 1, 'Смесители для умывальника', '', '', '', '', ''),
(310, 1, 'Смесители для умывальника низкие', '', '', '', '', ''),
(311, 4, 'Змішувачі для умивальника високі', '', '', '', '', ''),
(311, 1, 'Смесители для умывальника высокие', '', '', '', '', ''),
(312, 4, 'Змішувачі для умивальника настінні прихованого монтажу', '', '', '', '', ''),
(312, 1, 'Смесители для умывальника настенные скрытого монтажа', '', '', '', '', ''),
(313, 1, 'Смесители для умывальника бесконтактные (сенсорные)', '', 'Смесители для умывальника бесконтактные (сенсорные)', '', '', ''),
(314, 4, 'Змішувачі для умивальника з лійкою', '', '', '', '', ''),
(314, 1, 'Смесители для умывальника с лейкой', '', '', '', '', ''),
(313, 4, 'Змішувачі для умивальника безконтактні (сенсорні)', '', '', '', '', ''),
(315, 1, 'Насосное оборудование', '', 'Насосное оборудование', '', '', ''),
(315, 4, 'Насосное оборудование', '', 'Насосное оборудование', '', '', '');

-- --------------------------------------------------------

--
-- Структура таблиці `oc_category_filter`
--

CREATE TABLE `oc_category_filter` (
  `category_id` int(11) NOT NULL,
  `filter_id` int(11) NOT NULL
) ENGINE=MyISAM DEFAULT CHARSET=utf8mb3 COLLATE=utf8mb3_general_ci;

-- --------------------------------------------------------

--
-- Структура таблиці `oc_category_path`
--

CREATE TABLE `oc_category_path` (
  `category_id` int(11) NOT NULL,
  `path_id` int(11) NOT NULL,
  `level` int(11) NOT NULL
) ENGINE=MyISAM DEFAULT CHARSET=utf8mb3 COLLATE=utf8mb3_general_ci;

--
-- Дамп даних таблиці `oc_category_path`
--

INSERT INTO `oc_category_path` (`category_id`, `path_id`, `level`) VALUES
(25, 38, 0),
(2, 2, 1),
(2, 38, 0),
(28, 38, 0),
(13, 38, 0),
(30, 27, 0),
(32, 27, 0),
(36, 23, 0),
(37, 23, 0),
(38, 38, 0),
(37, 37, 1),
(12, 12, 0),
(13, 13, 1),
(14, 14, 1),
(15, 15, 1),
(16, 16, 1),
(20, 35, 0),
(36, 36, 1),
(19, 19, 1),
(20, 20, 1),
(35, 35, 0),
(22, 22, 0),
(23, 23, 0),
(24, 24, 1),
(25, 25, 1),
(26, 26, 0),
(27, 27, 0),
(28, 28, 1),
(29, 29, 1),
(30, 30, 1),
(187, 166, 0),
(32, 32, 1),
(33, 33, 1),
(34, 34, 0),
(29, 38, 0),
(33, 38, 0),
(188, 166, 0),
(16, 38, 0),
(24, 35, 0),
(14, 27, 0),
(19, 27, 0),
(15, 27, 0),
(187, 187, 1),
(40, 40, 0),
(41, 41, 0),
(264, 40, 0),
(264, 262, 1),
(263, 263, 2),
(263, 40, 0),
(263, 262, 1),
(262, 40, 0),
(262, 262, 1),
(261, 261, 2),
(261, 258, 1),
(261, 40, 0),
(260, 260, 2),
(260, 40, 0),
(259, 259, 2),
(260, 258, 1),
(259, 40, 0),
(259, 258, 1),
(258, 40, 0),
(258, 258, 1),
(257, 257, 1),
(257, 40, 0),
(256, 40, 0),
(256, 256, 2),
(256, 254, 1),
(255, 255, 2),
(254, 40, 0),
(255, 40, 0),
(254, 254, 1),
(255, 254, 1),
(252, 40, 0),
(252, 252, 1),
(268, 267, 1),
(268, 40, 0),
(250, 40, 0),
(250, 250, 2),
(250, 246, 1),
(249, 249, 2),
(249, 246, 1),
(249, 40, 0),
(248, 248, 2),
(248, 40, 0),
(247, 247, 2),
(248, 246, 1),
(247, 40, 0),
(247, 246, 1),
(246, 40, 0),
(246, 246, 1),
(245, 245, 2),
(245, 40, 0),
(245, 236, 1),
(244, 244, 2),
(244, 40, 0),
(244, 236, 1),
(243, 243, 2),
(243, 40, 0),
(243, 236, 1),
(242, 242, 2),
(242, 40, 0),
(242, 236, 1),
(241, 241, 2),
(241, 40, 0),
(241, 236, 1),
(240, 240, 2),
(240, 40, 0),
(240, 236, 1),
(239, 239, 2),
(239, 40, 0),
(239, 236, 1),
(238, 238, 2),
(238, 40, 0),
(238, 236, 1),
(237, 237, 2),
(237, 40, 0),
(237, 236, 1),
(236, 236, 1),
(236, 40, 0),
(235, 235, 1),
(235, 40, 0),
(234, 234, 2),
(234, 19, 1),
(234, 27, 0),
(233, 233, 3),
(233, 27, 0),
(233, 229, 2),
(233, 19, 1),
(232, 232, 3),
(232, 27, 0),
(232, 229, 2),
(232, 19, 1),
(231, 231, 3),
(231, 27, 0),
(231, 229, 2),
(231, 19, 1),
(230, 230, 3),
(230, 27, 0),
(230, 229, 2),
(230, 19, 1),
(229, 229, 2),
(229, 19, 1),
(229, 27, 0),
(228, 228, 3),
(228, 27, 0),
(228, 225, 2),
(228, 19, 1),
(227, 227, 3),
(227, 27, 0),
(227, 225, 2),
(227, 19, 1),
(226, 226, 3),
(226, 27, 0),
(226, 225, 2),
(226, 19, 1),
(225, 225, 2),
(225, 19, 1),
(225, 27, 0),
(224, 224, 2),
(224, 19, 1),
(224, 27, 0),
(223, 223, 3),
(223, 27, 0),
(223, 220, 2),
(223, 19, 1),
(222, 222, 3),
(222, 27, 0),
(222, 220, 2),
(222, 19, 1),
(221, 221, 3),
(221, 27, 0),
(221, 220, 2),
(221, 19, 1),
(220, 220, 2),
(220, 19, 1),
(220, 27, 0),
(219, 219, 3),
(219, 27, 0),
(219, 217, 2),
(219, 19, 1),
(218, 218, 3),
(218, 27, 0),
(218, 217, 2),
(218, 19, 1),
(217, 217, 2),
(217, 19, 1),
(217, 27, 0),
(216, 216, 2),
(216, 27, 0),
(216, 32, 1),
(215, 215, 2),
(215, 27, 0),
(215, 32, 1),
(214, 214, 2),
(214, 27, 0),
(214, 32, 1),
(213, 213, 2),
(213, 27, 0),
(213, 32, 1),
(212, 212, 2),
(212, 15, 1),
(211, 27, 0),
(211, 211, 2),
(211, 15, 1),
(212, 27, 0),
(209, 209, 2),
(209, 30, 1),
(209, 27, 0),
(208, 208, 2),
(208, 27, 0),
(208, 30, 1),
(207, 207, 2),
(207, 27, 0),
(207, 30, 1),
(206, 206, 2),
(206, 27, 0),
(206, 30, 1),
(205, 205, 2),
(205, 27, 0),
(205, 30, 1),
(204, 204, 1),
(204, 41, 0),
(203, 203, 1),
(203, 41, 0),
(202, 202, 1),
(202, 41, 0),
(270, 270, 1),
(270, 40, 0),
(269, 267, 1),
(269, 269, 2),
(269, 40, 0),
(267, 267, 1),
(268, 268, 2),
(267, 40, 0),
(271, 40, 0),
(271, 271, 2),
(271, 270, 1),
(266, 40, 0),
(266, 266, 1),
(265, 265, 2),
(265, 262, 1),
(265, 40, 0),
(264, 264, 2),
(201, 201, 1),
(201, 41, 0),
(200, 200, 1),
(200, 41, 0),
(199, 199, 1),
(199, 41, 0),
(198, 198, 1),
(198, 41, 0),
(197, 197, 1),
(197, 41, 0),
(196, 196, 1),
(196, 41, 0),
(195, 195, 1),
(184, 184, 1),
(186, 186, 1),
(186, 166, 0),
(195, 166, 0),
(194, 194, 1),
(194, 166, 0),
(193, 193, 1),
(193, 166, 0),
(192, 192, 1),
(192, 166, 0),
(191, 191, 1),
(191, 166, 0),
(190, 190, 1),
(190, 166, 0),
(189, 189, 1),
(189, 166, 0),
(188, 188, 1),
(185, 166, 0),
(185, 185, 1),
(184, 166, 0),
(182, 182, 1),
(182, 12, 0),
(169, 12, 0),
(181, 181, 2),
(181, 12, 0),
(181, 174, 1),
(180, 180, 2),
(180, 12, 0),
(180, 174, 1),
(179, 179, 2),
(179, 12, 0),
(179, 174, 1),
(178, 178, 2),
(178, 12, 0),
(178, 174, 1),
(167, 12, 0),
(168, 12, 0),
(170, 12, 0),
(176, 176, 1),
(176, 12, 0),
(175, 175, 1),
(175, 12, 0),
(174, 174, 1),
(174, 12, 0),
(173, 173, 1),
(173, 12, 0),
(172, 172, 1),
(172, 12, 0),
(177, 12, 0),
(177, 177, 1),
(170, 170, 2),
(170, 177, 1),
(169, 169, 2),
(169, 177, 1),
(168, 168, 2),
(168, 177, 1),
(167, 167, 2),
(167, 177, 1),
(166, 166, 0),
(165, 165, 1),
(165, 23, 0),
(164, 164, 1),
(164, 23, 0),
(163, 163, 1),
(163, 23, 0),
(162, 162, 1),
(162, 23, 0),
(161, 161, 1),
(161, 23, 0),
(160, 160, 1),
(160, 23, 0),
(159, 159, 1),
(159, 23, 0),
(158, 158, 1),
(158, 23, 0),
(157, 157, 1),
(157, 23, 0),
(156, 156, 1),
(156, 23, 0),
(155, 155, 1),
(155, 23, 0),
(154, 154, 1),
(154, 23, 0),
(272, 270, 1),
(290, 290, 2),
(290, 26, 0),
(289, 289, 2),
(290, 284, 1),
(289, 26, 0),
(288, 288, 2),
(288, 26, 0),
(289, 284, 1),
(288, 284, 1),
(287, 26, 0),
(287, 284, 1),
(287, 287, 2),
(286, 286, 2),
(286, 26, 0),
(286, 284, 1),
(285, 26, 0),
(285, 285, 2),
(285, 284, 1),
(284, 26, 0),
(284, 284, 1),
(283, 283, 1),
(283, 26, 0),
(282, 282, 1),
(282, 26, 0),
(281, 26, 0),
(281, 281, 1),
(280, 280, 2),
(280, 278, 1),
(279, 279, 2),
(280, 40, 0),
(279, 40, 0),
(278, 278, 1),
(278, 40, 0),
(279, 278, 1),
(277, 277, 2),
(277, 275, 1),
(277, 40, 0),
(276, 276, 2),
(276, 275, 1),
(275, 275, 1),
(276, 40, 0),
(275, 40, 0),
(274, 40, 0),
(274, 274, 1),
(273, 273, 2),
(273, 40, 0),
(272, 272, 2),
(273, 270, 1),
(272, 40, 0),
(153, 23, 0),
(153, 153, 1),
(292, 22, 0),
(291, 26, 0),
(291, 291, 1),
(292, 292, 1),
(310, 22, 0),
(310, 309, 1),
(294, 22, 0),
(294, 294, 1),
(295, 22, 0),
(295, 295, 1),
(296, 22, 0),
(296, 296, 1),
(297, 22, 0),
(297, 297, 1),
(298, 22, 0),
(298, 298, 1),
(299, 22, 0),
(299, 299, 1),
(300, 22, 0),
(300, 300, 1),
(301, 22, 0),
(301, 301, 1),
(302, 22, 0),
(302, 302, 1),
(303, 22, 0),
(303, 303, 1),
(304, 292, 1),
(304, 22, 0),
(304, 304, 2),
(305, 22, 0),
(305, 292, 1),
(305, 305, 2),
(306, 292, 1),
(306, 22, 0),
(306, 306, 2),
(307, 22, 0),
(307, 292, 1),
(307, 307, 2),
(308, 292, 1),
(308, 22, 0),
(308, 308, 2),
(309, 22, 0),
(309, 309, 1),
(310, 310, 2),
(311, 309, 1),
(311, 22, 0),
(311, 311, 2),
(312, 309, 1),
(312, 22, 0),
(312, 312, 2),
(313, 309, 1),
(313, 22, 0),
(313, 313, 2),
(314, 309, 1),
(314, 22, 0),
(314, 314, 2),
(315, 315, 0);

-- --------------------------------------------------------

--
-- Структура таблиці `oc_category_rozetka`
--

CREATE TABLE `oc_category_rozetka` (
  `category_id` int(11) NOT NULL,
  `name` varchar(255) NOT NULL,
  `parent_id` int(11) NOT NULL DEFAULT 0
) ENGINE=MyISAM DEFAULT CHARSET=utf8mb3 COLLATE=utf8mb3_general_ci;

--
-- Дамп даних таблиці `oc_category_rozetka`
--

INSERT INTO `oc_category_rozetka` (`category_id`, `name`, `parent_id`) VALUES
(4668583, '2do.eat', 4663249),
(4635391, '3D-аппликации', 4632152),
(131143, '3D и VR очки', 4660587),
(4635479, '3D-наклейки', 4632152),
(4629548, '3D панели', 4659078),
(4635399, '3D-пластик', 4632152),
(4635407, '3D-раскраски', 4632152),
(4639120, '3D-рисование', 4632152),
(4631186, '3D-ручки', 4632152),
(1593467, '3D-устройства', 80254),
(4650519, 'AHD видеокамеры', 237071),
(283322, 'AV-ресиверы', 2628092),
(4658462, 'BB-крем и CC-крем', 2236222),
(80032, 'Bluetooth-гарнитуры', 80263),
(4670796, 'Burger Farm', 4663249),
(753594, 'Charm-браслеты', 753589),
(4628159, 'CO2 оборудование', 3429643),
(4670331, 'Combo', 4670171),
(4665025, 'Cпальник, каремат', 4665019),
(4665817, 'Cредства для ароматерапии', 4665475),
(306402, 'DJ контроллеры и комплекты', 306401),
(306909, 'DJ микшеры', 306401),
(306401, 'DJ оборудование', 267255),
(307938, 'DJ проигрыватели', 306401),
(307438, 'DJ процессоры эффектов', 306401),
(4668397, 'Docker', 4663249),
(4668571, 'DO&CO', 4663249),
(4669483, 'Fasta City', 4663249),
(4669039, 'FFG Delivery', 4663249),
(130186, 'FM-трансмиттеры', 273291),
(4669591, 'Fujiwara YOSHI', 4663249),
(80047, 'GPS навигаторы', 4654503),
(80048, 'GPS приёмники', 4627865),
(4669231, 'GPS трекеры', 4654510),
(4650513, 'HDCVI видеокамеры', 237071),
(4650525, 'HDTVI (Turbo HD) видеокамеры', 237071),
(4670781, 'Honey', 4663249),
(2000102, 'HoReCa', 105277),
(156790, 'IP-камеры', 237071),
(80197, 'IP-телефония', 80111),
(4630184, 'KVM-переключатели SMB', 4630100),
(4654625, 'LED вывески', 4627851),
(4669597, 'Mafia', 4663249),
(4669051, 'Mamamia!', 4663249),
(4627437, 'Mangalsutra', 723984),
(4627444, 'Mangalsutra', 753899),
(4627451, 'Mangalsutra sets', 753879),
(4650531, 'MHD видеокамеры', 237071),
(285755, 'MIDI-клавиатуры', 284865),
(4670176, 'Mister Cat', 4663249),
(80016, 'MP3-плееры', 4627865),
(4667335, 'Mr.Grill', 4663249),
(4640640, 'OSB и QSB', 4639496),
(4670161, 'Pizza House', 4663249),
(4670786, 'Pizzburg', 4663249),
(4670181, 'POMAZANKA', 4663249),
(4625331, 'POS-клавиатуры', 4625280),
(4643000, 'POS-материалы в месте выкладки', 4642968),
(4643008, 'POS-материалы для наружного применения', 4642968),
(4642976, 'POS-материалы для при кассовой зоны', 4642968),
(4642984, 'POS-материалы для торгового зала', 4642968),
(4642968, 'POS материалы и оборудование', 4625256),
(4642992, 'POS-материалы используемые в HoReCa', 4642968),
(4625337, 'POS-мониторы', 4625280),
(4625280, 'POS-оборудование', 4642968),
(4625319, 'POS-принтеры', 4625280),
(4625325, 'POS-терминалы', 4625280),
(4670336, 'Sale', 4670176),
(4653304, 'SFP модули', 4653220),
(80109, 'SSD', 80026),
(4648230, 'Sup весла', 4648214),
(4648222, 'Sup доски', 4648214),
(4648238, 'Sup комплектующие', 4648214),
(4648214, 'Sup серфинг', 86167),
(4669585, 'Sushi Jen', 4663249),
(4626288, 'Tanmaniya', 724039),
(4667395, 'Tarantino', 4663249),
(4668103, 'Test category 2', 4667719),
(147629, 'TravelSim', 4626529),
(4670166, 'VIP CATERING FOOD BOX', 4663249),
(4667329, 'WeChefs', 4663249),
(4670771, 'Wok', 4669585),
(4670251, 'Wok', 4670161),
(2707657, 'Абажуры', 4659231),
(4656096, 'Абонентские шкафы', 163983),
(4658588, 'Абрикос', 4638879),
(4649172, 'Абсент', 4594292),
(4643616, 'Автоаксессуары', 273290),
(276889, 'Автоакустика', 273291),
(4627101, 'Автобагажники', 4627087),
(4638551, 'Автобаферы', 4648572),
(4644448, 'Автозаправочные станции', 4644440),
(4630454, 'Автозапчасти', 273290),
(273291, 'Автозвук', 273290),
(4648566, 'Авто и мото', 4627858),
(4654223, 'Автоинструмент', 4643944),
(4656386, 'Автокипятильники', 4654538),
(4629520, 'Автоковрики', 4656416),
(278510, 'Автокомпрессоры', 278246),
(279061, 'Автокосметика', 4659568),
(4664665, 'Автокосметика, масла', 4664623),
(4624962, 'Автокраски', 2659527),
(278086, 'Автолампы', 277644),
(1527297, 'Автомасла', 4659568),
(3504836, 'Автоматика ворот', 4628418),
(4660349, 'Автоматы для воды', 4627851),
(3502659, 'Автоматы защиты от перепадов напряжения', 3487833),
(4644136, 'Автомобильные аккумуляторы', 4644128),
(4654097, 'Автомобильные аптечки', 1735862),
(4654587, 'Автомобильные вентиляторы', 4654538),
(4648650, 'Автомобильные дверные замки', 4648644),
(4656356, 'Автомобильные дверные ручки', 4642712),
(4624949, 'Автомобильные диски', 4653880),
(4639384, 'Автомобильные иконы', 4639272),
(4639256, 'Автомобильные инверторы', 278246),
(4627108, 'Автомобильные крепления', 4627087),
(4654132, 'Автомобильные лейки', 1735862),
(103535, 'Автомобильные минимойки', 80025),
(280598, 'Автомобильные мониторы', 280596),
(4654580, 'Автомобильные обогреватели', 4654538),
(4654153, 'Автомобильные огнетушители', 1735862),
(4654566, 'Автомобильные очистители воздуха', 4654538),
(4631263, 'Автомобильные пылесосы', 4654538),
(276545, 'Автомобильные сабвуферы', 273291),
(4641384, 'Автомобильные свечи', 4642696),
(4656150, 'Автомобильные сейфы', 163969),
(4654631, 'Автомобильные сигналы', 4642680),
(4656422, 'Автомобильные столики и вешалки', 4656416),
(4653647, 'Автомобильные тенты', 4645872),
(4667785, 'Автомобильные товары', 4667719),
(102308, 'Автомобильные треки', 100812),
(4653880, 'Автомобильные шины и автодиски', 4627038),
(4668715, 'Автономные рукомойники', 80121),
(278246, 'Автооборудование', 273290),
(4664629, 'Автооборудование', 4664623),
(4656464, 'Автопленки', 4656398),
(4664695, 'Автополироли', 4664665),
(2769487, 'Автопринадлежности', 4643616),
(277644, 'Автосвет', 4642680),
(278818, 'Автосигнализации', 4654510),
(4643976, 'Автосканеры', 4630542),
(4648782, 'Автостекла', 4642712),
(4658032, 'Автоткани', 4648476),
(4664623, 'Автотовары', 4663267),
(273290, 'Автотовары', 4648566),
(4656398, 'Автотюнинг', 4643616),
(276387, 'Автоусилители', 273291),
(4627283, 'Автофильтры', 4642672),
(2659527, 'Автохимия', 4659568),
(4659568, 'Автохимия и масла', 273290),
(4656392, 'Авточайники', 4654538),
(4631847, 'Авточехлы', 4645872),
(4659638, 'Автошампуни', 279061),
(4664707, 'Автошампуни', 4664665),
(4330821, 'Автошины', 4653880),
(4656428, 'Автошторки', 4656416),
(280596, 'Автоэлектроника', 273290),
(4664653, 'Автоэлектроника, автосвет', 4664623),
(4671661, 'Агроволокно', 4625304),
(4647478, 'Адаптеры для кальяна', 4635983),
(4670701, 'Адаптеры и контроллеры', 4670691),
(4644488, 'Адаптеры фильтров очистки топлива', 4644456),
(4647206, 'Азалия', 4638559),
(4670361, 'Азия', 4670176),
(4658600, 'Айва', 4638879),
(4645840, 'Айран', 4637511),
(4655595, 'Академическая одежда', 4628751),
(4633537, 'Акарициды', 4633513),
(3410715, 'Аквариумы', 3520929),
(4634273, 'Аквашузы для девочек', 4634377),
(4633785, 'Аквашузы для мальчиков', 4634001),
(347440, 'Аккордеоны', 284865),
(4669993, 'Аккумуляторные батарейки', 654239),
(4631242, 'Аккумуляторные пылесосы', 80158),
(1554082, 'Аккумуляторы для ИБП', 80026),
(146332, 'Аккумуляторы для мобильных телефонов', 4650580),
(192669, 'Аккумуляторы для ноутбуков', 4631376),
(4629143, 'Аккумуляторы для планшетов', 4650658),
(983164, 'Аккумуляторы для радиоуправляемых моделей', 81499),
(83868, 'Аккумуляторы для фото- и видеокамер', 80259),
(654239, 'Аккумуляторы и батарейки', 80259),
(3510492, 'Аккумуляторы и зарядные устройства для инструмента и садовой техники', 3510436),
(4657878, 'Акриловые обои', 4625698),
(4664785, 'Аксессуары в ванну, туалет', 4664737),
(80113, 'Аксессуары для GPS навигаторов', 4654503),
(280066, 'Аксессуары для автозвука', 273291),
(4670096, 'Аксессуары для аккумуляторов', 4644128),
(83916, 'Аксессуары для активного отдыха и туризма', 81202),
(4649100, 'Аксессуары для акустических систем', 80100),
(753399, 'Аксессуары для алкоголя', 4626923),
(4628012, 'Аксессуары для алкоголя и курения', 4627311),
(4658911, 'Аксессуары для альтернативных источников питания', 4629914),
(4639103, 'Аксессуары для ароматерапии и благовоний', 4639054),
(4639856, 'Аксессуары для аэрографии', 4669225),
(357735, 'Аксессуары для бассейна и аквафитнеса', 330635),
(4633385, 'Аксессуары для бетономешалок', 161187),
(4633953, 'Аксессуары для бильярда', 4631840),
(4625463, 'Аксессуары для бокса и единоборств', 4625433),
(4658677, 'Аксессуары для бритья', 3512690),
(4630027, 'Аксессуары для ванной', 80106),
(237992, 'Аксессуары для видеонаблюдения', 237067),
(342085, 'Аксессуары для винила', 297931),
(4660517, 'Аксессуары для волос', 4629305),
(157078, 'Аксессуары для вспышек', 80259),
(4655943, 'Аксессуары для вязания', 4652667),
(88817, 'Аксессуары для графических планшетов', 80256),
(83859, 'Аксессуары для дайвинга', 83033),
(4626163, 'Аксессуары для дверей', 4625841),
(4629571, 'Аксессуары для депиляции, педикюра и маникюра', 4628425),
(1315537, 'Аксессуары для детей', 4630220),
(117025, 'Аксессуары для детского транспорта', 100826),
(108706, 'Аксессуары для детской мебели', 102573),
(4641592, 'Аксессуары для детской посуды', 3933312),
(519865, 'Аксессуары для домашних кинотеатров', 80100),
(260040, 'Аксессуары для домофонов', 259632),
(297035, 'Аксессуары для духовых инструментов', 296831),
(4627479, 'Аксессуары для заваривания чая', 4626624),
(4647510, 'Аксессуары для зарядки электромобиля', 4647486),
(4624921, 'Аксессуары для зимнего спорта', 116671),
(4625391, 'Аксессуары для игрового спорта', 4624893),
(4635983, 'Аксессуары для кальянов', 4632897),
(157123, 'Аксессуары для каминов', 152463),
(288856, 'Аксессуары для клавишных', 284865),
(4660230, 'Аксессуары для клинингового оборудования', 4658962),
(4658815, 'Аксессуары для коллекционирования', 4658791),
(101746, 'Аксессуары для колясок и автокресел', 100820),
(4670706, 'Аксессуары для корпусов ПК и ноутбуков', 4670691),
(4666309, 'Аксессуары для кошек', 4666291),
(4657821, 'Аксессуары для кресел', 4657815),
(102829, 'Аксессуары для кукол и пупсов', 100808),
(753404, 'Аксессуары для курения', 753394),
(4667035, 'Аксессуары для курения', 4667023),
(4625959, 'Аксессуары для кухонной техники', 435974),
(89817, 'Аксессуары для лодок', 86167),
(4646520, 'Аксессуары для лодок ПВХ', 4646440),
(2048527, 'Аксессуары для макияжа', 4629305),
(4626579, 'Аксессуары для мангалов, барбекю, грилей', 82411),
(4633857, 'Аксессуары для мебельной фурнитуры', 4630013),
(193161, 'Аксессуары для метательного оружия', 4658222),
(80263, 'Аксессуары для мобильных телефонов и смартфонов', 80257),
(108336, 'Аксессуары для моделирования', 100812),
(4652140, 'Аксессуары для мотоциклов', 4631896),
(4628201, 'Аксессуары для мытья посуды', 4626604),
(81498, 'Аксессуары для настольного тенниса', 4654069),
(753729, 'Аксессуары для настольных игр', 80260),
(202253, 'Аксессуары для наушников', 4660594),
(2368227, 'Аксессуары для нижнего белья', 2336782),
(80043, 'Аксессуары для ноутбуков', 80256),
(4627213, 'Аксессуары для обработки мяса', 4626604),
(1138360, 'Аксессуары для обуви', 458425),
(4640400, 'Аксессуары для огнетушителей', 4635487),
(233445, 'Аксессуары для оптики', 203883),
(4658582, 'Аксессуары для оружия', 84625),
(105290, 'Аксессуары для освещения', 4659231),
(4659246, 'Аксессуары для очков виртуальной реальности', 4660587),
(4629221, 'Аксессуары для парафинотерапии', 4629207),
(4639160, 'Аксессуары для печей', 152463),
(80114, 'Аксессуары для ПК', 80256),
(4670691, 'Аксессуары для ПК и ноутбуков', 80256),
(86554, 'Аксессуары для пневматики', 4658132),
(4664329, 'Аксессуары для праздника', 4664323),
(4652772, 'Аксессуары для приборов', 437989),
(147793, 'Аксессуары для проекторов', 4670651),
(4626564, 'Аксессуары для прудов', 4626544),
(84310, 'Аксессуары для раций', 83916),
(88770, 'Аксессуары для рыбалки', 84703),
(202284, 'Аксессуары для садовой техники', 152459),
(4664599, 'Аксессуары для садовой техники', 4664593),
(4626419, 'Аксессуары для сауны и бани', 152463),
(4652520, 'Аксессуары для свадебных конкурсов', 4652506),
(4630142, 'Аксессуары для серверных стоек и шкафов', 4630100),
(4638623, 'Аксессуары для сигар', 4638583),
(4638615, 'Аксессуары для сигарет и самокруток', 4638583),
(236461, 'Аксессуары для сигнализаций', 235355),
(4632860, 'Аксессуары для систем нагревания табака', 4638631),
(4627561, 'Аксессуары для смарт-часов и трекеров', 4660587),
(307539, 'Аксессуары для смычковых', 306949),
(4666345, 'Аксессуары для собак', 4666333),
(4670646, 'Аксессуары для солнцезащитных очков', 4630220),
(273298, 'Аксессуары для спортивного питания', 81203),
(4663309, 'Аксессуары для стирки', 4663285),
(4630286, 'Аксессуары для сублимации', 4630268),
(4629466, 'Аксессуары для сумок', 4633593),
(4643720, 'Аксессуары для тату', 4643672),
(221177, 'Аксессуары для ТВ', 80015),
(80015, 'Аксессуары для телевизоров', 80258),
(4664965, 'Аксессуары для телевизоров', 4664887),
(4664923, 'Аксессуары для телефонов', 4664887),
(4630530, 'Аксессуары для торгового и выставочного оборудования', 4627851),
(4625926, 'Аксессуары для торгового оборудования', 4625256),
(4659331, 'Аксессуары для трековых светильников', 4659324),
(4656543, 'Аксессуары для трубок', 4638583),
(297376, 'Аксессуары для ударных', 295852),
(4638495, 'Аксессуары для умного дома', 230133),
(80259, 'Аксессуары для фото/видео', 4628124),
(4664953, 'Аксессуары для фото и видеокамер', 4664887),
(3961844, 'Аксессуары для штор', 169823),
(179179, 'Аксессуары для экшн-камер', 4630489),
(4647486, 'Аксессуары для электромобилей', 4643616),
(80256, 'Аксессуары для электроники', 80253),
(195851, 'Аксессуары для электронных книг', 4627865),
(4657400, 'Аксессуары для электротранспорта', 4625901),
(4648608, 'Аксессуары для элементов подвески', 4648572),
(4649502, 'Аксессуары и комплектующие для паяльного оборудования', 4649442),
(4670626, 'Аксессуары и принадлежности для сварочного оборудования', 152563),
(4656210, 'Аксессуары и фурнитура для флагов', 4656192),
(3441417, 'Аксессуары к аквариумному оборудованию', 3429643),
(80185, 'Аксессуары к вбт', 80078),
(80177, 'Аксессуары к кбт', 80080),
(150072, 'Аксессуары к климатической технике', 80079),
(152114, 'Аксессуары к кухонным мойкам', 80106),
(4626133, 'Аксессуары к медицинским приборам', 435969),
(3768222, 'Аксессуары к радиаторам', 124813),
(4626138, 'Аксессуары к товарам по уходу за домом и одеждой', 435964),
(4626143, 'Аксессуары к товарам по уходу за телом', 435969),
(3779482, 'Аксессуары к туалетам для животных', 3866931),
(4638487, 'Аксессуары к центральным контроллерам', 230133),
(4629578, 'Аксессуары к швейной технике', 4629564),
(4656452, 'Аксессуары по уходу за автомобилем', 2769487),
(4657334, 'Аксессуары по уходу за лицом', 2048732),
(4657526, 'Аксессуары по уходу за телом', 2048742),
(4646216, 'Аксессуары спасательного оборудования', 4646200),
(4648452, 'Активаторы брожения', 4629513),
(297932, 'Активные акустические системы', 80100),
(97958, 'Активные игры', 81203),
(4649556, 'Активные компоненты', 4649544),
(81202, 'Активный отдых, туризм и хобби', 4627893),
(4647318, 'Актинидия (Киви)', 4638559),
(451989, 'Акустика Hi-Fi', 80100),
(267256, 'Акустические гитары', 4628348),
(4668415, 'Акустические и цифровые фортепиано', 284865),
(4630518, 'Акустические материалы', 267255),
(4668421, 'Акустические пианино', 4668415),
(4668427, 'Акустические рояли', 4668415),
(80100, 'Акустические системы', 4671521),
(4649568, 'Акустические устройства и датчики', 4649544),
(4667743, 'Акции', 4667719),
(4594201, 'Алкогольные напитки', 4626923),
(4626923, 'Алкогольные напитки и продукты питания', 0),
(191644, 'Алкотестеры', 280596),
(3551995, 'Алфавит, счетные палочки', 2460422),
(4664239, 'Алфавит, счетные палочки', 4664203),
(4658612, 'Алыча', 4638879),
(3302600, 'Альбомы для рисования', 2460422),
(4664167, 'Альбомы для рисования', 4664149),
(4629914, 'Альтернативные источники энергии', 230133),
(4670746, 'Альты', 306949),
(4659796, 'Алюминиевые фермы', 267255),
(273295, 'Аминокислоты', 273292),
(4648578, 'Амортизаторы', 4648572),
(4659224, 'Амортизаторы для цепных пил', 4629087),
(4657764, 'Ампулы для волос', 2048497),
(4435366, 'Амуниция, аксессуары и одежда для животных', 3520929),
(301871, 'Амуниция и аксессуары для собак', 4435366),
(4656318, 'Анализаторы сельхозпродукции', 4655230),
(4650537, 'Аналоговые видеокамеры', 237071),
(307032, 'Анемометры', 80079),
(4648206, 'Анестезия для тату', 4643712),
(4650832, 'Анкеры', 4626514),
(4654685, 'Антенны для авто', 273291),
(237962, 'Антенны для видеонаблюдения', 237067),
(4650664, 'Антенны для планшетов', 4650658),
(4650586, 'Антенны для телефонов', 4650580),
(80062, 'Антивирусы', 80019),
(4653206, 'Антимоскитные сетки', 4394353),
(4650159, 'Антисептик', 4626569),
(4626449, 'Антисептики для дерева', 4658114),
(4631805, 'Антискользящие коврики', 4631679),
(4632019, 'Антистатики, средства для глажки, подкрахмаливатели', 4625084),
(4627374, 'Антистрессы', 80260),
(753724, 'Антистрессы', 753719),
(4663933, 'Антицеллюлитные средства', 4663915),
(4660503, 'Апельсиновые палочки', 4660440),
(208243, 'Аппараты для газирования', 435974),
(4644704, 'Аппараты для шаурмы', 4644672),
(4632159, 'Аппликации и поделки из бумаги', 102912),
(4628621, 'Аптека', 4629305),
(4628912, 'Аптечки, футляры, контейнеры', 4628719),
(4643376, 'Аптечные кресты', 4643008),
(117046, 'Арбалеты', 4658222),
(4645416, 'Ареометры', 4644968),
(4639672, 'Арматура', 4639608),
(4629557, 'Арматура для унитазов', 124813),
(4639816, 'Арматура композитная', 4639672),
(4639808, 'Арматура стальная', 4639672),
(4640040, 'Аромадекор', 4639408),
(4639416, 'Аромадиффузоры', 4639408),
(4630548, 'Аромалампы', 4639408),
(4639054, 'Ароматерапия', 4639408),
(4664671, 'Ароматизаторы в авто', 4664665),
(2678297, 'Ароматизаторы в машину', 4656416),
(4652134, 'Ароматизаторы для выпечки_old', 80262),
(4664551, 'Ароматизаторы для сауны', 4664539),
(4639082, 'Ароматические саше', 4639408),
(4639089, 'Ароматические смолы', 4639054),
(4639408, 'Ароматы для дома', 375695),
(4644408, 'Артикуляционная бумага', 4644384),
(80116, 'Архиваторы', 80019),
(4664287, 'Архивирование и делопроизводство', 4664035),
(2460402, 'Архивирование и делопроизводство', 2460392),
(2666302, 'Архивные короба и боксы', 2581722),
(4658570, 'Атомайзеры для духов', 2048522),
(2628092, 'Аудио, домашние кинотеатры', 80258),
(4671346, 'Аудиоинтерфейсы', 297931),
(4652212, 'Аудиосистемы для мотоцикла', 4652140),
(4671521, 'Аудиотехника', 80258),
(155480, 'Аэраторы', 152459),
(4627970, 'Аэраторы для смесителей', 124813),
(4639824, 'Аэрографы', 4669225),
(4643528, 'Аэрозольная краска', 4643520),
(4643544, 'Аэрозольные лаки', 4643520),
(4643536, 'Аэрозольный грунт', 4643520),
(4627087, 'Багажники', 273290),
(4627094, 'Багажные боксы', 4627087),
(4655174, 'Багажные корзины', 4627087),
(4670186, 'БагатоЛосося', 4663249),
(4646464, 'Багры', 4646440),
(234047, 'Бадминтон, спидминтон, сквош', 4624893),
(4663951, 'БАДы', 4663939),
(273292, 'БАДы', 81203),
(4663939, 'БАДы, Фитотерапия', 4663909),
(4657674, 'Бадьи для бетона', 4655445),
(4658252, 'База для ногтей', 2048602),
(4624969, 'Байдарки', 86167),
(4627659, 'Бакалея', 4624997),
(4662889, 'Бакалея', 4662703),
(4666597, 'Бакалея', 4666441),
(156671, 'Бактерицидный комплекс очистки воды бассейнов', 391699),
(4669375, 'Балансировочные платформы', 132895),
(4643952, 'Балансировочные стенды', 4654216),
(4634313, 'Балетки для девочек', 4634393),
(4670726, 'Балетные станки', 4624900),
(4652968, 'Балконные защелки', 4652849),
(4631432, 'Баллоны ГБО', 4631418),
(4668937, 'Балонные ключи', 4654223),
(4657256, 'Бальзам для губ', 2048732),
(4645896, 'Бампера', 4642712),
(4626664, 'Бандажи', 4670071),
(4655421, 'Бандероли и этикетки', 2460397),
(4657839, 'Банкетки', 4657815),
(4649244, 'Банкетки для спальни', 4649292),
(4626829, 'Банки и ёмкости', 4626614),
(4658809, 'Банкноты', 4658791),
(2560747, 'Банковские принадлежности', 2460402),
(754399, 'Банковское оборудование', 80254),
(4642912, 'Баннерная ткань', 4642864),
(4660538, 'Банты для волос', 4660517),
(4670421, 'Бар', 4670181),
(4646798, 'Барбарис', 4638559),
(4658869, 'Барные стулья', 4658857),
(4643888, 'Барьерная защита для тату оборудования', 4643712),
(4663819, 'Барьеры, блокировки, заглушки, замки', 4663813),
(269618, 'Бас-гитары', 4628348),
(4625517, 'Баскетбол', 4624893),
(330635, 'Бассейн и аквафитнес', 81203),
(3700571, 'Бассейны', 80106),
(4669999, 'Батарейки', 654239),
(4665151, 'Батарейки, аккумуляторы', 4665139),
(4661761, 'Батончики', 4661725),
(4629389, 'Батончики', 4625025),
(210152, 'Батуты и аксессуары', 4624900),
(4644376, 'Бахилы', 4628905),
(4630908, 'Бачки для гидроусилителя руля', 4630806),
(126963, 'Бачки для унитаза', 117101),
(4653957, 'Бачки омывателей', 4653950),
(132896, 'Беговые дорожки', 4624900),
(4628579, 'Беговые дорожки для собак', 4626063),
(4666447, 'Безалкогольные напитки', 4666441),
(4662757, 'Безалкогольные напитки', 4662703),
(4663273, 'Безворсовые салфетки', 4660440),
(80068, 'Безопастность', 80019),
(2514872, 'Бейджи', 2460402),
(4664293, 'Бейджи, брелоки, идентификаторы', 4664287),
(4625758, 'Бейсбол', 4624893),
(2371622, 'Белье для беременных и мам', 2336782),
(4666063, 'Белье, пляжная одежда', 4666051),
(4655451, 'Бензорезы', 4655445),
(4647198, 'Бересклет', 4638559),
(330670, 'Беруши и зажимы для носа', 330635),
(154006, 'Бескаркасная мебель', 152458),
(80195, 'Беспроводные точки доступа', 80111),
(4640208, 'Бетон', 4639440),
(4639440, 'Бетон и железобетонные изделия', 4639424),
(4650117, 'Бетонная фасадная плитка', 4650081),
(4640328, 'Бетонные блоки', 4640192),
(165907, 'Бетономешалки', 4655445),
(4665595, 'Бигуди', 4665523),
(4660559, 'Бигуди', 4660517),
(126965, 'Биде', 117101),
(4630370, 'Бижутерия', 4630220),
(4633633, 'Бижутерницы', 375695),
(4652352, 'Бижутерные трубочки', 4652247),
(4664491, 'Бизнес-книги', 4664479),
(4668625, 'Бизнес-ланч', 4668583),
(4670366, 'Бизнес ланчи', 4670176),
(4620235, 'Бизнес литература', 4326572),
(4633945, 'Бильярдное сукно', 4631840),
(4633913, 'Бильярдные столы', 4631840),
(4633905, 'Бильярдные шары', 4631840),
(252454, 'Биндеры (брошюровщики)', 80254),
(83917, 'Бинокли', 83916),
(4670126, 'Бинты', 4624907),
(157121, 'Биокамины', 152463),
(4645832, 'Биолакт', 4637511),
(4644288, 'Биометрические системы', 4650417),
(82766, 'Биотуалеты и аксессуары', 82411),
(4634129, 'Биоудобрения', 2117562),
(4647190, 'Бирючина', 4638559),
(4652471, 'Бисер', 4652373),
(4629396, 'Бисквиты и рулеты', 4649262),
(4653542, 'Битумная черепица', 4653528),
(4653521, 'Битумные листы', 4625614),
(3510520, 'Биты', 3510436),
(4639096, 'Благовония', 4639054),
(4625835, 'Благотворительные сертификаты', 80260),
(4647854, 'Благоустройство территории', 2394297),
(2514892, 'Бланки и журналы учета', 2460397),
(4636487, 'Блейзеры для мальчиков', 4636623),
(80155, 'Блендеры', 435974),
(4665925, 'Блеск для губ', 4665907),
(4658522, 'Блеск для губ', 2236222),
(3764238, 'Блесны', 84703),
(102312, 'Блинницы', 435974),
(4667497, 'Блины', 4667395),
(4667173, 'Блины, голубцы', 4667155),
(80086, 'Блоки питания', 80026),
(4643808, 'Блоки питания', 4643704),
(180768, 'Блоки питания для ноутбуков', 4631376),
(4648086, 'Блокираторы колес', 4647966),
(4640192, 'Блоки строительные', 4639440),
(4656732, 'Блоки цилиндров дизельных двигателей', 4656702),
(4657620, 'Блоки цилиндров на мотоблок', 4629101),
(2514852, 'Блокноты, тетради офисные', 2460397),
(4664257, 'Блокноты, тетради офисные', 4664251),
(4636759, 'Блузы для девочек', 4636839),
(2336797, 'Боди', 2336782),
(3360588, 'Бодиарт', 2048367),
(4642648, 'Боди для девочек', 4636839),
(4635623, 'Боди для малышей', 4636151),
(4668529, 'Боди для мальчиков', 4636599),
(4636151, 'Боди и человечки для малышей', 1230990),
(80131, 'Бойлеры', 80079),
(3684590, 'Бойлеры косвенного нагрева', 80079),
(4626947, 'Бокалы и фужеры', 4626609),
(753774, 'Бокалы, рюмки', 753769),
(4663513, 'Бокалы, стаканы, рюмки', 4663459),
(4670005, 'Бокорезы', 2798772),
(4669063, 'Бокс bbq', 4669039),
(4625457, 'Боксерские мешки и груши', 4625433),
(4648254, 'Боксерские ринги', 4625433),
(4625433, 'Бокс и единоборства', 81203),
(157286, 'Боксы для макросъемки', 4625234),
(4670011, 'Болторезы', 2798772),
(4668787, 'Болты', 4626514),
(4631052, 'Болты_old', 4630806),
(4653803, 'Болты колесные', 4653817),
(4653859, 'Болты секретки', 4653817),
(4668985, 'Больстеры, оковки и тыльники для ножей', 4668967),
(4638855, 'Бонсаи', 4638935),
(4640304, 'Бордюрные камни', 4640160),
(4656996, 'Бороны', 4656624),
(4662193, 'Борошно', 4662187),
(4639576, 'Бортовой камень', 4639536),
(4633737, 'Борцовки для мальчиков', 4633993),
(4667401, 'Борщ', 4667395),
(4634225, 'Босоножки для девочек', 4634377),
(4634377, 'Босоножки, тапочки для девочек', 721664),
(4625379, 'Ботинки беговые', 116671),
(4634201, 'Ботинки для девочек', 4634369),
(4633689, 'Ботинки для мальчиков', 4634009),
(397924, 'Ботинки для сноуборда', 116671),
(4634369, 'Ботинки, сапоги для девочек', 721664),
(4634009, 'Ботинки, сапоги для мальчиков', 721669),
(4648440, 'Бочки', 4648422),
(4629716, 'Бочки и кадки', 4626614),
(105282, 'Бра и настенно-потолочные светильники', 230134),
(4657567, 'Браки для 1С', 4654996),
(4657902, 'Браслеты', 4630370),
(753599, 'Браслеты', 723119),
(753884, 'Браслеты', 753879),
(4626273, 'Браслеты на ногу', 753884),
(753454, 'Брелки', 753449),
(4627346, 'Брелоки', 4627311),
(753819, 'Бриллианты', 753814),
(4626233, 'Бриллианты', 723934),
(4634209, 'Броги для девочек', 4634393),
(4648266, 'Бродильные производства', 2394287),
(4642600, 'Бромелиевые комнатные растения', 4638935),
(1100234, 'Бронежилеты', 4658540),
(753614, 'Броши', 753584),
(4669657, 'Броши', 723119),
(4626228, 'Броши', 753879),
(723959, 'Броши', 723934),
(4657944, 'Броши', 4630370),
(4640664, 'Брус', 4639496),
(4658701, 'Брусника', 4638559),
(4645768, 'Брызговики', 4642712),
(4636999, 'Брюки для девочек', 4636951),
(4636215, 'Брюки для мальчиков', 4636615),
(4666027, 'Брюки, шорты, бриджи', 4666009),
(4648350, 'Бугельные пробки', 4648278),
(4647182, 'Буддлея Давида', 4638559),
(4649814, 'Буззеры, пищалки', 4649568),
(83037, 'Буи', 83033),
(4643336, 'Буквы', 4643008),
(4660013, 'Букеты из игрушек', 80260),
(4643112, 'Буклетницы', 4642984),
(4657110, 'Буксирные крышки', 4642712),
(4654104, 'Буксировочные тросы', 1735862),
(4669675, 'Булавки', 723119),
(4652485, 'Булавки', 4649022),
(753459, 'Булавки и заколки', 753449),
(4668655, 'Булки несолодкі', 4668577),
(4668661, 'Булки солодкі', 4668577),
(4664263, 'Бумага', 4664251),
(2514902, 'Бумага для заметок', 2460397),
(4664281, 'Бумага для заметок, стикеры', 4664251),
(4638703, 'Бумага для самокруток', 4638615),
(2514837, 'Бумага для флипчарта', 2460397),
(4668781, 'Бумага и картон для полиграфии', 4668769),
(2514882, 'Бумага офисная', 2460397),
(2514887, 'Бумага специальная', 2460397),
(238751, 'Бумагодержатели', 4630027),
(2460397, 'Бумажная продукция', 2460392),
(4664251, 'Бумажная продукция', 4664035),
(753464, 'Бумажники', 753449),
(4671281, 'Бумажные гирлянды', 4628772),
(4657842, 'Бумажные обои', 4625698),
(4624976, 'Бумажные полотенца', 4394353),
(4662673, 'Бумажные полотенца, салфетки', 4662667),
(4663591, 'Бумажные полотенца, салфетки', 4663459),
(4671321, 'Бумажные фонарики', 4628772),
(4670901, 'Бургери', 4670786),
(4669135, 'Бургери', 4669057),
(4669537, 'Бургери і фахітос', 4669477),
(4671041, 'Бургеры', 4670796),
(3510534, 'Буры', 3510436),
(4652380, 'Бусины', 4652373),
(4657926, 'Бусы', 4630370),
(4633193, 'Бусы на елку', 4633105),
(80180, 'Бутербродницы и вафельницы', 435974),
(4645080, 'Бутирометры', 4644872),
(4671331, 'Бутоньерки', 4652506),
(4633745, 'Бутсы для мальчиков', 4633993),
(4648434, 'Бутыли', 4648422),
(4645088, 'Бутыли Вульфа', 4644872),
(4645000, 'Бутыли полипропиленовые', 4644864),
(4648428, 'Бутылки', 4648422),
(4645096, 'Бутылки для реактивов', 4644872),
(266332, 'Бутылочки', 3933312),
(4663903, 'Бутылочки для кормления', 4663879),
(100651, 'Бухгалтерия и делопроизводство', 80019),
(288992, 'Бухгалтерские шкафы (сейфы)', 163983),
(4644096, 'Быстросъемные гайки', 4654216),
(4664887, 'Бытовая техника', 4663267),
(4667767, 'Бытовая техника', 4667719),
(80025, 'Бытовая техника, интерьер', 0),
(4663339, 'Бытовая химия', 4663279),
(4667839, 'Бытовая химия', 4667719),
(4662601, 'Бытовая химия', 4662595),
(4429255, 'Бытовая химия', 2394287),
(4625487, 'Бытовые вакуумные упаковщики', 435974),
(4651378, 'Бытовые фильтры для воды', 149287),
(4645104, 'Бюретки', 4644872),
(2336792, 'Бюстгальтеры', 2336782),
(245547, 'Вазоны', 2394297),
(4630055, 'Вазы', 375695),
(4664779, 'Вазы', 4664743),
(4652674, 'Вакуумные пакеты', 4629263),
(4660552, 'Валики для волос', 4660517),
(4666195, 'Валики, щетки для одежды', 4666189),
(4630926, 'Валы насосов ГУР', 4630806),
(4642040, 'Вальцовые станки', 4641696),
(4652632, 'Валяние', 1723657),
(4667983, 'Ванная комната', 4667719),
(4663693, 'Ванночки, подставки', 4663681),
(116902, 'Ванны', 4628404),
(4665223, 'Ванны', 4665217),
(4628404, 'Ванны, боксы, душевые', 80106),
(4655198, 'Ванны в кузов пикапа', 4627087),
(4650063, 'Ванны для иммерсионного охлаждения', 4647574),
(4665217, 'Ванны, душевые кабины', 4665211),
(4656060, 'Ванны моечные', 4656054),
(4664809, 'Вантуз', 4664785),
(4629024, 'Варганы', 296831),
(4646432, 'Вареная колбаса', 4646512),
(4670411, 'Вареники', 4670181),
(4667203, 'Вареники', 4667155),
(4669561, 'Вареники', 4669477),
(4667485, 'Вареники', 4667395),
(4646360, 'Варено-копченая колбаса', 4646512),
(4666651, 'Варенье', 4666597),
(4626718, 'Варенья и джемы', 4633041),
(4649700, 'Варикапы', 4649586),
(4649784, 'Варисторы', 4649562),
(80223, 'Варочные поверхности Domino', 80137),
(80224, 'Варочные поверхности газовые', 80137),
(380125, 'Варочные поверхности комбинированные', 80137),
(80225, 'Варочные поверхности электрические', 80137),
(4667053, 'Васаби', 4667041),
(4656576, 'Ватные диски', 4626569),
(4663093, 'Ватные диски, палочки', 4663087),
(4665583, 'Ватные диски, палочки', 4665523),
(4629080, 'Ватные палочки', 4626569),
(4658234, 'Вафельные полуфабрикаты', 4649262),
(4629403, 'Вафли', 4649262),
(4666927, 'Вафли', 4666891),
(4667671, 'Вафли', 4662847),
(4667281, 'Вафли и сухари для диабетиков', 4667275),
(180143, 'Веб-камеры', 80256),
(4656774, 'Ведомые диски сцепления', 4656762),
(4653409, 'Ведра', 4653402),
(4627276, 'Ведра для льда', 4626629),
(4663645, 'Ведра для уборки и мусора', 4663639),
(4644184, 'Ведра для цветов', 4644160),
(4653465, 'Ведра для швабры', 4629256),
(4653402, 'Ведра и корзины', 3547641),
(4650724, 'Ведра туалетные', 4630027),
(4633665, 'Вееры', 80260),
(4647174, 'Вейгела', 4638559),
(4671111, 'Великі роли', 4670801),
(269513, 'Велоаксессуары', 83882),
(4625505, 'Велозапчасти', 83882),
(268129, 'Велокомпьютеры', 83882),
(4117145, 'Велообувь', 83882),
(1231005, 'Велоодежда', 83882),
(4648094, 'Велопарковки', 4647966),
(268120, 'Велоперчатки', 83882),
(3919396, 'Велорезина', 83882),
(83884, 'Велосипеды', 83882),
(83882, 'Велосипеды, электровелосипеды и аксессуары', 81203),
(268123, 'Велосумки', 83882),
(133215, 'Велотренажеры', 4624900),
(4045634, 'Велохимия для ремонта и ухода', 83882),
(268095, 'Велошлемы', 83882),
(4653486, 'Веники и щетки', 4629256),
(4653796, 'Вентили для бескамерных шин', 4653880),
(80186, 'Вентиляторы', 80079),
(4649928, 'Вентиляторы', 4649550),
(4635265, 'Вентиляторы для ноутбуков', 4631376),
(4640128, 'Вентиляционные блоки', 4639440),
(4656078, 'Вентиляционные зонты', 4656054),
(4629788, 'Вентиляционные решетки', 4658044),
(4631977, 'Вентиляционные решетки для мебели', 4631679),
(4639352, 'Венчальные иконы', 4639272),
(4642136, 'Веревки', 4642080),
(4642080, 'Веревочные изделия', 2394287),
(4649394, 'Вермикулит', 4631949),
(4649064, 'Вермут', 4594285),
(4656024, 'Верстаки', 4656012),
(2795037, 'Вертлюги и застежки', 84703),
(81500, 'Вертолеты', 81499),
(4636711, 'Верхняя одежда для девочек', 1285573),
(4636583, 'Верхняя одежда для мальчиков', 1290392),
(4633153, 'Верхушки на елку', 4633105),
(4662091, 'Вершки', 4662079),
(4646448, 'Весла', 4646440),
(4625292, 'Весоизмерительное оборудование', 4625256),
(4656252, 'Весы для животных', 4649961),
(80148, 'Весы кухонные', 435974),
(81232, 'Весы напольные', 435969),
(4656264, 'Ветеринарные инструменты', 4655222),
(4627687, 'Ветпрепараты', 4655222),
(4635431, 'Ветровки для девочек', 4636711),
(4636327, 'Ветровки для мальчиков', 4636583),
(4652110, 'Ветровые стекла (спойлеры) для мотоциклов', 4652068),
(4668745, 'Ветчинницы', 4626599),
(4648848, 'Вешалки в ванную', 4630027),
(154103, 'Вешалки, стойки для одежды', 4671666),
(4663315, 'Вешалки, чехлы', 4663285),
(4655457, 'Вибраторы для бетона', 4655445),
(4635695, 'Виброизоляция автомобиля', 4635719),
(4655463, 'Виброплиты', 4655445),
(4655475, 'Виброрейки', 4655445),
(4655469, 'Вибротрамбовки', 4655445),
(4660258, 'Видеоглазки', 259632),
(259633, 'Видеодомофоны', 259632),
(80002, 'Видеокамеры', 4628124),
(80087, 'Видеокарты', 80026),
(4630196, 'Видеокоммутаторы', 4631882),
(313471, 'Видеомаски', 83033),
(237067, 'Видеонаблюдение', 4628117),
(4631882, 'Видео разветвители и видеокоммутаторы', 237067),
(4653430, 'Видеоразветвители, коммутаторы и переключатели', 80253),
(153617, 'Видеорегистраторы', 280596),
(753369, 'Визитницы', 753364),
(4652032, 'Визоры', 4652026),
(4653346, 'Визуальные локаторы повреждений', 4653276),
(4668109, 'Вилки и ложки кухонные', 4667719),
(4659610, 'Вилочные масла', 1527297),
(4661707, 'Вина', 4661659),
(4657848, 'Виниловые обои', 4625698),
(4632889, 'Виниловые пластинки', 297931),
(4650075, 'Виниловые полы', 4645624),
(4647598, 'Винные шкафы', 80080),
(4594285, 'Вино', 4594201),
(4647350, 'Виноград', 4638559),
(4648386, 'Виномеры', 4648290),
(4640840, 'Винтовые сваи', 4639480),
(4668799, 'Винты', 4626514),
(4646352, 'Винты гребные', 4646344),
(4670741, 'Виолончели', 306949),
(4662301, 'Випічка', 4662283),
(4670841, 'Випічка та хліб', 4670781),
(4671361, 'Виробництво', 4671351),
(4649130, 'Виски', 4594292),
(2986023, 'Витамины и лакомства', 3520929),
(274789, 'Витамины и минералы', 273292),
(4641272, 'Витрины для салонов красоты', 4628425),
(4646910, 'Вишня', 4638879),
(4661695, 'Віскі', 4661659),
(4656726, 'Вкладыши коленчатого вала двигателей', 4656702),
(4653458, 'Влагопоглотители', 3647328),
(4656570, 'Влажные салфетки', 4626569),
(4650604, 'Внешние кнопки и клавиатуры для телефонов', 4650616),
(4650634, 'Внешние корпусные части', 4650616),
(4640704, 'Внешняя канализация', 4639424),
(4650640, 'Внутренние корпусные части', 4650616),
(4648644, 'Внутренние элементы', 4642704),
(4634433, 'Внутрипольные конвекторы', 80252),
(153396, 'Воблеры', 84703),
(4643328, 'Воблеры', 4643000),
(4662043, 'Вода', 4662037),
(4639872, 'Вода', 4625018),
(4661923, 'Вода газована', 4661887),
(4625018, 'Вода и напитки', 4633001),
(4661911, 'Вода лікувальна', 4661887),
(4661941, 'Вода негазована', 4661887),
(4649154, 'Водка', 4594292),
(4628152, 'Водные аттракционы', 81202),
(4637055, 'Водолазки для девочек', 4636839),
(4636535, 'Водолазки для мальчиков', 4636599),
(82795, 'Водонагреватели', 80079),
(4629770, 'Водопроводные шланги', 4629728),
(4667059, 'Водоросли', 4667041),
(4656446, 'Водосгоны', 2769487),
(4665229, 'Водоснабжение, Канализация', 4665211),
(4653577, 'Водосточные системы для крыши', 4625614),
(4656828, 'Водяные насосы двигателей', 4656816),
(4658216, 'Водяные насосы для автомобиля', 4653929),
(4658050, 'Воздуховоды', 4658044),
(156363, 'Воздуходувы', 152459),
(4640456, 'Воздушно-эмульсионные огнетушители', 4635495),
(4656918, 'Воздушные компрессоры для спецтехники', 4656912),
(4656326, 'Воздушные фильтры', 4627283),
(4671276, 'Воздушные шары', 4628772),
(4664353, 'Воздушные шары', 4664329),
(4649388, 'Войлок', 4631949),
(4642200, 'Волосы для вплетения в косы', 4641832),
(4642176, 'Волосы на заколках', 4641832),
(4633377, 'Волшебные палочки', 4265805),
(4640272, 'Воронка желоба', 4640152),
(4645288, 'Воронки Бюхнера', 4644880),
(4643488, 'Ворота', 4639480),
(4668919, 'Воротки', 2798782),
(4657740, 'Воск для волос', 2048497),
(4644528, 'Воск для депиляции', 4628474),
(4657884, 'Восковые полоски', 4628474),
(4628481, 'Воскоплавы', 4628474),
(4655350, 'Воскотопки', 4655332),
(4629499, 'Восточные сладости', 4633017),
(4656798, 'Впускная система', 4656588),
(4631840, 'Все для бильярда', 81203),
(4667029, 'Все для кальяна', 4667023),
(4636167, 'Все для крещения', 1230990),
(4652541, 'Все для песочной церемонии', 4652506),
(4664605, 'Все для растений', 4664533),
(192901, 'Все для сквоша', 4624893),
(4667875, 'Все для школы', 4667719),
(4667821, 'Все категории migrated', 4667719),
(4667815, 'Всё для животных', 4667719),
(4667779, 'Всё для малышей', 4667719),
(4667851, 'Всё для путешествий', 4667719),
(4631179, 'Всё для солений и консервации', 4626594),
(4649376, 'Вспененный каучук', 4631949),
(4649340, 'Вспененный полиэтилен', 4631949),
(4649508, 'Вспомогательные материалы', 4649502),
(4145075, 'Вспомогательные художественные материалы', 4034476),
(80061, 'Вспышки', 80259),
(80078, 'Встраиваемая техника', 80025),
(80137, 'Встраиваемые варочные поверхности', 80078),
(80141, 'Встраиваемые духовые шкафы', 80078),
(4656126, 'Встраиваемые сейфы', 163969),
(4654573, 'Встраиваемый подогрев сидений', 4654538),
(4642400, 'Вторые блюда', 4642248),
(4667563, 'Вторые блюда', 4667395),
(4630944, 'Втулки насосов ГУР', 4630806),
(4643968, 'Вулканизаторы', 4654216),
(4647942, 'Входные арки', 4647854),
(4655374, 'Вывод маток', 4655326),
(4631763, 'Выдвижные механизмы', 4631651),
(4654619, 'Выключатели автомобильные', 4644128),
(4666933, 'Выпечка', 4666891),
(4662859, 'Выпечка', 4662847),
(4656810, 'Выпускная система', 4656588),
(4638319, 'Высокообъемные панорамы', 4648134),
(4667959, 'Вытяжки', 4667719),
(4652786, 'Вытяжки для маникюра', 437989),
(3730584, 'Вытяжные вентиляторы', 80078),
(4655994, 'Вытяжные шкафы', 4655982),
(4645776, 'Выхлопные системы', 4630454),
(4670146, 'Вышивальная техника', 4629564),
(4632173, 'Вышивание', 102912),
(4636767, 'Вышиванки для девочек', 4636839),
(4636311, 'Вышиванки для мальчиков', 4636599),
(4643632, 'Вышивка', 1723657),
(4634241, 'Вьетнамки, сланцы для девочек', 4634377),
(4633761, 'Вьетнамки, сланцы для мальчиков', 4634001),
(4652667, 'Вязание', 1723657),
(4668403, 'Вяленое мясо', 4668397),
(4643424, 'Вяленое мясо', 4643416),
(80017, 'Гаджеты и подарки', 80260),
(2798782, 'Гаечные ключи', 3423154),
(4664449, 'Газеты', 4664443),
(4647846, 'Газеты', 4647830),
(4631418, 'Газовое оборудование для автомобилей', 278246),
(2484967, 'Газовые баллоны и комплектующие', 161187),
(84095, 'Газовые и мультитопливные туристические системы', 82411),
(4668901, 'Газовые и трубные ключи', 2798782),
(242290, 'Газовые конвекторы', 80252),
(84099, 'Газовые лампы', 82411),
(84098, 'Газовые паяльники', 4612059),
(82797, 'Газовые проточные (колонки)', 82795),
(4640808, 'Газонные решетки', 4640720),
(155072, 'Газонокосилки', 152459),
(4670631, 'Газосварочное оборудование', 152563),
(4640352, 'Газосиликатные блоки', 4640192),
(4668793, 'Гайки', 4626514),
(4653824, 'Гайки колесные', 4653817),
(4631004, 'Гайки рулевых реек', 4630806),
(4653866, 'Гайки секретки', 4653817),
(4669237, 'Гайковерты', 4660244),
(4630232, 'Галстуки и бабочки', 4633609),
(4633609, 'Галстуки и подтяжки', 4630220),
(4665073, 'Гантели, гири, утяжелители', 4665055),
(146633, 'Гантели, диски, грифы, замки', 4624900),
(4640368, 'Гараж железобетонный', 4639440),
(4643640, 'Гаражные ворота', 4643488),
(1350182, 'Гарантийные сервисы и обслуживание БТ', 4660034),
(4646400, 'Гардеробные системы', 4671666),
(4656048, 'Гардеробные скамейки', 163968),
(4671551, 'Гарніри', 4671546),
(4671001, 'Гарніри', 4670791),
(4670441, 'Гарніри', 4670181),
(4669513, 'Гарніри', 4669477),
(4669141, 'Гарніри', 4669057),
(4671606, 'Гарячі закуски', 4671546),
(4669147, 'Гарячі закуски', 4669057),
(4671046, 'Гарячі роли', 4670801),
(4671096, 'Гарячі страви', 4670801),
(4669969, 'Гарячі страви', 4669597),
(4669885, 'Гарячі страви', 4669591),
(4670971, 'Гарячі страви з птиці', 4670791),
(4670951, 'Гарячі страви з риби', 4670791),
(4656090, 'Гастроемкости', 4656054),
(4671436, 'Гастрономія', 4671351),
(4668805, 'Гвозди', 4626514),
(4626886, 'Гейзерные кофеварки', 4626624),
(4657827, 'Геймерские кресла', 4657815),
(273297, 'Гейнеры', 273292),
(4670131, 'Гелевые компрессы', 4628719),
(4657746, 'Гель для волос', 2048497),
(4657532, 'Гель для душа', 2048742),
(4658240, 'Гель-лак', 2048602),
(152564, 'Генераторы', 161187),
(4660139, 'Генераторы белого шума', 435969),
(4646664, 'Генераторы водородной воды', 435974),
(4656846, 'Генераторы для спецтехники', 4656834),
(80210, 'Генераторы льда', 4670601),
(4645640, 'Генераторы охранного тумана', 235355),
(4312901, 'Генераторы эффектов', 4312831),
(4633521, 'Гербициды', 4633513),
(4659526, 'Герметики автомобильные', 2659527),
(4646544, 'Гермомешки', 4646440),
(4647166, 'Гибискус', 4638559),
(4668037, 'Гигиена для женщин', 4667719),
(4663747, 'Гигиена для мам', 4663675),
(4659589, 'Гидравлические масла', 1527297),
(4656876, 'Гидравлические насосы', 4656870),
(4670466, 'Гидравлические насосы и комплектующие', 4656588),
(4656870, 'Гидравлические системы', 4656594),
(4646336, 'Гидравлические системы управления', 4646304),
(4642008, 'Гидравлические трубогибы', 4641696),
(4648392, 'Гидрозатворы для брожения', 4648296),
(4663195, 'Гидроизоляционная лента', 4659084),
(4659084, 'Гидроизоляция', 4639424),
(4646480, 'Гидрокрылья', 4646440),
(4644976, 'Гидрологические приборы и оборудование', 4644856),
(87382, 'Гидромассажные боксы', 4628404),
(110262, 'Гидромассажные ванны', 4628404),
(4656888, 'Гидромоторы', 4656870),
(4656966, 'Гидрораспределители', 4656606),
(4656990, 'Гидроруль', 4656606),
(4644048, 'Гидростанции для подъемников', 4644040),
(4656780, 'Гидростатические трансмиссии', 4656762),
(4656984, 'Гидроусилитель руля', 4656606),
(4640096, 'Гидрофобизаторы', 4659084),
(4656900, 'Гидроцилиндры', 4656870),
(4630992, 'Гидроцилиндры РУ', 4630806),
(4656738, 'Гильзо-поршневые группы', 4656702),
(4630986, 'Гильзы', 4630806),
(4638791, 'Гильотины для сигар', 4638623),
(4669369, 'Гимнастические палки', 132895),
(4648530, 'Гипс', 4639448),
(4650099, 'Гипсовая плитка для фасада', 4650081),
(4640976, 'Гипсокартон', 4640968),
(4625596, 'Гипсокартонные системы', 4625584),
(4640968, 'Гипсокартонные системы', 4639600),
(4664335, 'Гирлянды-буквы, банера', 4664329),
(4657340, 'Гироборды', 4625901),
(4657352, 'Гироролики', 4625901),
(4657346, 'Гироскутеры', 4625901),
(271392, 'Гитарные кабинеты', 297207),
(1131230, 'Гитарные комплектующие', 297207),
(271609, 'Гитарные процессоры', 297207),
(271343, 'Гитарные усилители', 297207),
(4628348, 'Гитары', 297207),
(297207, 'Гитары и оборудование', 267255),
(185692, 'Гладильные доски', 3647328),
(4667917, 'Гладильные доски', 4667719),
(4664995, 'Гладильные доски', 4664989),
(4645920, 'Глазированные сырки', 4637519),
(4657514, 'Глина', 2048742),
(4643560, 'Глиттеры (декоративные блестки)', 4643552),
(753419, 'Глобус-бары', 753394),
(3653209, 'Глобусы', 2460422),
(4657056, 'Глубокорыхлители', 4656624),
(4657650, 'Глушители на мотоблок', 4629101),
(4627802, 'Глюкометры', 435969),
(4668601, 'Гобо-проекторы', 4642856),
(4658689, 'Годжи', 4638559),
(4656708, 'Головки блоков цилиндров дизельных двигателей', 4656702),
(4640520, 'Головки пожарные соединительные', 4640376),
(4629998, 'Головные уборы', 4631921),
(4667617, 'Головные уборы', 4666087),
(275389, 'Головные устройства', 273291),
(4671526, 'Головоломки', 80260),
(4647310, 'Голубика', 4638559),
(4661677, 'Горілка', 4661659),
(4661857, 'Горіхи', 4661833),
(394739, 'Горнолыжные ботинки', 116671),
(394759, 'Горнолыжные шлемы', 116671),
(4647158, 'Гортензия', 4638559),
(4670286, 'Горячие закуски', 4670166),
(4668325, 'Горячие закуски', 4663255),
(4639952, 'Горячие напитки', 4633001),
(4663975, 'Госпитальные расходники', 4663957),
(4662517, 'Господарчі товари', 4662379),
(4661989, 'Готові страви', 4660675),
(4642248, 'Готовые блюда', 4624997),
(4643088, 'Готовые информационные таблички и вывески', 4642984),
(1102504, 'Готовые комплекты_', 80078),
(199417, 'Готовые решения для очистки воды', 149287),
(4640032, 'Готовые солнечные электростанции', 4629914),
(4669327, 'Гравитационные ботинки', 132895),
(3495043, 'Гравюры', 4034476),
(4657128, 'Граммофоны', 753814),
(4639560, 'Гранитная плитка', 4639536),
(4649178, 'Граппа и кальвадос', 4594292),
(753779, 'Графины, кувшины', 753769),
(83199, 'Графические планшеты', 80253),
(4669447, 'Гребные тренажеры', 4624900),
(4646942, 'Грецкий орех', 4638879),
(4666627, 'Гречка', 4666597),
(4667689, 'Гречка', 4662889),
(4661839, 'Гриби', 4661833),
(4655078, 'Грибы', 4655048),
(4666813, 'Грибы', 4666789),
(81235, 'Грили и электрошашлычницы', 435974),
(4670246, 'Гриль', 4670161),
(4671581, 'Гриль-меню', 4671546),
(4669171, 'Гриль-меню', 4669057),
(4643200, 'Грифельные доски', 4642984),
(4657572, 'ГРМ на мотоблок', 4629101),
(4660097, 'Громкая связь в авто', 273291),
(1742727, 'Грузоподъемное оборудование', 161187),
(3763026, 'Грузы', 84703),
(4664563, 'Грунт', 4664557),
(4626494, 'Грунтовка', 4639424),
(4665343, 'Грунтовка', 4665337),
(3441410, 'Грунты и субстраты для аквариума', 3429643),
(4646790, 'Груша', 4638879),
(4666375, 'Грызуны', 4666285),
(4635057, 'Грязезащитные покрытия', 2394287),
(4581168, 'Губки кухонные', 4394353),
(4665955, 'Губная помада', 4665907),
(296832, 'Губные гармошки', 296831),
(4670536, 'Гункан суші', 4669585),
(4656936, 'Гусеницы для спецтехники', 4656600),
(4656954, 'Гусеничные катки', 4656600),
(4656960, 'Гусеничный крепеж', 4656600),
(4626778, 'Гусятницы', 4626599),
(83033, 'Дайвинг', 81203),
(4665037, 'Дайвинг, водный спорт', 4665001),
(103108, 'Дайв компьютеры, декомпрессиметры и аксессуары', 83033),
(250384, 'Дальномеры', 4658426),
(294491, 'Дартс', 4624893),
(4628926, 'Датеры', 2514877),
(235372, 'Датчики', 235355),
(4649820, 'Датчики', 4649568),
(4659296, 'Датчики движения', 4659289),
(4656864, 'Датчики для спецтехники', 4656834),
(4659289, 'Датчики освещения', 230134),
(4646168, 'Датчики уровня топлива', 4646136),
(4664533, 'Дача, сад', 4663267),
(2394297, 'Дача, сад, огород', 0),
(4629648, 'Двери', 4657803),
(4640536, 'Двери противопожарные', 4640392),
(4670616, 'Двери холодильных камер', 4670601),
(4625841, 'Дверная фурнитура и ролеты', 2394287),
(4625853, 'Дверные доводчики', 4625841),
(4626158, 'Дверные защелки', 4625841),
(4645592, 'Дверные звонки', 4628117),
(4659282, 'Дверные коробки', 4652828),
(4650549, 'Дверные переходы', 4630013),
(4626639, 'Дверцы для кошек и собак', 3520929),
(4627045, 'Двигатели', 152459),
(4659147, 'Двигатели для мотокос', 4629094),
(4642672, 'Двигатель', 4630454),
(4656702, 'Двигатель', 4656588),
(4664647, 'Дворники', 4664629),
(4639784, 'Двутавровая балка', 4639624),
(4644696, 'Дегидраторы', 4644672),
(4650015, 'Дезинфекция в сельском хозяйстве', 4649961),
(4650165, 'Дезинфекция питьевой воды', 196455),
(4650147, 'Дезинфицирующие средства', 4625077),
(4665517, 'Дезодорант, антиперспирант', 4665481),
(4666219, 'Дезодорант для обуви', 4666189),
(4665847, 'Дезодоранты для ног', 4665835),
(4657478, 'Дезодоранты и антиперспиранты', 2048742),
(4647150, 'Дейция', 4638559),
(2236222, 'Декоративная косметика', 2048367),
(4665907, 'Декоративная косметика', 4665475),
(4656500, 'Декоративная подсветка автомобиля', 4656398),
(4640896, 'Декоративная штукатурка', 4639528),
(4642576, 'Декоративнолистные комнатные растения', 4638935),
(4642584, 'Декоративноцветущие комнатные растения', 4638935),
(4656476, 'Декоративные автопленки', 4656464),
(4652415, 'Декоративные бабочки', 4652373),
(4654006, 'Декоративные балки', 4653978),
(4633209, 'Декоративные ветки', 4633121),
(4654020, 'Декоративные колонны', 4653978),
(4653873, 'Декоративные колпачки на колесные болты', 4653817),
(4653992, 'Декоративные консоли', 4653978),
(4649430, 'Декоративные корзины', 375695),
(4649436, 'Декоративные коробки', 375695),
(4659078, 'Декоративные покрытия', 4639424),
(4652401, 'Декоративные прищепки', 4652373),
(4634465, 'Декоративные тарелки', 4648134),
(4631523, 'Декоративные шкатулки', 753814),
(4652429, 'Декоративные элементы', 4652373),
(4626414, 'Декорации для аквариумов и террариумов', 3520929),
(4644240, 'Декор для букетов', 4644192),
(375695, 'Декор для дома', 2394287),
(4658264, 'Декор для ногтей', 2048602),
(4665901, 'Декор ногтей', 4665883),
(4664863, 'Декор стен', 4664737),
(4655356, 'Декристаллизаторы меда', 4655332),
(4632208, 'Декупаж и роспись', 102912),
(4667227, 'Деликатесы', 4667221),
(4665943, 'Демакияж', 4665907),
(4649532, 'Демонтажные паяльные станции', 4649472),
(4625343, 'Денежные ящики', 4625280),
(4628474, 'Депиляция и шугаринг', 4629305),
(4656138, 'Депозитные модули', 163969),
(4639496, 'Дерево и пиломатериалы', 4639424),
(4646958, 'Дерево Сад', 4638879),
(4627430, 'Деревья счастья', 375695),
(307619, 'Деревянные духовые', 296831),
(4652898, 'Деревянные подоконники', 4652828),
(4647142, 'Дерен', 4638559),
(147913, 'Держатели', 80263),
(4650646, 'Держатели SIM-карты', 4650616),
(4650574, 'Держатели для бумажных полотенец', 4630027),
(4650808, 'Держатели для ванной комнаты', 4630027),
(4643880, 'Держатели игл для тату машинок', 4643712),
(4664833, 'Держатели и крючки для полотенец', 4664785),
(4650652, 'Держатели карт памяти_old', 4650616),
(4648800, 'Держатели санитарных накладок', 4630027),
(4643288, 'Держатели ценников (Ценникодержатели)', 4643000),
(4641760, 'Держатели этикеток', 4642984),
(4648920, 'Держатель шин заземления', 4648902),
(4671596, 'Десерти', 4671546),
(4670906, 'Десерти', 4670786),
(4670976, 'Десерти', 4670791),
(4670591, 'Десерти', 4670186),
(4670446, 'Десерти', 4670181),
(4670236, 'Десерти', 4670161),
(4669933, 'Десерти', 4669597),
(4669861, 'Десерти', 4669591),
(4669183, 'Десерти', 4669057),
(4669105, 'Десерти', 4669051),
(4670296, 'Десерты', 4670166),
(4670356, 'Десерты', 4670176),
(4642536, 'Десерты', 4642248),
(4634089, 'Десиканты', 4633513),
(4657444, 'Детали для 1С', 4654996),
(4644920, 'Детали к лабораторным приборам', 4644832),
(4650838, 'Детская безопасность', 102573),
(4663813, 'Детская безопасность', 4663675),
(2586347, 'Детская вода', 4625018),
(4663015, 'Детская гигиена', 4663009),
(4663765, 'Детская комната', 4663675),
(102573, 'Детская комната', 88468),
(1158130, 'Детская обувь', 458425),
(4666231, 'Детская одежда', 4666003),
(4633561, 'Детская одежда', 2033137),
(4658558, 'Детская парфюмерия', 2048522),
(4669057, '“Детская Планета” в Cosmopolite Multimall', 4663249),
(4663897, 'Детская посуда', 4663879),
(267134, 'Детская посуда', 3933312),
(168143, 'Детские автоаксессуары', 100820),
(83687, 'Детские автокресла', 100820),
(4630322, 'Детские браслеты', 753884),
(197325, 'Детские ванночки и аксессуары', 3973660),
(4669801, 'Детские варежки и перчатки', 4669753),
(104132, 'Детские велосипеды', 100826),
(4667569, 'Детские велосипеды, самокаты,скейты', 4663735),
(268764, 'Детские весы', 3973653),
(4654673, 'Детские гольфы', 4654643),
(4663687, 'Детские горшки, сиденья', 4663681),
(197393, 'Детские горшки, сиденья и подставки', 3973660),
(139442, 'Детские игровые комплексы', 3933347),
(4663825, 'Детские игрушки', 4663675),
(4265805, 'Детские игрушки', 88468),
(2586312, 'Детские каши', 2586292),
(4669765, 'Детские кепки и бейсболки', 4669753),
(4664527, 'Детские книги', 4664479),
(4654655, 'Детские колготки', 4654643),
(100389, 'Детские коляски', 100820),
(4669795, 'Детские комплекты головных уборов', 4669753),
(103520, 'Детские компьютеры', 100784),
(97420, 'Детские конструкторы', 4265805),
(101909, 'Детские кроватки', 102573),
(4626283, 'Детские кулоны', 753649),
(270128, 'Детские кухонные комбайны', 3933312),
(4669789, 'Детские меховые наушники', 4669753),
(102876, 'Детские музыкальные инструменты', 100784),
(4654667, 'Детские носки', 4654643),
(4654643, 'Детские носки и колготки', 4633561),
(4669771, 'Детские панамы и шляпы', 4669753),
(4647918, 'Детские площадки', 4647854),
(4669777, 'Детские повязки и косынки', 4669753),
(189193, 'Детские роликовые коньки', 100826),
(103310, 'Детские салфетки, платочки и полотенца', 3973646),
(139406, 'Детские самокаты', 100826),
(724099, 'Детские серьги', 724094),
(2586302, 'Детские смеси', 2586292),
(2586337, 'Детские соки и напитки', 2586292),
(4663741, 'Детские спортивные игры', 4663735),
(207451, 'Детские стулья', 4658857),
(4663009, 'Детские товары', 4661545),
(270133, 'Детские увлажнители воздуха', 102573),
(4669759, 'Детские шапки', 4669753),
(4669753, 'Детские шапки, шарфы, перчатки', 4633561),
(4669783, 'Детские шарфы и манишки', 4669753),
(91143, 'Детские электро- и веломобили', 100826),
(4652926, 'Детский замок на окна', 4652828),
(4663723, 'Детский крем, присыпка', 4663681),
(4666261, 'Детское белье и купальники', 4666231),
(4663699, 'Детское мыло', 4663681),
(4663021, 'Детское мыло', 4663015),
(2586352, 'Детское печенье и батончики', 2586292),
(2586292, 'Детское питание', 3933312),
(4667119, 'Детское питание', 4666441),
(2586332, 'Детское пюре', 2586292),
(1658277, 'Детское термобелье', 4633561),
(4628306, 'Дефлекторы', 4656398),
(4661779, 'Джеми та конфітюри', 4661725);
INSERT INTO `oc_category_rozetka` (`category_id`, `name`, `parent_id`) VALUES
(4649166, 'Джин', 4594292),
(4661665, 'Джин', 4661659),
(4659696, 'Джинсовые куртки для девочек', 4636711),
(4638223, 'Джинсовые куртки для мальчиков', 4636583),
(4666255, 'Джинсы, брюки для девочек', 4666231),
(4636615, 'Джинсы, брюки, шорты для мальчиков', 1290392),
(4637527, 'Джинсы для девочек', 4636951),
(4636231, 'Джинсы для мальчиков', 4636615),
(4666021, 'Джинсы женские', 4666009),
(4636951, 'Джинсы, лосины, шорты для девочек', 1285573),
(4670721, 'Диагностика и ремонт ПК', 4670691),
(4644944, 'Диагностические наборы', 4644840),
(4630542, 'Диагностическое оборудование', 4643944),
(4627575, 'Диваны', 152458),
(4647134, 'Диервилла', 4638559),
(80022, 'Диктофоны', 4627865),
(4668757, 'Динамики', 80100),
(4649808, 'Динамики (громкоговорители)', 4649568),
(4668865, 'Динамометрические ключи', 2798782),
(4649610, 'Динисторы', 4649574),
(4649712, 'Диодные мосты', 4649586),
(4649718, 'Диоды', 4649586),
(4649586, 'Диоды, диодные мосты, стабилитроны', 4649556),
(3510548, 'Диски', 3510436),
(4664419, 'Диски', 4664413),
(4669303, 'Диски здоровья', 132895),
(4643512, 'Дисковые пилы', 4641952),
(4644776, 'Диспенсеры', 4644728),
(4646048, 'Дисплеи', 4646032),
(4650670, 'Дисплеи для планшетов', 4650658),
(4647798, 'Дисплеи для телефонов', 4650580),
(4653971, 'Дистилляторы воды', 149287),
(4670201, 'Дитяче', 4670161),
(4662037, 'Дитяче', 4660675),
(4669177, 'Дитяче меню', 4669057),
(4647470, 'Диффузоры для кальяна', 4648656),
(4661743, 'Діабетичні товари', 4661725),
(4663387, 'Для бытовой техники', 4663339),
(4662607, 'Для бытовой техники', 4662601),
(4671016, 'Для детей', 4670796),
(199419, 'Для дома', 4651378),
(199418, 'Для квартиры', 4651378),
(4661977, 'Для котів', 4661959),
(4663381, 'Для мебели, ковров', 4663339),
(4662415, 'Для миття посуду', 4662379),
(4663345, 'Для поверхностей', 4663339),
(4662613, 'Для поверхностей', 4662601),
(4663351, 'Для полов', 4663339),
(4663357, 'Для посуды', 4663339),
(4662631, 'Для посуды', 4662601),
(4662439, 'Для прання', 4662379),
(4662451, 'Для прибирання', 4662379),
(116051, 'Для приготовления сладкой ваты', 80077),
(102298, 'Для самых маленьких', 88468),
(4662637, 'Для сантехники', 4662601),
(4663369, 'Для сантехники', 4663339),
(4661983, 'Для собак', 4661959),
(4663375, 'Для стекол, зеркал', 4663339),
(3563536, 'Дневники', 2460422),
(277726, 'Дневные ходовые огни', 277644),
(4659261, 'Добавки для пищевой промышленности', 4659254),
(4653570, 'Доборные элементы для кровли', 4625614),
(4656186, 'Довоз', 4630262),
(4662409, 'Догляд за автомобілем', 4662379),
(4662481, 'Догляд за взуттям та шкіряними виробами', 4662379),
(4662391, 'Догляд за ротовою порожниною', 4662379),
(4671061, 'Додатки', 4670801),
(4636663, 'Дождевики для девочек', 4636711),
(4638191, 'Дождевики для мальчиков', 4636583),
(4633169, 'Дождик на елку', 4633105),
(4650802, 'Дозаторы для зубной пасты', 4630027),
(4648818, 'Дозаторы для мыла', 4630027),
(4668031, 'Дозаторы жидкого мыла', 4667719),
(4650021, 'Доильные аппараты', 4655230),
(236805, 'Док-станции', 4627865),
(4659345, 'Документ-камеры', 4643064),
(84535, 'Домашние кинотеатры', 80100),
(196755, 'Домашние планетарии', 203883),
(169823, 'Домашний текстиль', 2394287),
(4663405, 'Домашний текстиль', 4663279),
(4671571, 'Домашня випічка', 4671546),
(4326677, 'Дом и хобби', 4326572),
(4664641, 'Домкраты', 4664629),
(329355, 'Домкраты', 278246),
(259632, 'Домофоны', 4628117),
(152456, 'Дом, сад, огород, оборудование', 80262),
(4670966, 'До пива', 4670791),
(4643128, 'Дополнения к плакатным профилям', 4643096),
(4643144, 'Дополнения к плакатным рамкам', 4643096),
(281618, 'Дополнительные фары', 277644),
(4654538, 'Дополнительные электроприборы в авто', 280596),
(4647958, 'Дорожное оборудование', 4647950),
(4671621, 'Дорожные аксессуары', 82411),
(4648014, 'Дорожные зеркала', 4647958),
(4647998, 'Дорожные ограждения', 4647958),
(4640320, 'Дорожные плиты', 4640160),
(753544, 'Дорожные сумки', 753534),
(90423, 'Дорожные сумки и чемоданы', 82411),
(4663303, 'Доски для глажки', 4663285),
(4645568, 'Доски для рисования', 102573),
(742864, 'Доски, флипчарты', 80254),
(4655272, 'Досточки для оттиска', 2460402),
(4659484, 'Драгоценные камни', 4659477),
(4629410, 'Драже и леденцы', 4633017),
(4649826, 'Драйверы', 4649580),
(4671771, 'Драм-картриджи, фотобарабаны', 81224),
(152496, 'Дрели и миксеры', 4660244),
(4631854, 'Дренажные системы', 2394297),
(4657358, 'Дрифт-карты', 4625901),
(4648302, 'Дробилки для винограда', 4648272),
(4654733, 'Дрожжи_old', 80262),
(4645408, 'Другая посуда', 4644888),
(80042, 'Другие аксессуары', 80263),
(4645456, 'Другие метрологические приборы', 4644968),
(4627381, 'Другие персональные аксессуары', 4627395),
(4640648, 'ДСП и ДВП', 4639496),
(4627122, 'Дуршлаги и сито', 4626604),
(296831, 'Духовые инструменты', 267255),
(116943, 'Душевые гарнитуры', 4628404),
(80191, 'Душевые двери и перегородки', 4633393),
(80190, 'Душевые кабины и стенки', 4633393),
(4633393, 'Душевые кабины, стенки, двери и перегородки', 4628404),
(80188, 'Душевые поддоны', 4628404),
(80704, 'Душевые экраны', 4625865),
(4653563, 'Дымоходные системы', 4625614),
(4647566, 'Дымоходы', 152463),
(2560852, 'Дыроколы', 2460412),
(4664053, 'Дыроколы, степлеры, скобы, антистеплеры', 4664041),
(4668811, 'Дюбели', 4626514),
(4667179, 'Еда быстрого приготовления', 4667155),
(4662883, 'Еда быстрого приготовления', 4662877),
(4639176, 'Еда быстрого приготовления', 4627659),
(4647342, 'Ежевика', 4638559),
(2514847, 'Ежедневники', 2460397),
(753374, 'Ежедневники', 753364),
(4664269, 'Ежедневники, планинги', 4664251),
(3973653, 'Ежедневный уход и здоровье', 102298),
(4658695, 'Ежемалина', 4638559),
(4670851, 'Еклери', 4670781),
(4662445, 'Електротовари', 4662379),
(4633145, 'Елочные игрушки', 4633105),
(4664407, 'Елочные игрушки, украшения', 4664395),
(4633161, 'Елочные шары', 4633105),
(4646766, 'Ель', 4638879),
(4648398, 'Емкости для брожения', 4648296),
(4650033, 'Емкости для доильных аппаратов', 4650027),
(4669429, 'Емкости для путешествий', 2048742),
(4648422, 'Емкости для хранения алкоголя', 4626594),
(4661947, 'Енергетичні напої', 4661887),
(4647398, 'Ерши для чистки кальянов', 4648656),
(4641600, 'Ершики', 4641592),
(4664797, 'Ершики для унитаза', 4664785),
(4668115, 'Ершики для унитаза', 4667719),
(4658156, 'Ёршики для зубов', 2099087),
(238749, 'Ёршики и стойки', 4630027),
(4636871, 'Жакеты для девочек', 4637031),
(4627673, 'Жалюзи и ролеты', 4625841),
(4646128, 'Жарочные поверхности', 435974),
(4647126, 'Жасмин', 4638559),
(4657068, 'Жатки кукурузные', 4656624),
(4625046, 'Жевательная резинка', 4633017),
(4629417, 'Жевательные конфеты', 4633017),
(4666867, 'Жевательные резинки', 4666831),
(4638695, 'Жевательный табак', 4638607),
(99364, 'Железная дорога и аксессуары', 100812),
(4640160, 'Железобетонные изделия для дорог и тротуаров', 4639440),
(4640248, 'Железобетонные кольца', 4640152),
(4640168, 'Железобетонные прогоны', 4639440),
(4659400, 'Железо для лошадей', 4659372),
(4654703, 'Желе и десерты', 4627659),
(4637535, 'Женская верхняя одежда', 1162060),
(4625250, 'Женская гигиена', 2048367),
(4637479, 'Женская домашняя одежда', 4637543),
(4637543, 'Женская ночная и домашняя одежда', 1162060),
(721659, 'Женская обувь', 458425),
(4666141, 'Женская обувь', 4666129),
(4634761, 'Женская обувь для танцев', 721659),
(4666009, 'Женская одежда', 4666003),
(4658546, 'Женская парфюмерия', 2048522),
(4665991, 'Женская парфюмерия', 4665985),
(4637623, 'Женская спортивная одежда', 1162060),
(4634545, 'Женские аквашузы', 4634721),
(4635735, 'Женские анораки', 4635727),
(4634793, 'Женские балетки', 4634737),
(4637279, 'Женские бермуды', 4637615),
(4637175, 'Женские блузы', 4637567),
(4637567, 'Женские блузы и рубашки', 1162060),
(4638279, 'Женские болеро', 4637631),
(4635145, 'Женские бомберы', 4635727),
(4633417, 'Женские босоножки', 4634729),
(4634729, 'Женские босоножки, сандалии', 721659),
(4634705, 'Женские ботильоны', 4634785),
(4633409, 'Женские ботинки', 4634785),
(4634785, 'Женские ботинки, ботильоны', 721659),
(4634689, 'Женские ботфорты', 4634777),
(723949, 'Женские браслеты', 723939),
(753889, 'Женские браслеты', 753884),
(4637287, 'Женские бриджи', 4637615),
(4634593, 'Женские броги', 4634737),
(4638207, 'Женские брюки', 4637615),
(4634673, 'Женские валенки', 4634777),
(4635153, 'Женские ветровки', 4635727),
(4637655, 'Женские водолазки', 4637631),
(4637183, 'Женские вышиванки', 4637567),
(4634521, 'Женские вьетнамки, сланцы', 4634721),
(4637423, 'Женские гетры', 4637551),
(4637335, 'Женские гольфы', 4637551),
(4635279, 'Женские дафлкоты', 4637535),
(4635193, 'Женские демисезонные куртки', 4635727),
(4634609, 'Женские дерби', 4634737),
(4637167, 'Женские джеггинсы', 4637615),
(4637351, 'Женские джемперы', 4637631),
(4636055, 'Женские джинсовые куртки', 4635727),
(4637663, 'Женские джинсы', 4637615),
(4637615, 'Женские джинсы, брюки, шорты', 1162060),
(4637471, 'Женские домашние туники', 80262),
(4635249, 'Женские дубленки', 4637535),
(4634561, 'Женские дутики', 4634777),
(4637215, 'Женские жакеты', 4637591),
(4627472, 'Женские жесткие браслеты', 753884),
(4627465, 'Женские жесткие браслеты', 753589),
(4635287, 'Женские жилеты', 4637631),
(4635535, 'Женские зимние куртки', 4635727),
(4639280, 'Женские иконы', 4639296),
(4637295, 'Женские капри', 4637615),
(4637391, 'Женские кардиганы', 4637631),
(4634489, 'Женские кеды', 4634713),
(4637463, 'Женские кигуруми', 4637543),
(4635161, 'Женские кожаные куртки', 4635727),
(4637431, 'Женские колготки', 4637551),
(753904, 'Женские колье и кулоны', 753899),
(724014, 'Женские кольца', 724004),
(753919, 'Женские кольца', 753914),
(4637583, 'Женские комбинезоны', 4637575),
(4637575, 'Женские комбинезоны и полукомбинезоны', 1162060),
(4634769, 'Женские комнатные тапочки', 721659),
(4639031, 'Женские комплекты для фитнеса', 4637623),
(4637671, 'Женские костюмы', 4637591),
(4637591, 'Женские костюмы и жакеты', 1162060),
(4637631, 'Женские кофты, свитера и кардиганы', 1162060),
(4634473, 'Женские кроссовки', 4634713),
(4634713, 'Женские кроссовки и кеды', 721659),
(4635727, 'Женские куртки', 4637535),
(4637303, 'Женские леггинсы', 4637615),
(4637263, 'Женские лонгсливы', 4637607),
(4637311, 'Женские лосины', 4637615),
(4634577, 'Женские лоферы', 4634737),
(4635543, 'Женские лыжные брюки', 4637535),
(4657980, 'Женские лыжные костюмы', 4637535),
(4637247, 'Женские майки', 4637607),
(4634641, 'Женские мокасины', 4634753),
(4634753, 'Женские мокасины, топсайдеры', 721659),
(4634585, 'Женские монки', 4634737),
(4634529, 'Женские мыльницы', 4634721),
(4634505, 'Женские мюли', 4634721),
(4635169, 'Женские накидки', 4637631),
(4637439, 'Женские носки', 4637551),
(4637407, 'Женские ночные рубашки', 4637543),
(4634601, 'Женские оксфорды', 4634737),
(4635201, 'Женские пальто', 4637535),
(4634513, 'Женские пантолеты', 4634721),
(4635217, 'Женские парки', 4635727),
(4635177, 'Женские пелерины', 4637631),
(4637399, 'Женские пижамы', 4637543),
(4637327, 'Женские платья', 4637599),
(4637599, 'Женские платья, сарафаны и юбки', 1162060),
(4635225, 'Женские плащи', 4637535),
(4637191, 'Женские поло', 4637607),
(4637199, 'Женские полукомбинезоны', 4637575),
(4635209, 'Женские полушубки', 4637535),
(4635185, 'Женские пончо', 4637631),
(4634657, 'Женские пуанты', 4634761),
(4637343, 'Женские пуловеры', 4637631),
(4635233, 'Женские пуховики', 4635727),
(4668631, 'Женские рационы правильного питания', 4668583),
(4634697, 'Женские резиновые сапоги', 4634777),
(4637647, 'Женские рубашки', 4637567),
(4634497, 'Женские сабо', 4634721),
(4634721, 'Женские сабо, вьетнамки, тапочки', 721659),
(4634553, 'Женские сандалии', 4634729),
(4633433, 'Женские сапоги', 4634777),
(4634777, 'Женские сапоги, угги', 721659),
(4637223, 'Женские сарафаны', 4637599),
(4637383, 'Женские свитера', 4637631),
(4637359, 'Женские свитшоты', 4637631),
(4637447, 'Женские следы', 4637551),
(4634625, 'Женские слиперы', 4634745),
(4634633, 'Женские слипоны', 4634745),
(4634745, 'Женские слипоны, эспадрильи', 721659),
(4634481, 'Женские сникеры', 4634713),
(4639007, 'Женские спортивные капри', 4637623),
(4639039, 'Женские спортивные комбинезоны', 4637623),
(4637319, 'Женские спортивные костюмы', 4637623),
(4638119, 'Женские спортивные кофты', 4637623),
(4638999, 'Женские спортивные леггинсы', 4637623),
(4639023, 'Женские спортивные майки', 4637623),
(4638303, 'Женские спортивные топы', 4637623),
(4639208, 'Женские спортивные шорты', 4637623),
(4638215, 'Женские спортивные штаны', 4637623),
(4665505, 'Женские станки для бритья', 4665481),
(4649934, 'Женские теплые жилеты', 4637535),
(4637367, 'Женские толстовки', 4637631),
(4634649, 'Женские топсайдеры', 4634753),
(4637255, 'Женские топы', 4637607),
(2336822, 'Женские трусы', 2336782),
(4637231, 'Женские туники', 4637599),
(4634737, 'Женские туфли, балетки', 721659),
(4633425, 'Женские туфли и лодочки', 4634737),
(4633681, 'Женские угги', 4634777),
(4637639, 'Женские футболки', 4637607),
(4637607, 'Женские футболки и майки', 1162060),
(4637415, 'Женские халаты', 4637543),
(4637375, 'Женские худи', 4637631),
(753709, 'Женские цепи', 4629842),
(4626253, 'Женские цепи', 753879),
(4634665, 'Женские чешки', 4634761),
(4637455, 'Женские чулки', 4637551),
(4637551, 'Женские чулочно-носочные изделия', 1162060),
(4634537, 'Женские шлепанцы', 4634721),
(4637271, 'Женские шорты', 4637615),
(4635241, 'Женские шубы и полушубки', 4637535),
(4634617, 'Женские эспадрильи', 4634745),
(4637239, 'Женские юбки', 4637599),
(4666033, 'Женский пуловер, свитер', 4666009),
(4666039, 'Женское белье, купальники', 4666009),
(80084, 'Жесткие диски и дисковые массивы', 80026),
(4034476, 'Живопись и графика', 4625734),
(4655222, 'Животноводство', 4655216),
(4647030, 'Живучка', 4638559),
(4629950, 'Жидкие обои', 4625698),
(4659533, 'Жидкости для аккумуляторов', 2659527),
(4659512, 'Жидкости для гидроусилителя руля', 2659527),
(4665895, 'Жидкости для снятия лака', 4665883),
(4659540, 'Жидкости для стеклоомывателей', 2659527),
(4627080, 'Жидкости для электронных сигарет', 4627052),
(4658300, 'Жидкость для снятия лака', 2048602),
(4664701, 'Жидкость для стекол', 4664665),
(4636703, 'Жилеты для девочек', 4637031),
(4636263, 'Жилеты для мальчиков', 4636623),
(4654111, 'Жилеты светоотражающие', 1735862),
(4647326, 'Жимолость', 4638559),
(4653717, 'Жирные кислоты', 273292),
(273296, 'Жиросжигатели', 273292),
(4650568, 'Жироуловители', 4627851),
(4661749, 'Жувальна гумка', 4661725),
(4664455, 'Журналы', 4664443),
(4647838, 'Журналы', 4647830),
(4664443, 'Журналы, газеты', 4664413),
(2798167, 'Журнальные столы', 4671541),
(4640848, 'Заборные секции', 4639480),
(4639480, 'Заборы и ограждения', 4639424),
(4626898, 'Заварочные чайники', 4638287),
(4638287, 'Заварочные чайники и кофейники', 4626624),
(4670386, 'Завтраки', 4670176),
(4670401, 'Завтраки', 4670181),
(4631833, 'Заглушки', 4631623),
(4631970, 'Заглушки кабельные', 4659231),
(4646672, 'Заглушки ремней безопасности', 2769487),
(4625944, 'Загоны и будки', 4626063),
(4660293, 'Заготовки вышиванок', 4643632),
(4652261, 'Заготовки для бижутерии', 4652247),
(4652436, 'Заготовки для рукоделия', 4652373),
(4660300, 'Заготовки рушников', 4643632),
(4649124, 'Заготовки сумок и аксессуаров для вышивки', 4643632),
(4647390, 'Зажигалки для кальяна', 4635983),
(4655114, 'Зажигалки для кухни', 4626604),
(4638815, 'Зажигалки для сигар', 4638623),
(97992, 'Зажигалки и аксессуары', 83916),
(4642696, 'Зажигание', 4642680),
(4652310, 'Зажимы для бижутерии', 4652247),
(4669669, 'Зажимы для галстука', 723119),
(753469, 'Зажимы для галстука', 753449),
(4630238, 'Зажимы для купюр', 4633601),
(4648914, 'Зажимы заземления', 4648902),
(4649874, 'Зажимы зубчатые', 4649550),
(4648908, 'Заземлители', 4648902),
(4666537, 'Закваска', 4666513),
(4645816, 'Закваска', 4637511),
(4662085, 'Закваски', 4662079),
(4627360, 'Закладки для книг', 4625734),
(3159840, 'Закладки, расписания, подложки', 2460422),
(4668817, 'Заклепки', 4626514),
(4660272, 'Заклепочники', 3423154),
(4660545, 'Заколки для волос', 4660517),
(4665571, 'Заколки, резинки', 4665523),
(4670776, 'Закуски', 4669585),
(4670291, 'Закуски', 4670166),
(4670226, 'Закуски', 4670161),
(4669507, 'Закуски', 4669477),
(4670371, 'Закуски и гриль', 4670176),
(4671026, 'Закуски и супы', 4670796),
(4666621, 'Закуски и террин', 4666597),
(4661995, 'Закуски солоні', 4661989),
(4661731, 'Закуски солоні', 4661725),
(4653703, 'Заменители питания', 273292),
(4625847, 'Замки', 4625841),
(4652303, 'Замки и застежки', 4652247),
(4638943, 'Замки КПП', 4654510),
(4631665, 'Замки мебельные', 4630013),
(4662367, 'Заморожена риба', 4662325),
(4662001, 'Заморожені продукти', 4660675),
(4667239, 'Замороженная рыба', 4667221),
(4666819, 'Замороженные овощи', 4666789),
(4655090, 'Замороженные овощи', 4655084),
(4655084, 'Замороженные овощи и фрукты', 4655042),
(4667197, 'Замороженные пироги', 4667155),
(4667101, 'Замороженные фрукты', 4667071),
(4655096, 'Замороженные фрукты и ягоды', 4655084),
(4650556, 'Занавески для ванны', 4625865),
(4661875, 'Запальнички', 4661869),
(4668667, 'Запечене', 4668577),
(4669663, 'Запонки', 723119),
(753479, 'Запонки', 753449),
(4631305, 'Запонки и зажимы для галстуков', 4633609),
(4652982, 'Запоры для окон', 4652849),
(4644472, 'Заправочные блоки', 4644456),
(4630006, 'Запросы на оценку товаров', 80260),
(4631040, 'Запчасти EPS (ЭУР)', 4630806),
(4648246, 'Запчасти для sup досок', 4648214),
(4650345, 'Запчасти для аккумуляторного инструмента', 4650177),
(4650339, 'Запчасти для бензиновых двигателей', 4650189),
(4650189, 'Запчасти для бензоинструмента', 4650177),
(4650315, 'Запчасти для бензопил', 4650189),
(4650321, 'Запчасти для бензотриммеров', 4650189),
(4650201, 'Запчасти для болгарок', 4650183),
(4629108, 'Запчасти для газонокосилок', 152459),
(4650297, 'Запчасти для граверов', 4650183),
(4650039, 'Запчасти для доильных аппаратов', 4650027),
(4650225, 'Запчасти для дрелей', 4650183),
(4650255, 'Запчасти для компрессоров', 4650183),
(4645752, 'Запчасти для конвектора', 80252),
(4629101, 'Запчасти для культиваторов и мотоблоков', 152459),
(4650219, 'Запчасти для лобзиков', 4650183),
(4646344, 'Запчасти для лодок', 89817),
(4650279, 'Запчасти для насосных станций', 4650183),
(4649514, 'Запчасти для паяльного оборудования', 4649502),
(4650207, 'Запчасти для перфораторов', 4650183),
(4650658, 'Запчасти для планшетов', 80253),
(84542, 'Запчасти для радиоуправляемых моделей', 81499),
(4650285, 'Запчасти для сварок', 4650183),
(4650309, 'Запчасти для станков', 4650183),
(4650291, 'Запчасти для строительных пылесосов', 4650183),
(4650249, 'Запчасти для строительных фенов', 4650183),
(4643800, 'Запчасти для тату машинок', 4643696),
(4650580, 'Запчасти для телефонов', 80263),
(4649046, 'Запчасти для термопрессов', 4630274),
(4642728, 'Запчасти для ТО', 4630454),
(4653789, 'Запчасти для тренажеров', 4624900),
(4629094, 'Запчасти для триммеров и мотокос', 152459),
(4629087, 'Запчасти для цепных пил', 152459),
(4650231, 'Запчасти для шлифмашин', 4650183),
(4650261, 'Запчасти для шуруповёртов', 4650183),
(4650177, 'Запчасти для электро и бензоинструмента', 2577232),
(4650183, 'Запчасти для электроинструмента', 4650177),
(4650267, 'Запчасти для электроножниц', 4650183),
(4650213, 'Запчасти для электропил', 4650183),
(4650303, 'Запчасти для электрорубанков', 4650183),
(4650237, 'Запчасти для электротриммеров', 4650183),
(4639864, 'Запчасти и комплектующие для аэрографов', 4669225),
(4650273, 'Запчасти к бетономешалкам', 4650183),
(4657080, 'Запчасти к боронам', 4656630),
(4657092, 'Запчасти к культиваторам', 4656630),
(4646184, 'Запчасти к лодочным моторам', 4646136),
(4657086, 'Запчасти к опрыскивателям', 4656630),
(4650243, 'Запчасти к отбойным молоткам', 4650183),
(4657122, 'Запчасти к полевым каткам', 4656630),
(4656630, 'Запчасти к сельхозтехнике', 4656582),
(4657074, 'Запчасти к сеялкам', 4656630),
(4659950, 'Запчасти к строительным люлькам', 4655445),
(4646192, 'Запчасти топливной системы судна', 4646136),
(4642392, 'Зарядные станции', 4625256),
(4647502, 'Зарядные станции для электромобилей', 4625901),
(146341, 'Зарядные устройства', 80263),
(4667965, 'Зарядные устройства', 4667719),
(83878, 'Зарядные устройства для фото- и видеокамер', 80259),
(4662505, 'Засоби для гоління', 4662379),
(4662493, 'Засоби для догляду за волоссям', 4662379),
(4662067, 'Засоби для догляду за дитиною', 4662037),
(4662523, 'Засоби для догляду за тілом', 4662379),
(238186, 'Застенные сливные бачки', 208242),
(4655493, 'Затирочные машины по бетону', 4655445),
(4631875, 'Затирочные смеси', 4625710),
(189195, 'Защита', 100826),
(4656512, 'Защита бампера и дуги', 4656398),
(80120, 'Защита данных', 80067),
(4653507, 'Защита двигателя', 4642712),
(4625469, 'Защита для бокса и единоборств', 4625433),
(4625367, 'Защита для хоккея', 116671),
(4659393, 'Защита ног лошади', 4659372),
(4659407, 'Защита спины лошади', 4659372),
(4655589, 'Защитная спецодежда', 4628751),
(4652116, 'Защитные дуги и слайдеры на мотоцикл', 4652068),
(4644368, 'Защитные маски для лица', 4628905),
(4635113, 'Защитные пленки', 146202),
(1224020, 'Защитные пленки для ноутбуков', 80256),
(146202, 'Защитные пленки и стекла', 80263),
(4656470, 'Защитные пленки на авто', 4656464),
(4635129, 'Защитные покрытия', 146202),
(4665301, 'Защитные средства', 4665259),
(4635121, 'Защитные стекла', 146202),
(4652062, 'Защитные шорты', 4652026),
(4656948, 'Звездочки привода гусеницы', 4656600),
(4650682, 'Звуковые запчасти для планшетов', 4650658),
(4650592, 'Звуковые запчасти для телефонов', 4650580),
(80088, 'Звуковые карты', 80026),
(298222, 'Звукозапись', 267255),
(4649802, 'Звукоизлучатели', 4649568),
(4671636, 'Звукоизоляция', 4639424),
(4666807, 'Зелень', 4666789),
(4655072, 'Зелень и салаты', 4655048),
(4647334, 'Земляника', 4638559),
(4630668, 'Зеркала', 152458),
(4656362, 'Зеркала автомобильные', 4642712),
(155550, 'Зеркала в ванную', 155548),
(4627318, 'Зеркало для макияжа', 2048527),
(4665529, 'Зеркальца', 4665523),
(4666855, 'Зефир', 4666831),
(4667647, 'Зефир', 4662709),
(4629459, 'Зефир и мармелад', 4633017),
(116671, 'Зимние виды спорта', 81203),
(4654090, 'Знаки аварийной остановки', 1735862),
(4640624, 'Знаки безопасности', 4640424),
(723964, 'Золотые аксессуары', 723934),
(723939, 'Золотые браслеты', 723934),
(4628558, 'Золотые изделия для волос и головы', 723964),
(723934, 'Золотые и платиновые украшения', 723119),
(723984, 'Золотые колье', 723934),
(724004, 'Золотые кольца', 723934),
(724039, 'Золотые кулоны', 723934),
(4627533, 'Золотые монеты', 4627519),
(724094, 'Золотые серьги', 723934),
(4627624, 'Золотые слитки', 4627519),
(4629986, 'Зонты', 4630220),
(3520929, 'Зоотовары', 2394287),
(4663135, 'Зоотовары', 4661545),
(4666285, 'Зоотовары', 4663267),
(3510583, 'Зубила, пики', 3510436),
(2798757, 'Зубило, керн, пробойник', 3423154),
(4665709, 'Зубная нить', 4665697),
(4658144, 'Зубная нить', 2099087),
(4658138, 'Зубная паста', 2099087),
(4665721, 'Зубная паста', 4665697),
(4663075, 'Зубная паста', 4663069),
(4665715, 'Зубная щетка', 4665697),
(4658150, 'Зубная щетка', 2099087),
(4663081, 'Зубная щетка', 4663069),
(4664911, 'Зубная электрощетка', 4664893),
(4658174, 'Зубной порошок', 2099087),
(4663711, 'Зубные пасты для детей', 4663681),
(4663717, 'Зубные щетки для детей', 4663681),
(437994, 'Зубные щетки и ирригаторы', 435969),
(4652646, 'Иглы для валяния', 4652632),
(4652492, 'Иголки', 4649022),
(4652499, 'Игольницы', 4649022),
(4633345, 'Игральные карты', 80260),
(4624928, 'Игровая форма и экипировка', 4624893),
(4624893, 'Игровые виды спорта', 81203),
(80020, 'Игровые консоли и детские приставки', 80261),
(80173, 'Игровые манипуляторы и аксессуары для консолей', 80261),
(99674, 'Игровые наборы', 100808),
(80112, 'Игровые поверхности', 80255),
(99253, 'Игровые фигурки', 100808),
(104013, 'Игрушечное оружие', 100812),
(102003, 'Игрушечные машинки и техника', 100812),
(4667773, 'Игрушки', 4667719),
(3439219, 'Игрушки для животных', 3520929),
(1183125, 'Игрушки для колясок и автокресел', 100820),
(4666315, 'Игрушки для кошек', 4666291),
(4663855, 'Игрушки для малышей', 4663825),
(100193, 'Игрушки для малышей', 4035302),
(4035302, 'Игрушки для малышей, развитие, развлечения', 102298),
(4631200, 'Игрушки для пляжа, песочницы и ванной', 4265805),
(4666435, 'Игрушки для птиц', 4666423),
(4666357, 'Игрушки для собак', 4666333),
(159570, 'Игрушки-ночники', 102573),
(80066, 'Игры', 80261),
(4648536, 'Известь', 4639448),
(4640616, 'Извещатели пожарные', 4640424),
(4632180, 'Изготовление игрушек', 102912),
(4632131, 'Изготовление украшений', 102912),
(4626263, 'Изделия для головы', 753879),
(4626268, 'Изделия для плеча', 753879),
(4663957, 'Изделия медицинского назначения', 4663909),
(80134, 'Измельчители пищевых отходов', 80078),
(4627164, 'Измельчители, прессы', 4626604),
(4657032, 'Измельчители растительных остатков', 4656624),
(4654230, 'Измерители глубины протектора', 4654216),
(4653381, 'Измерители оптической мощности', 4653276),
(162285, 'Измерительная техника', 152460),
(4648290, 'Измерительное оборудование для алкоголя', 4648266),
(2798747, 'Измерительно-разметочный инструмент', 3423154),
(4665439, 'Измерительные инструменты', 4665349),
(3441396, 'Измерительные приборы', 3429643),
(3427655, 'Изолирующие материалы', 3423154),
(4639456, 'Изоляционные материалы', 4639424),
(4635719, 'Изоляция салона автомобиля', 4656398),
(4629794, 'Изоляция труб', 4629728),
(299356, 'Изотоники', 273292),
(4639272, 'Иконы', 4648134),
(4639376, 'Иконы ангелов и архангелов', 4639272),
(4639344, 'Иконы Божьей Матери', 4639272),
(4639336, 'Иконы Иисуса Христа', 4639272),
(4639368, 'Иконы Святого семейства', 4639272),
(4639312, 'Иконы Святой Троицы', 4639272),
(4639360, 'Иконы с соборами', 4639272),
(4667269, 'Икра', 4667221),
(4632977, 'Икра', 4627659),
(4668907, 'Имбусовые ключи', 2798782),
(4639296, 'Именные иконы', 4639272),
(4631354, 'Инвалидные коляски и каталки', 4648686),
(4655410, 'Инвентарь для вывода маток', 4655374),
(3647328, 'Инвентарь для дома и офиса', 3547641),
(4659456, 'Инвентарь для конюшни', 4659372),
(4640376, 'Инвентарь для пожарной безопасности', 4635487),
(4655362, 'Инвентарь пчеловода', 4655326),
(4625577, 'Инверторы для солнечных батарей', 4639232),
(2776042, 'Ингаляторы', 435969),
(4638575, 'Ингредиенты для выпечки', 4627659),
(4629513, 'Ингредиенты для приготовления алкогольных напитков', 4626923),
(288988, 'Индивидуальные шкафы кассира', 163983),
(4656524, 'Индикаторные панели для автомобиля', 4654538),
(4625355, 'Индикаторы клиента', 4625280),
(4625565, 'Индикаторы поклевки', 84703),
(4659617, 'Индустриальные масла', 1527297),
(4641128, 'Инженерная доска', 4641072),
(4629728, 'Инженерная сантехника', 80106),
(4640152, 'Инженерные сети', 4639440),
(4640632, 'Инкубаторы', 3520929),
(4633545, 'Инсектициды', 4633513),
(4654251, 'Инспекционный свет для СТО', 4630542),
(209002, 'Инсталляции', 208242),
(208242, 'Инсталляционные системы', 80106),
(4632848, 'Инструментальная мебель', 4632873),
(4632873, 'Инструментальная мебель и ложементы', 3423154),
(4665265, 'Инструмент для отделки', 4665259),
(2798812, 'Инструмент для отделочных работ', 3423154),
(185340, 'Инструмент для плитки и стекла', 3423154),
(4668739, 'Инструмент для поклейки пленки', 4656464),
(4668961, 'Инструмент для смазочных материалов', 4654223),
(4665349, 'Инструменты', 4663267),
(152460, 'Инструменты', 2577232),
(4669225, 'Инструменты для аэрографии', 152460),
(4626409, 'Инструменты для груминга', 3520929),
(4660440, 'Инструменты для маникюра', 4629305),
(4665589, 'Инструменты для маникюра', 4665523),
(4653269, 'Инструменты для оптоволоконных кабелей', 4653220),
(4665601, 'Инструменты для педикюра', 4665523),
(4631530, 'Инструменты для сетевого оборудования', 1230965),
(4629256, 'Инструменты для уборки', 3547641),
(4659726, 'Инструменты для чистки лица', 2048527),
(4627858, 'Инструменты и автотовары', 0),
(2577232, 'Инструменты и оборудование', 4627858),
(4643064, 'Интерактивное оборудование', 80253),
(4658845, 'Интерактивные доски', 4670651),
(98159, 'Интерактивные игрушки', 100784),
(4659352, 'Интерактивные модули', 4643064),
(4659338, 'Интерактивные панели', 4643064),
(4649676, 'Интерфейсы', 4649580),
(4656416, 'Интерьер автомобиля', 4643616),
(4667977, 'Интерьер для дома', 4667719),
(4664743, 'Интерьерные аксессуары', 4664737),
(4640904, 'Интерьерные наклейки', 375695),
(4648488, 'Интерьерные ткани', 4648476),
(80247, 'Инфракрасные обогреватели', 80192),
(4649478, 'Инфракрасные паяльные станции', 4649472),
(4656410, 'Инфракрасные сауны', 152463),
(80127, 'Ионизаторы', 80079),
(4653964, 'Ионизаторы воды', 149287),
(4643904, 'Искусственная кожа для тату', 4643720),
(4645632, 'Искусственная трава', 4645616),
(4632937, 'Искусственные елки', 248659),
(4629059, 'Искусственные растения', 2394287),
(4632945, 'Искусственные сосны', 248659),
(248659, 'Искусственные сосны и ели', 80260),
(4647622, 'Искусственные цветы', 375695),
(4650093, 'Искусственный камень для фасада', 4650081),
(4633265, 'Искусственный снег', 4633097),
(80108, 'Источники бесперебойного питания', 80026),
(4649652, 'Источники питания', 4649580),
(4653353, 'Источники стабилизированного излучения', 4653276),
(4662541, 'Іграшки', 4662379),
(4662337, 'Ікра', 4662325),
(4662397, 'Інсектіциди', 4662379),
(159461, 'Йога', 132895),
(4666585, 'Йогурт', 4666513),
(4662127, 'Йогурти', 4662079),
(80179, 'Йогуртницы', 435974),
(4667407, 'Йогурты', 4667395),
(4645904, 'Йогурты', 4637519),
(4637519, 'Йогурты и творог', 4632768),
(4660195, 'Кабелерезы', 4660188),
(80073, 'Кабели и переходники', 80015),
(4630166, 'Кабели и переходники для серверов', 4630100),
(146539, 'Кабели синхронизации', 80263),
(4670481, 'Кабель-каналы', 4663213),
(3803617, 'Кабельно-проводниковая продукция', 3803561),
(4640264, 'Кабельные блоки', 4640152),
(4631544, 'Кабельные стяжки', 1230965),
(4652317, 'Кабошоны', 4652247),
(4661929, 'Кава', 4661887),
(4668691, 'Кава', 4668577),
(4669843, 'Кава арабіка 100', 4669579),
(4668577, 'КаваБулки', 4663249),
(4671611, 'Кавказське застілля', 4671546),
(4661905, 'Какао', 4661887),
(4640008, 'Какао', 4639952),
(4662805, 'Какао/капуччино/цикорий', 4662757),
(4666465, 'Какао/капуччино/цикорий', 4666447),
(4638871, 'Кактусы', 4638935),
(4635991, 'Калауды для кальянов', 4635983),
(4625493, 'Календари', 2460397),
(4664467, 'Календари настенные', 4664461),
(4664461, 'Календари, плакаты', 4664413),
(4647118, 'Калина', 4638559),
(4643832, 'Калитки', 4639480),
(4670891, 'Каліфорнії', 4670786),
(2560887, 'Калькуляторы', 2460412),
(4664077, 'Калькуляторы', 4664041),
(4638663, 'Кальянный табак', 4638607),
(4637159, 'Кальяны', 4632897),
(4632897, 'Кальяны и аксессуары', 4626923),
(4650141, 'Каменный шпон', 4639600),
(237071, 'Камеры видеонаблюдения', 237067),
(4645128, 'Камеры Горяева', 4644872),
(4650706, 'Камеры для планшетов', 4650658),
(4650598, 'Камеры для телефонов', 4650580),
(167898, 'Камеры заднего вида', 278669),
(238600, 'Каминокомплекты', 152463),
(152463, 'Камины, печи, сауны', 2394287),
(4655144, 'Камни для виски', 4626629),
(4670271, 'Канапе', 4670166),
(4642096, 'Канаты', 4642080),
(4642192, 'Канекалоны', 4641832),
(4654118, 'Канистры автомобильные', 1735862),
(4646160, 'Канистры для лодки', 4646136),
(2460392, 'Канцелярия', 4625734),
(2678307, 'Канцелярские кнопки', 2460412),
(2560842, 'Канцелярские ножи', 2460412),
(2560837, 'Канцелярские ножницы', 2460412),
(4662487, 'Канцтовари', 4662379),
(4667803, 'Канцтовары для школы', 4667719),
(4667809, 'Канцтовары и книги', 4667719),
(4645136, 'Капельницы', 4644872),
(274446, 'Каподастры', 4628551),
(4650057, 'Капсулы для витаминных электронных сигарет', 4627052),
(4652296, 'Карабины', 4652247),
(4646982, 'Карагана', 4638559),
(4665979, 'Карандаш для бровей', 4665907),
(4665949, 'Карандаш для глаз', 4665907),
(4658498, 'Карандаш для глаз', 2236222),
(4665973, 'Карандаш для губ', 4665907),
(4658510, 'Карандаш для губ', 2236222),
(2560752, 'Карандаши', 2460407),
(4664143, 'Карандаши', 4664101),
(4631777, 'Карго', 4631679),
(4644208, 'Каркасы для цветов', 4644192),
(96813, 'Карманные часы', 4633585),
(4641680, 'Карманы для стендов_old', 4641624),
(4670711, 'Карманы и док-станции для жестких дисков', 4670691),
(189504, 'Карнавальные костюмы', 2033137),
(4648836, 'Карнизы для ванной', 4630027),
(4626093, 'Карнизы для штор', 4625841),
(4629249, 'Картины', 375695),
(4668751, 'Картины по номерам', 4034476),
(4664869, 'Картины, рамки', 4664863),
(4630494, 'Картонные коробки', 2460397),
(4667437, 'Картофель', 4667395),
(4648740, 'Карточки для аутистов', 4648692),
(4643864, 'Картриджи для тату машинок', 4643712),
(199412, 'Картриджи для фильтров-кувшинов', 156670),
(4671726, 'Картриджи лазерные', 81224),
(4671736, 'Картриджи матричные', 81224),
(4671731, 'Картриджи струйные', 81224),
(4648126, 'Карты', 4648134),
(82249, 'Карты видеозахвата', 80026),
(4627304, 'Карты доступа, активации и онлайн-пополнения пакетов', 80019),
(108241, 'Карты и аксессуары к эхолотам', 86167),
(80044, 'Карты памяти', 4628124),
(4653164, 'Карты расширений для серверов', 4630100),
(4633353, 'Карты Таро', 80260),
(4656858, 'Кассетные адаптеры', 4654538),
(4650363, 'Кассовая лента', 4625746),
(4643040, 'Кассовые разделители', 4642976),
(4656144, 'Кассовые сейфы', 163969),
(4663537, 'Кастрюли', 4663459),
(4626760, 'Кастрюли, ковши', 4626599),
(4646742, 'Катальпа', 4638879),
(4639664, 'Катанка стальная', 4639608),
(4628891, 'Катетеры и зонды', 4628719),
(4657008, 'Катки полевые', 4656624),
(84712, 'Катушки', 84703),
(4649748, 'Катушки индуктивности, дроссели', 4649562),
(4667479, 'Каша', 4667395),
(4667131, 'Каши для детей', 4667119),
(4660251, 'Каяки', 86167),
(4639632, 'Квадрат стальной', 4639608),
(1124685, 'Квадрокоптеры', 81499),
(4666459, 'Квас', 4666447),
(4662763, 'Квас', 4662757),
(4661899, 'Квас', 4661887),
(4634169, 'Кеды для девочек', 4634361),
(4633721, 'Кеды для мальчиков', 4633993),
(4649274, 'Кексы', 4649262),
(4639520, 'Керамзит', 4639448),
(4640336, 'Керамзитобетонные блоки', 4640192),
(117101, 'Керамика', 80106),
(4650111, 'Керамическая плитка для фасада', 4650081),
(1564297, 'Керамические панели', 80192),
(4666723, 'Кетчуп', 4666705),
(4663003, 'Кетчуп', 4662973),
(4662277, 'Кетчуп, соуси, майонези', 4662187),
(4666519, 'Кефир', 4666513),
(4645792, 'Кефир', 4637511),
(4662181, 'Кефір', 4662079),
(4633937, 'Киевницы и полки для шаров', 4631840),
(4658683, 'Кизил', 4638559),
(4647110, 'Кизильник', 4638559),
(4633929, 'Кии для бильярда', 4631840),
(4670091, 'Кинезио тейпы', 4670071),
(4647262, 'Кипарисовик', 4638879),
(4639432, 'Кирпич', 4639424),
(4638751, 'Кисеты для табака', 4638615),
(4637511, 'Кисломолочные продукты', 4632768),
(4659705, 'Кисти для макияжа', 2048527),
(4660468, 'Кисти для маникюра', 4660440),
(3618110, 'Кисти для рисования', 4034476),
(4652331, 'Кисточки для сережек', 4652247),
(80171, 'Клавиатуры', 80255),
(4631383, 'Клавиатуры для ноутбуков', 4631376),
(80255, 'Клавиатуры и мыши', 80026),
(284865, 'Клавишные инструменты', 267255),
(4631509, 'Клапаны ГБО', 4631418),
(4656714, 'Клапаны дизельных двигателей', 4656702),
(4630950, 'Клапаны насосов ГУР', 4630806),
(4628334, 'Классические гитары', 4628348),
(4668535, 'Классические костюмы для мальчиков', 4636623),
(4636623, 'Классические костюмы и пиджаки', 1290392),
(753549, 'Клатчи', 753534),
(4665433, 'Клеевые пистолеты', 4665403),
(200468, 'Клеевые пистолеты и аксессуары', 4660244),
(2560862, 'Клей', 2460412),
(4665289, 'Клей', 4665259),
(4662583, 'Клей для напольных покрытий', 4641064),
(4662589, 'Клей для плитки', 4625710),
(4668169, 'Клей для теплоизоляции', 4631949),
(2560867, 'Клейкая лента, скотч, стрейч пленка', 2460412),
(4665295, 'Клей ПВА', 4665289),
(4664095, 'Клей, скотч', 4664041),
(4643600, 'Клей строительный', 4639600),
(4649862, 'Клеммники', 4649550),
(4649868, 'Клеммы и наконечники', 4649550),
(4655308, 'Клетки для домашней птицы', 4655302),
(4654762, 'Клетки для кроликов', 4654756),
(3501273, 'Клетки для птиц и грызунов', 3520929),
(4670023, 'Клещи', 2798772),
(80079, 'Климатическая техника', 80025),
(4664977, 'Климатическая техника', 4664887),
(4658962, 'Клининговое оборудование', 4627851),
(4650087, 'Клинкерная фасадная плитка', 4650081),
(4668997, 'Клинки и заготовки для ножей', 4668967),
(4643824, 'Клипкорд', 4643704),
(753934, 'Клипсы', 753929),
(4628530, 'Клубни и луковицы', 4639184),
(4647302, 'Клубника', 4638559),
(4653500, 'Ключи для автомобилей', 278246),
(4653831, 'Ключи-переходники колесные', 4653817),
(4668943, 'Ключи разрезные', 4654223),
(4630342, 'Ключницы', 4633601),
(753494, 'Ключницы.', 753449),
(118802, 'Клюшки и шайбы', 116671),
(4326572, 'Книги', 4625734),
(4664413, 'Книги, диски', 4663267),
(4626644, 'Книги для родителей', 4326572),
(4652534, 'Книги пожеланий', 4652506),
(4664479, 'Книги, фотоальбомы', 4664413),
(4648770, 'Книжные шкафы', 4631312),
(4650459, 'Кнопки выхода', 4650417),
(4650700, 'Кнопки для планшетов', 4650658),
(209003, 'Кнопки для смыва', 208242),
(4649838, 'Кнопки и переключатели', 4649550),
(4631298, 'Кнопки управления, кнопочные посты', 3803561),
(153723, 'Кобуры и сумки', 4658540),
(4643656, 'Кованные ворота', 4643488),
(4648896, 'Кованые элементы', 4639480),
(4661809, 'Ковбаси', 4661791),
(4671446, 'Ковбаси, ковбаски с/к,с/в,в/к,н/к,запечені україна вагові', 4671441),
(4671121, 'Ковбаси, ковбаски с/к,с/в,в/к,н/к,запечені україна вагові', 4671116),
(4668025, 'Коврики', 4667719),
(4646648, 'Ковровая плитка', 4645616),
(142254, 'Ковровые изделия', 2394287),
(4625988, 'Ковролин', 4645616),
(4663501, 'Ковши', 4663459),
(4650465, 'Кодовая клавиатура', 4650417),
(4666843, 'Козинаки', 4666831),
(4657668, 'Козырьки и навесы', 4625614),
(4645856, 'Козырьки на лобовые стекла', 4656398),
(4666759, 'Колбаса', 4666747),
(4667443, 'Колбаски', 4667395),
(4635999, 'Колбы для кальянов', 4635983),
(4666273, 'Колготки, носки для девочек', 4666231),
(4666279, 'Колготки, носки для мальчиков', 4666231),
(4666045, 'Колготки, чулки, носки', 4666009),
(4657578, 'Коленвалы и шатуны на мотоблок', 4629101),
(4656744, 'Коленчатые валы дизельных двигателей', 4656702),
(4641712, 'Колеса для тележек', 4633065),
(4653817, 'Колесный крепеж', 4653880),
(4648062, 'Колесоотбойники', 4647966),
(4629806, 'Коллекторы и коллекторные шкафы', 4629728),
(4657662, 'Коллекторы на мотоблок', 4629101),
(4658791, 'Коллекционирование', 2394287),
(103338, 'Коллекционные модельки', 100812),
(4628194, 'Колпаки', 4653880),
(4647462, 'Колпаки для кальяна', 4635983),
(4640824, 'Колпаки заборные', 4639480),
(4630836, 'Колпачки верхние защитные', 4630806),
(4643936, 'Колпачки и подставки для тату краски', 4643720),
(4653810, 'Колпачки на ниппель', 4653880),
(753624, 'Колье', 723119),
(4657950, 'Колье и ожерелья', 4630370),
(753899, 'Колье / Подвески', 753879),
(4657920, 'Кольца', 4630370),
(753639, 'Кольца', 723119),
(753914, 'Кольца', 753879),
(4630758, 'Кольца для годовщин/юбилеев', 724004),
(4631910, 'Кольца для годовщин/юбилеев', 753634),
(4626730, 'Кольца для пальцев ног', 753634),
(4626736, 'Кольца для пальцев ног', 753914),
(4669363, 'Кольца для пилатеса', 132895),
(724024, 'Кольца для помолвки', 724004),
(4626303, 'Кольца для помолвки (солитеры)', 753634),
(4631917, 'Кольца солитеры (одинарники)', 753634),
(4626293, 'Кольца с сердечками', 753634),
(4630968, 'Кольца стопорные', 4630806),
(100820, 'Коляски и автокресла', 88468),
(4649991, 'Комбикорм', 4649985),
(4636807, 'Комбинезоны для девочек', 4636799),
(4636279, 'Комбинезоны для мальчиков', 4636607),
(4636799, 'Комбинезоны и полукомбинезоны для девочек', 1285573),
(4636607, 'Комбинезоны и полукомбинезоны для мальчиков', 1290392),
(4668871, 'Комбинированные ключи', 2798782),
(4669093, 'Комбо-бокс', 4669051),
(4671071, 'Комбо меню', 4670801),
(4670341, 'Комбо-меню', 4670176),
(270029, 'Комбоусилители', 297207),
(4648794, 'Комиксы', 4326572),
(80194, 'Коммутаторы', 80111),
(275836, 'Коммутация', 267255),
(4642624, 'Комнатные плодовые растения', 4638935),
(4638935, 'Комнатные растения', 4639184),
(4634265, 'Комнатные тапочки для девочек', 4634377),
(4633881, 'Комнатные тапочки для мальчиков', 4634001),
(4629592, 'Комоды', 152458),
(103214, 'Комоды и пеленаторы', 102573),
(4667857, 'Комоды, тумбы', 4667719),
(4649664, 'Компараторы', 4649580),
(4625889, 'Компасы', 83916),
(199414, 'Комплексная очистка', 156672),
(4642544, 'Комплексные обеды', 4642248),
(4667467, 'Комплексные обеды', 4667395),
(80174, 'Комплект: клавиатура и мышь', 80255),
(4629740, 'Комплектующая запорная арматура', 4629728),
(124813, 'Комплектующие', 80106),
(4630806, 'Комплектующие', 4630764),
(4631460, 'Комплектующие ГБО', 4631418),
(4644456, 'Комплектующие для АЗС', 4644440),
(4658056, 'Комплектующие для вентиляции', 4658044),
(4656030, 'Комплектующие для верстаков', 4656012),
(84182, 'Комплектующие для газовых и мультитопливных туристических систем', 82411),
(4640984, 'Комплектующие для гипсокартона', 4640968),
(4650027, 'Комплектующие для доильных аппаратов', 4655230),
(4645760, 'Комплектующие для инкубаторов', 3520929),
(209004, 'Комплектующие для инсталляции', 208242),
(4652020, 'Комплектующие для магистральных фильтров', 156670),
(4647590, 'Комплектующие для майнинга', 4647574),
(4631397, 'Комплектующие для мебели', 152458),
(4658378, 'Комплектующие для метательного оружия', 4658222),
(4646032, 'Комплектующие для мини-компьютеров', 80253),
(4652877, 'Комплектующие для москитных сеток', 4652828),
(4631376, 'Комплектующие для ноутбуков', 80253),
(4641312, 'Комплектующие для оборудования', 4628425),
(4640560, 'Комплектующие для огнетушителей', 4640400),
(4652828, 'Комплектующие для окон и дверей', 4657803),
(4658126, 'Комплектующие для пневматики', 4658132),
(4644624, 'Комплектующие для подшипников', 2577232),
(4644040, 'Комплектующие для подъемников', 4654202),
(4653908, 'Комплектующие для производства емкостей', 4653887),
(196453, 'Комплектующие для проточных фильтров', 156670),
(196452, 'Комплектующие для пурифаеров', 156670),
(4642936, 'Комплектующие для рекламных экранов', 4642856),
(196454, 'Комплектующие для систем обратного осмоса', 156670),
(4650477, 'Комплектующие для СКУД', 4650417),
(4646152, 'Комплектующие для топливных баков', 4646136),
(4655392, 'Комплектующие для ульев', 4655368),
(4652014, 'Комплектующие для УФ-систем', 156670),
(4649010, 'Комплектующие для чанов', 152463),
(4653612, 'Комплектующие для черепицы', 4653528),
(4627073, 'Комплектующие и аксессуары для электронных сигарет', 4627052),
(4671781, 'Комплектующие и аксессуары к печатающим устройствам', 81224),
(4648956, 'Комплектующие и запчасти к котлам', 4648950),
(4647574, 'Комплектующие и оборудование для майнинга', 80026),
(4648260, 'Комплектующие к боксерским рингам', 4625433),
(4655344, 'Комплектующие к медогонкам', 4655332),
(4643848, 'Комплектующие к шлагбаумам', 4639480),
(4659386, 'Комплектующие седла', 4659372),
(2336812, 'Комплекты белья', 2336782),
(4668283, 'Комплекты белья для девочек', 4668205),
(4668277, 'Комплекты белья для мальчиков', 4668259),
(4638271, 'Комплекты верхней одежды для девочек', 4636711),
(4636239, 'Комплекты верхней одежды для мальчиков', 4636583),
(237612, 'Комплекты видеонаблюдения', 237067),
(4631425, 'Комплекты ГБО', 4631418),
(4668763, 'Комплекты детских комнат', 102573),
(4668181, 'Комплекты для девочек', 4637023),
(4645024, 'Комплекты для мазков', 4644864),
(4635767, 'Комплекты для малышей', 1230990),
(4668289, 'Комплекты для мальчиков', 4636631),
(4653472, 'Комплекты для уборки', 4629256),
(4638503, 'Комплекты для умного дома', 230133),
(4637023, 'Комплекты и спортивные костюмы для девочек', 1285573),
(4636631, 'Комплекты и спортивные костюмы для мальчиков', 1290392),
(198450, 'Комплекты мебели для ванной', 155548),
(4656636, 'Комплекты переоборудования тракторов и автомобилей', 4656582),
(4663453, 'Комплекты постельного белья', 4663405),
(236220, 'Комплекты сигнализаций', 235355),
(4638839, 'Комплекты систем нагревания табака', 4638631),
(4650495, 'Комплекты СКУД', 4650417),
(1227125, 'Комплекты украшений', 723119),
(4653549, 'Композитная черепица', 4653528),
(4628439, 'Компоненты для жидкостей', 4627052),
(81573, 'Компоненты для сборки ракеток', 4624893),
(4659887, 'Компрессионный трикотаж', 4637551),
(4654237, 'Компрессометры', 4630542),
(4659624, 'Компрессорные масла', 1527297),
(162118, 'Компрессоры', 161187),
(3441375, 'Компрессоры и помпы', 3429643),
(4671536, 'Компьютерные колонки', 80100),
(80026, 'Компьютерные комплектующие', 80253),
(155285, 'Компьютерные столы', 4671541),
(80253, 'Компьютеры и ноутбуки', 0),
(80095, 'Компьютеры, неттопы, моноблоки', 80253),
(4670136, 'Конвейеры', 161187),
(80252, 'Конвекторы', 80192),
(2514897, 'Конверты', 2460397),
(195407, 'Конверты для малышей', 1230990),
(4649724, 'Конденсаторы', 4649562),
(4633017, 'Кондитерские изделия', 4624997),
(4662709, 'Кондитерские изделия', 4662703),
(4666831, 'Кондитерские изделия', 4666441),
(4627143, 'Кондитерские принадлежности', 4626604),
(4662319, 'Кондитерські вироби', 4662283),
(4657722, 'Кондиционер для волос', 2048497),
(4665631, 'Кондиционер для волос', 4665625),
(80133, 'Кондиционеры', 80079),
(4632012, 'Кондиционеры для белья', 4625084),
(4662685, 'Кондиционеры, ополаскиватели', 4662679),
(4663291, 'Кондиционеры, ополаскиватели', 4663285),
(4631537, 'Коннекторы', 1230965),
(4650688, 'Коннекторы для планшетов', 4650658),
(153658, 'Коннекторы для систем полива', 152462),
(4650610, 'Коннекторы для телефонов', 4650580),
(4653332, 'Коннекторы оптические', 4653220),
(4659372, 'Конный спорт', 4627893),
(4633041, 'Консервация', 4627659),
(4662331, 'Консерви рибні', 4662325),
(4654697, 'Консервированные подарки', 80260),
(4667107, 'Консервированные фрукты', 4667071),
(4667707, 'Консервированные фрукты', 4667701),
(4627178, 'Консервные ножи и ключи', 4626604),
(4658438, 'Консилер', 2236222),
(4663843, 'Конструкторы', 4663825),
(4628807, 'Контактные линзы', 4628989),
(4649490, 'Контактные паяльные станции', 4649472),
(4668127, 'Контейнеры', 4667719),
(4641720, 'Контейнеры', 4640752),
(4650069, 'Контейнеры для майнинга', 4647574),
(4653423, 'Контейнеры для мусора', 4653402),
(4653766, 'Контейнеры для спортивного питания', 273298),
(4652702, 'Контейнеры для хранения', 4629263),
(4670751, 'Контрабасы', 306949),
(4630160, 'Контроллеры RAID', 80026),
(4659072, 'Контроллеры заряда солнечных батарей', 4629914),
(3487833, 'Контрольно-измерительные приборы', 80025),
(4653276, 'Контрольно-измерительные приборы для оптоволокна', 4653220),
(4644952, 'Контрольные материалы и калибраторы', 4644840),
(3816762, 'Контурные карты и атласы', 2460422),
(4662715, 'Конфеты', 4662709),
(4666885, 'Конфеты', 4666831),
(4629506, 'Конфеты в коробке', 4625025),
(4629848, 'Конфеты в мягкой упаковке', 4625025),
(4667299, 'Конфеты для диабетиков', 4667275),
(338565, 'Коньки', 116671),
(4661689, 'Коньяк / Бренді', 4661659),
(4649136, 'Коньяк и бренди', 4594292),
(4634457, 'Копилки', 4627311),
(189057, 'Копировальные аппараты', 80254),
(4627736, 'Кораблики для прикормки', 84703),
(4666921, 'Коржи', 4666891),
(4626843, 'Корзинки', 4626614),
(4644168, 'Корзинки для цветов', 4644160),
(4643104, 'Корзины', 4642984),
(4649538, 'Корзины для белья', 4653402),
(4653171, 'Корзины для жестких дисков', 4630100),
(4653416, 'Корзины для мусора', 4653402),
(4643160, 'Корзины для покупок', 4643104),
(4636031, 'Корзины для угля', 4635983),
(4652688, 'Корзины для хранения', 4629263),
(4631784, 'Корзины и ведра', 4631679),
(4656768, 'Корзины сцепления', 4656762),
(4648326, 'Корковые пробки', 4648278),
(3501231, 'Корма для грызунов', 4626073),
(1461212, 'Корма для кошек', 4626068),
(3246797, 'Корма для птиц', 4626078),
(3429671, 'Корма для рептилий', 4626088),
(3429664, 'Корма для рыб', 4626083),
(1461202, 'Корма для собак', 4626063),
(4656374, 'Корма животного происхождения', 4649985),
(4656368, 'Корма растительного происхождения', 4649985),
(4666393, 'Корм для грызунов', 4666375),
(4666327, 'Корм для кошек', 4666291),
(4663153, 'Корм для кошек', 4663141),
(4666429, 'Корм для птиц', 4666423),
(4666411, 'Корм для рептилий', 4666399),
(4666417, 'Корм для рыб', 4666399),
(4666363, 'Корм для собак', 4666333),
(4663165, 'Корм для собак', 4663159),
(4649997, 'Кормовые добавки', 4649985),
(1752177, 'Кормоизмельчители', 4649961),
(4656300, 'Кормораздатчики', 4649961),
(4625481, 'Кормушки', 84703),
(1726702, 'Кормушки и гнезда для диких птиц', 4626078),
(4660377, 'Корневые срезы', 4660356),
(4654307, 'Корни лилейников', 4639184),
(4652562, 'Коробки для денег', 4652506),
(4649082, 'Коробки для подарков', 4649076),
(4652695, 'Коробки для хранения', 4629263),
(4644152, 'Коробки для цветов', 4649076),
(4643024, 'Коробки для чеков (чекбоксы)', 4642976),
(4656786, 'Коробки отбора мощности', 4656762),
(3510590, 'Корончатые сверла', 3510436),
(4668649, 'Корпоративное питание', 4668583),
(4646040, 'Корпуса', 4646032),
(80090, 'Корпуса', 80026),
(4637143, 'Корпуса для ноутбуков', 4631376),
(4653080, 'Корпуса для электроники', 3803561),
(4649904, 'Корпуса для электронной техники', 4649550),
(4657644, 'Корпуса и крышки на мотоблок', 4629101),
(4630902, 'Корпуса опорных втулок', 4630806),
(4648752, 'Корпусная мебель', 152458),
(4650694, 'Корпусные части для планшетов', 4650658),
(4650616, 'Корпусные части для телефонов', 4650580),
(4659154, 'Корпусные части мотокос', 4629094),
(4659203, 'Корпусные части цепных пил', 4629087),
(4660181, 'Корпусные элементы на мотоблок', 4629101),
(2336787, 'Корректирующее белье', 2336782),
(2560782, 'Корректоры', 2460407),
(4664113, 'Корректоры', 4664101),
(4670081, 'Корректоры осанки (Реклинаторы)', 4670071),
(2336802, 'Корсеты, бюстье', 2336782),
(2324702, 'Косметика', 2048367),
(4667899, 'Косметика', 4667719),
(4657974, 'Косметика для беременных и мам', 2324702),
(4660083, 'Косметика для бритья', 3512690),
(4658486, 'Косметика для бровей', 2236222),
(4663111, 'Косметика для ванной и душа', 4663039),
(4665661, 'Косметика для ванной и душа', 4665475),
(4665625, 'Косметика для волос', 4665475),
(4663045, 'Косметика для волос', 4663039),
(4665727, 'Косметика для лица', 4665475),
(4635137, 'Косметика для мебели', 152458),
(4663123, 'Косметика для мужчин', 4663039),
(4665769, 'Косметика для мужчин', 4665475),
(4665883, 'Косметика для ногтей', 4665475),
(4665835, 'Косметика для рук и ног', 4665475),
(4665481, 'Косметика для тела', 4665475),
(4663057, 'Косметика для тела', 4663039),
(2048367, 'Косметика и парфюмерия', 4629305),
(4665475, 'Косметика и парфюмерия', 4663267),
(4663039, 'Косметика и парфюмерия', 4661545),
(4660412, 'Косметика после бритья', 3512690),
(266262, 'Косметика по уходу для детей', 2324702),
(4657268, 'Косметическая вода', 2048732),
(4665523, 'Косметические аксессуары', 4665475),
(4663087, 'Косметические аксессуары', 4663039),
(4665859, 'Косметические наборы', 4665475),
(1940607, 'Косметические приборы', 435969),
(4629228, 'Косметический парафин', 4629207),
(4630349, 'Косметички и несессеры', 4633593),
(4662469, 'Косметичні засоби', 4662379),
(4628495, 'Косметологическая мебель', 4628425),
(4668091, 'Космія для чоловіків', 4667719),
(4667539, 'Котлеты', 4667395),
(117206, 'Котлы газовые', 4648950),
(232175, 'Котлы твердотопливные', 4648950),
(155960, 'Котлы электрические', 4648950),
(4662811, 'Кофе', 4662757),
(4666501, 'Кофе', 4666447),
(4625011, 'Кофе', 4639952),
(4667923, 'Кофеварки', 4667719),
(80164, 'Кофеварки', 435974),
(4638295, 'Кофейники', 4638287),
(4664941, 'Кофемолки', 4664935),
(80143, 'Кофемолки', 435974),
(4652146, 'Кофры', 4652140),
(4637079, 'Кофты для девочек', 4637031),
(4636247, 'Кофты для мальчиков', 4636639),
(4637031, 'Кофты и свитера для девочек', 1285573),
(4636639, 'Кофты и свитера для мальчиков', 1290392),
(4666267, 'Кофты, свитера для девочки', 4666231),
(4666243, 'Кофты, свитера для мальчика', 4666231),
(4630356, 'Кошельки', 4633601),
(4647582, 'Кошельки для криптовалют', 4647574),
(4633601, 'Кошельки и портмоне', 4630220),
(4666105, 'Кошельки, портмоне', 4666087),
(4663141, 'Кошки', 4663135),
(4666291, 'Кошки', 4666285),
(4640496, 'Кошма противопожарная (полотно ПП)', 4640376),
(4662361, 'Крабові палочки', 4662325),
(4662013, 'Крабові палочки', 4662001),
(4667233, 'Крабовые палочки', 4667221),
(4641040, 'Крабы', 4640984),
(4640528, 'Краны (вентили) для пожарного крана', 4640376),
(4629734, 'Краны шаровые и вентили', 4629728),
(4632026, 'Красители', 4625084),
(4644840, 'Красители и клиническая биохимия', 4644808),
(4644928, 'Красители и химические реактивы', 4644840),
(4658749, 'Краска для бровей и ресниц', 4658950),
(4665649, 'Краска для волос', 4665625),
(3565580, 'Краска для волос', 4658950),
(4648022, 'Краска для дорожной разметки', 4647958);
INSERT INTO `oc_category_rozetka` (`category_id`, `name`, `parent_id`) VALUES
(4666213, 'Краска для обуви', 4666189),
(4639832, 'Краски для аэрографов', 4669225),
(4668775, 'Краски для печати', 4668769),
(4141120, 'Краски для рисования', 4034476),
(4643776, 'Краски для тату', 4643688),
(4643736, 'Краски и пигменты для татуажа', 4643728),
(4643688, 'Краски и разбавители для татуировок', 4643672),
(4664197, 'Краски,кисти', 4664149),
(4665319, 'Краски, лаки', 4665259),
(154981, 'Краскопульты', 152460),
(435969, 'Красота, здоровье, уход', 80077),
(4629305, 'Красота и здоровье', 0),
(4650393, 'Красящий валик для этикет-пистолетов', 4625746),
(273293, 'Креатин', 273292),
(4667263, 'Креветки', 4667221),
(4656324, 'Крематоры для животных', 4649961),
(4665811, 'Крем, гель, пена для бритья', 4665769),
(4657782, 'Крем для волос', 2048497),
(4657890, 'Крем для депиляции', 4628474),
(4657262, 'Крем для лица', 2048732),
(4665757, 'Крем для лица', 4665727),
(4666201, 'Крем для обуви', 4666189),
(4657484, 'Крем для тела', 2048742),
(4665853, 'Крем, лосьон для рук и ног', 4665835),
(4665511, 'Крем, лосьон, молочко для тела', 4665481),
(4665799, 'Крем после бритья', 4665769),
(4665379, 'Крепежи', 4665349),
(4642952, 'Крепеж и аксессуары для рекламных конструкций', 4642736),
(4640872, 'Крепежи и аксессуары', 4639480),
(4653395, 'Крепежная арматура для оптоволоконных кабелей', 4653220),
(4631623, 'Крепежная фурнитура', 4630013),
(4649898, 'Крепежные элементы', 4649550),
(4594292, 'Крепкие напитки', 4594201),
(4652158, 'Крепление номера на мотоцикл', 4652140),
(124814, 'Крепления для ванной', 124813),
(4646456, 'Крепления для вёсел', 4646440),
(4640992, 'Крепления для гипсокартона', 4640984),
(4647518, 'Крепления для зарядных станций', 4647486),
(283604, 'Крепления для прицелов', 4658426),
(4670656, 'Крепления для проекторов', 4670651),
(397929, 'Крепления для сноубордов', 116671),
(80071, 'Крепления для телевизоров', 80015),
(4646488, 'Крепления для удочек на лодку', 4646440),
(4653178, 'Крепления жестких дисков', 4630100),
(4629932, 'Крепления и аксессуары', 4629914),
(4665241, 'Крепления, фитинги', 4665229),
(4657815, 'Кресла', 152458),
(4655919, 'Кресла медицинские', 4655883),
(4631034, 'Крестовины рулевой рейки', 4630806),
(4660202, 'Кримперы', 4660188),
(4627785, 'Кровати', 4649292),
(4655907, 'Кровати медицинские', 4655883),
(4653591, 'Кровельные пленки', 4625614),
(4625614, 'Кровля и водосток', 4639424),
(4654756, 'Кролиководство', 4655222),
(4641896, 'Кромкооблицовочные станки', 4641696),
(4648344, 'Кронен пробки', 4648278),
(4641032, 'Кронштейны для гипсокартона', 4640984),
(4634153, 'Кроссовки для девочек', 4634361),
(4633657, 'Кроссовки для мальчиков', 4633993),
(4634361, 'Кроссовки и кеды для девочек', 721664),
(4633993, 'Кроссовки и кеды для мальчиков', 721669),
(4653682, 'Кроссовое оборудование', 4630100),
(4646592, 'Кротоловки', 4646584),
(4649280, 'Круассаны', 4649262),
(4665361, 'Круги отрезные', 4665355),
(4669939, 'Кругла піца', 4669597),
(4660209, 'Круглогубцы', 4660188),
(4639640, 'Круг стальной', 4639608),
(4662265, 'Крупи, бобові, пюре', 4662187),
(4662187, 'Крупи, макарони та консерви', 4660675),
(80080, 'Крупная бытовая техника', 80025),
(4659239, 'Крупногабаритные контейнеры', 4641720),
(4666675, 'Крупы', 4666597),
(4628397, 'Крупы', 4627659),
(4662913, 'Крупы', 4662889),
(4647294, 'Крыжовник', 4638559),
(4646608, 'Крысоловки', 4646584),
(4641616, 'Крышки', 4641592),
(4641736, 'Крышки для контейнеров', 4641720),
(4655192, 'Крышки для пикапов', 4627087),
(4626772, 'Крышки для посуды', 4626599),
(4640256, 'Крышки и днища для колодцев', 4640152),
(2336707, 'Крючки', 84703),
(4648854, 'Крючки для ванной', 4630027),
(4655937, 'Крючки для вязания', 4652667),
(4653199, 'Крючки и крепления', 4394353),
(428109, 'Ксенон', 277644),
(4663531, 'Кувшины, графины', 4663459),
(4627645, 'Кувшины, графины, наборы для напитков', 4626609),
(4642704, 'Кузов автомобиля', 4630454),
(4653943, 'Кузов автомобиля.', 4642704),
(99392, 'Куклы', 100808),
(4663849, 'Куклы, пупсы, аксессуары', 4663825),
(4666993, 'Кукурузные снеки', 4666969),
(98002, 'Кулеры для воды', 435974),
(4626318, 'Кулоны-буквы', 753649),
(4659275, 'Кулоны для животных', 753649),
(4626313, 'Кулоны-знаки зодиака', 753649),
(753659, 'Кулоны-иконы', 753649),
(4657932, 'Кулоны и подвески', 4630370),
(753664, 'Кулоны-крестики', 753649),
(724074, 'Кулоны-крестики', 724039),
(4626308, 'Кулоны-сердечки', 753649),
(4657038, 'Культиваторы', 4656624),
(155824, 'Культиваторы и мотоблоки', 152459),
(4655186, 'Кунги для пикапов', 4627087),
(2641167, 'Купальники', 3496597),
(4636847, 'Купальники для девочек', 4636815),
(3496597, 'Купальники и пляжная одежда', 1162060),
(4636815, 'Купальники и пляжная одежда для девочек', 1285573),
(3973660, 'Купание и гигиена', 102298),
(4635447, 'Куртки для девочек', 4636711),
(4636303, 'Куртки для мальчиков', 4636583),
(4626058, 'Курятники', 4626078),
(4670029, 'Кусачки', 2798772),
(4660461, 'Кусачки для ногтей', 4660440),
(4652604, 'Кусачки для рукоделия', 4652590),
(155467, 'Кусторезы', 152459),
(4644768, 'Куттеры', 4644728),
(4667791, 'Кухня', 4667719),
(4664839, 'Кухонная фурнитура', 4664737),
(80140, 'Кухонные вытяжки', 80078),
(4652230, 'Кухонные гарнитуры', 4652224),
(80163, 'Кухонные комбайны', 435974),
(4655168, 'Кухонные модули', 4652230),
(113805, 'Кухонные мойки', 80106),
(4627136, 'Кухонные наборы', 4626604),
(4663465, 'Кухонные ножи и принадлежности', 4663459),
(4631826, 'Кухонные плинтусы', 4630013),
(4626604, 'Кухонные принадлежности', 4626594),
(4626822, 'Кухонные принадлежности для специй и соусов', 4626614),
(2225047, 'Кухонные смесители', 80106),
(4627185, 'Кухонные таймеры', 4626604),
(4652236, 'Кухонные уголки', 4652230),
(4663585, 'Кухонный инвентарь', 4663459),
(299910, 'Кухонный текстиль', 169823),
(4644328, 'Кэшбоксы', 163968),
(4655913, 'Кювет для новорожденных', 4655883),
(4655982, 'Лабораторная мебель', 163968),
(4644816, 'Лабораторная посуда', 4644808),
(4644992, 'Лабораторное вспомогательное оборудование', 4644856),
(4644896, 'Лабораторное оборудование', 4644824),
(4644824, 'Лабораторное оборудование и принадлежности', 4644808),
(4644808, 'Лабораторное оснащение', 4627851),
(4659859, 'Лабораторные бани', 4644896),
(4656222, 'Лабораторные блоки питания', 152460),
(4645432, 'Лабораторные гигрометры', 4644968),
(4659853, 'Лабораторные дистиляторы', 4644896),
(4656000, 'Лабораторные и промышленные стулья', 4655982),
(4645120, 'Лабораторные ирригаторы', 4644872),
(4645296, 'Лабораторные кастрюли с ручкой', 4644880),
(4645152, 'Лабораторные контейнеры', 4644872),
(4645032, 'Лабораторные контейнеры и емкости', 4644864),
(4645304, 'Лабораторные кружки с ручкой', 4644880),
(4645328, 'Лабораторные ложки', 4644880),
(4645160, 'Лабораторные лопаточки и палочки', 4644872),
(4645448, 'Лабораторные манометры', 4644968),
(4644912, 'Лабораторные приборы', 4644832),
(4644904, 'Лабораторные принадлежности', 4644824),
(4645264, 'Лабораторные пробки', 4644872),
(4645272, 'Лабораторные стекла', 4644872),
(4645440, 'Лабораторные термометры', 4644968),
(4659865, 'Лабораторные термостаты', 4644896),
(4645232, 'Лабораторные флаконы', 4644872),
(4659871, 'Лабораторные центрифуги', 4644896),
(4645248, 'Лабораторные чашки', 4644872),
(4645376, 'Лабораторные шпателя', 4644880),
(4647006, 'Лаванда', 4638559),
(4670516, 'Лавка, заморозка', 4669045),
(4670661, 'Лазерные указки', 4670651),
(4643072, 'Лайтбоксы', 4642984),
(4626489, 'Лак', 4643520),
(4657752, 'Лак для волос', 2048497),
(4658246, 'Лак для ногтей', 2048602),
(4643520, 'Лакокрасочные материалы', 4639600),
(4663753, 'Лактационные вкладыши (Прокладки для груди)', 4663747),
(4625993, 'Ламинат', 4645624),
(248894, 'Ламинаторы', 80254),
(230135, 'Лампы', 230134),
(4665175, 'Лампы', 4665157),
(4652758, 'Лампы для маникюра', 437989),
(4670666, 'Лампы для проекторов', 4670651),
(4628516, 'Лампы лупы', 4628425),
(4670376, 'Лапша/паста/рис', 4670176),
(4655132, 'Лапшерезки и машинки для теста', 4626604),
(4644056, 'Лапы для подъемников', 4644040),
(4625451, 'Лапы, макивары', 4625433),
(4664125, 'Ластики', 4664101),
(3551904, 'Ластики', 2460407),
(83034, 'Ласты', 83033),
(330660, 'Ласты для бассейна', 330635),
(278247, 'Лебедки автомобильные', 278246),
(4660314, 'Легковые прицепы', 4660307),
(116672, 'Ледоходы', 116671),
(4647982, 'Лежачие полицейские', 4647958),
(4658653, 'Лезвие для бритвы', 3512690),
(4643760, 'Лезвия для микроблейдинга', 4643728),
(4653451, 'Лейки для цветов', 4625304),
(4641024, 'Лента армирующая', 4640968),
(4653584, 'Лента герметизирующая', 4625614),
(4668319, 'Лента звукоизоляционная', 4640968),
(4633233, 'Лента на елку', 4633105),
(4641984, 'Ленточные пилы', 4641952),
(4658020, 'Ленточные системы хранения данных', 4630100),
(4642128, 'Ленты', 4642080),
(4649034, 'Ленты для рукоделия', 4652373),
(4650387, 'Ленты текстильные', 4625746),
(4632166, 'Лепка', 102912),
(4653978, 'Лепнина', 4659078),
(4658228, 'Леса строительные', 4655445),
(157092, 'Лестницы, стремянки, подмости', 2577232),
(4640232, 'Лестничные марши', 4640136),
(4640240, 'Лестничные площадки', 4640136),
(4640136, 'Лестничные системы', 4639440),
(4663915, 'Лечебная косметика', 4663909),
(4629812, 'Лечебно-профилактические средства', 4628621),
(4664029, 'Лечение ЛОР органов', 4664017),
(4640720, 'Ливневая канализация', 4640704),
(4640792, 'Ливневые решетки', 4640720),
(3551911, 'Линейки', 2460407),
(4664245, 'Линейки, транспортиры, угольники', 4664203),
(4668367, 'Линзы для очков', 4628989),
(4625998, 'Линолеум', 4645616),
(4646726, 'Липа', 4638879),
(4647246, 'Лиственница', 4638879),
(4638887, 'Лиственные деревья', 4638879),
(4639720, 'Лист горячекатаный', 4639624),
(4639768, 'Лист конструкционный', 4639624),
(4639712, 'Листовая сталь', 4639624),
(4639624, 'Листовой прокат', 4639472),
(4639736, 'Лист оцинкованный', 4639624),
(4639752, 'Лист перфорированный', 4639624),
(4639744, 'Лист просечно-вытяжной', 4639624),
(4639760, 'Лист рифленый', 4639624),
(4639728, 'Лист холоднокатаный', 4639624),
(4005167, 'Литература', 4625734),
(4640144, 'Лифтовые шахты', 4639440),
(4631991, 'Лифты', 4631984),
(4626569, 'Личная гигиена', 2048367),
(4670206, 'Літнє', 4670161),
(4641848, 'Лобзиковые станки', 4641696),
(4671066, 'Лови мить', 4670801),
(4646584, 'Ловушки для грызунов', 4646576),
(4649634, 'Логика', 4649580),
(4648722, 'Логопедические массажеры', 4648692),
(86168, 'Лодки', 86167),
(4665097, 'Лодки', 4665091),
(86167, 'Лодки и аксессуары', 81202),
(4645320, 'Лодочки для сжигания', 4644880),
(4646376, 'Лодочные аккумуляторы', 4646344),
(4632881, 'Ложементы', 4632873),
(4669873, 'Локшина удон та рис', 4669591),
(80144, 'Ломтерезки', 435974),
(4660265, 'Ломы и монтировки', 3423154),
(4654041, 'Лонгборды', 189145),
(4660482, 'Лопатки для маникюра', 4660440),
(4634057, 'Лопаты для уборки снега', 4634049),
(4637015, 'Лосины для девочек', 4636951),
(4665763, 'Лосьон, тоник', 4665727),
(4631798, 'Лотки', 4631679),
(4640280, 'Лотки водоотводные', 4640152),
(2560812, 'Лотки для бумаг', 2460412),
(4655433, 'Лотки для денег', 4627851),
(4640776, 'Лотки для ливневой канализации', 4640720),
(4642944, 'Лототроны (Барабаны)', 4642736),
(4634321, 'Лоферы для девочек', 4634393),
(117150, 'Луки', 4658222),
(4654370, 'Луковицы аллиума', 4639184),
(2560882, 'Лупы', 203883),
(4657002, 'Лущильники', 4656624),
(118582, 'Лыжи', 116671),
(4665007, 'Лыжи, коньки, санки', 4665001),
(122002, 'Лыжные крепления', 116671),
(394754, 'Лыжные палки', 116671),
(4644784, 'Льдокрошители', 4644728),
(4640736, 'Люки для колодцев', 4640704),
(4643568, 'Люминофоры', 4643552),
(105278, 'Люстры', 230134),
(4669333, 'Лямки, крючки, накладки', 132895),
(196459, 'Магистральные фильтры для воды', 4651378),
(4642904, 'Магнитные винилы', 4642864),
(4628208, 'Магнитные доски', 375695),
(2560892, 'Магниты для досок и аксессуары', 2460412),
(4644104, 'Магниты на холодильник', 4627311),
(4646694, 'Магнолии', 4638559),
(4668217, 'Майки бельевые для девочек', 4668205),
(4668271, 'Майки бельевые для мальчиков', 4668259),
(4636919, 'Майки для девочек', 4636839),
(4636471, 'Майки для мальчиков', 4636599),
(2336807, 'Майки, топы', 2336782),
(2349097, 'Майки, футболки', 2349087),
(4662991, 'Майонез', 4662973),
(4666711, 'Майонез', 4666705),
(4670826, 'Макарон', 4670781),
(4662247, 'Макаронні вироби', 4662187),
(4627666, 'Макаронные изделия', 4627659),
(4644720, 'Макароноварки', 4644672),
(4667431, 'Макароны', 4667395),
(4666693, 'Макароны', 4666597),
(4662967, 'Макароны', 4662889),
(121376, 'Макеты оружия', 84625),
(4670876, 'Макі', 4670786),
(4647278, 'Малина', 4638559),
(4665109, 'Мангал, шампура, решетка гриль', 4665103),
(82696, 'Мангалы, барбекю, гриль', 82411),
(100076, 'Манежи', 102573),
(4659824, 'Манекены', 4625256),
(2048602, 'Маникюр и педикюр', 4629305),
(4660447, 'Маникюрные ножницы', 4660440),
(4660475, 'Маникюрный набор', 4660440),
(4660167, 'Манки для охоты', 4658540),
(4654167, 'Манометры автомобильные', 1735862),
(4657561, 'Мансардные окна', 4625614),
(4645968, 'Маргарин', 4645952),
(4662169, 'Маргарини', 4662079),
(219954, 'Маринаторы', 435974),
(4664107, 'Маркеры', 4664101),
(2560762, 'Маркеры', 2460407),
(4630419, 'Маркеры и линеры', 4034476),
(4658062, 'Маркизы', 4625841),
(4655260, 'Маркировка животных', 4655222),
(4625298, 'Маркировочное оборудование', 4625256),
(4667653, 'Мармелад', 4662709),
(4666837, 'Мармелад', 4666831),
(4626790, 'Мармиты', 4626599),
(80193, 'Маршрутизаторы', 80111),
(4657734, 'Маска для волос', 2048497),
(4657310, 'Маска для лица', 2048732),
(4657490, 'Маска для тела', 2048742),
(396364, 'Маски горнолыжные', 116671),
(4665655, 'Маски для волос', 4665625),
(83036, 'Маски для дайвинга', 83033),
(4665751, 'Маски для лица', 4665727),
(4631411, 'Маски для сна', 4637543),
(4669357, 'Маски для тренировок', 132895),
(4665841, 'Маски, скрабы для рук и ног', 4665835),
(4626808, 'Масленки', 4626614),
(4666663, 'Маслины и оливки', 4666597),
(4662931, 'Маслины и оливки', 4662889),
(4662157, 'Масло', 4662079),
(4657728, 'Масло для волос', 2048497),
(4626454, 'Масло для дерева', 4658114),
(4657292, 'Масло для лица', 2048732),
(4657502, 'Масло для тела', 2048742),
(4645952, 'Масло и маргарин', 4632768),
(4644936, 'Масло иммерсионное', 4644840),
(4666549, 'Масло сливочное', 4666513),
(4656756, 'Масляные насосы дизельных двигателей', 4656702),
(80248, 'Масляные радиаторы', 80192),
(4656338, 'Масляные фильтры', 4627283),
(81233, 'Массажеры', 435969),
(4629129, 'Массажные кресла', 152458),
(287558, 'Массажные столы', 4628495),
(4641176, 'Массивная доска', 4641072),
(4669471, 'Мастерская осетинских пирогов Зарина', 4663249),
(4136913, 'Мастихины', 4034476),
(4630812, 'Материалы', 4630764),
(4641504, 'Материалы для депиляции', 4628474),
(4642864, 'Материалы для изготовления рекламы', 4642736),
(4671761, 'Материалы для ламинирования', 81224),
(4668967, 'Материалы для ножеделия', 239221),
(4636655, 'Материалы для отделки салона', 4635719),
(4644576, 'Материалы для потолка', 4639600),
(4652373, 'Материалы для рукоделия', 1723657),
(4668973, 'Материалы для рукоятей', 4668967),
(4630280, 'Материалы для сублимации', 4630268),
(4644192, 'Материалы для флористики', 4644144),
(80082, 'Материнские платы', 80026),
(177055, 'Матрасы', 169823),
(4631404, 'Матрицы (экраны) для ноутбуков', 4631376),
(4645800, 'Мацони', 4637511),
(4664899, 'Машинка для стрижки, триммеры', 4664893),
(4643744, 'Машинки для перманентного макияжа', 4643728),
(4638727, 'Машинки для сигарет', 4638615),
(81229, 'Машинки для стрижки', 435969),
(3495687, 'Машинки для стрижки катышков', 435964),
(4655138, 'Машинки для суши и голубцов', 4626604),
(4643696, 'Машинки и запчасти для татуировок', 4643672),
(100812, 'Машинки, модели техники и оружие', 4265805),
(4663873, 'Машинки, модели техники, оружие', 4663825),
(81502, 'Машинки на радиоуправлении', 81499),
(4658980, 'Машины для чистки эскалаторов', 4658962),
(4641000, 'Маяки', 4640984),
(152458, 'Мебель', 2394287),
(4664851, 'Мебель для ванной комнаты', 4664737),
(155548, 'Мебель для ванной комнаты', 80106),
(4668043, 'Мебель для дома', 4667719),
(4652224, 'Мебель для кухни', 4648752),
(4671666, 'Мебель для прихожей и гардеробной', 152458),
(4670676, 'Мебель для сада и дачи', 152458),
(4649292, 'Мебель для спальни', 4648752),
(4628488, 'Мебель для холла (салонов красоты)', 4628425),
(4664737, 'Мебель, интерьер', 4663267),
(4630013, 'Мебельная фурнитура', 152458),
(4631707, 'Мебельные крючки', 4631616),
(4633401, 'Мебельные магниты', 4631644),
(4631728, 'Мебельные опоры', 4631637),
(4631963, 'Мебельные розетки', 4631693),
(4631700, 'Мебельные ручки', 4631616),
(4631616, 'Мебельные ручки и крючки', 4630013),
(4656132, 'Мебельные сейфы', 163969),
(4670211, 'Мега комбо', 4670161),
(4645608, 'Мед', 4633041),
(4666609, 'Мед', 4666597),
(4653311, 'Медиаконвертеры', 4653220),
(80011, 'Медиаплееры', 80015),
(274478, 'Медиаторы и слайдеры', 4628551),
(4664017, 'Медикаменты', 4663909),
(4655883, 'Медицинская мебель', 163968),
(4655577, 'Медицинская одежда', 4628751),
(4628905, 'Медицинская одноразовая продукция', 4628719),
(4628870, 'Медицинские инструменты', 4628719),
(4628877, 'Медицинские наборы', 4628719),
(4628884, 'Медицинские перчатки', 4628719),
(81230, 'Медицинские приборы', 435969),
(4655925, 'Медицинские штативы', 4655883),
(4629017, 'Медные духовые', 296831),
(4655338, 'Медогонки', 4655332),
(4663999, 'Медтехника', 4663909),
(4649364, 'Межвенцовый утеплитель', 4631949),
(4641792, 'Мезонинные стеллажи', 4641768),
(4664185, 'Мел', 4664149),
(3552016, 'Мел', 2460422),
(4668595, 'Меланжеры', 435974),
(4667749, 'Мелкая бытовая техника', 4667719),
(80077, 'Мелкая бытовая техника', 80025),
(4652200, 'Мелкие аксессуары для мото', 4652140),
(4640912, 'Меловые пленки', 4640904),
(753499, 'Мелочники', 753449),
(4626892, 'Мельницы для кофе', 4626624),
(4653598, 'Мембраны и кровельные пленки', 4625614),
(4645168, 'Мензурки', 4644872),
(4670526, 'Меню, завтраки', 4669045),
(4670521, 'Меню, основные блюда', 4669045),
(4670511, 'Меню, салаты', 4669045),
(4670496, 'Меню, супы', 4669045),
(4643264, 'Меню-холдеры', 4642992),
(4627192, 'Мерная посуда', 4626604),
(4639304, 'Мерные иконы', 4639272),
(4645240, 'Мерные стеклянные цилиндры', 4644872),
(163968, 'Металлическая мебель', 4627851),
(4630316, 'Металлические заготовки', 4630280),
(4644336, 'Металлические ключницы', 163968),
(288987, 'Металлические тумбы', 163983),
(163983, 'Металлические шкафы', 163968),
(288989, 'Металлические шкафы для одежды', 163983),
(100957, 'Металлоискатели', 83916),
(4639472, 'Металлопрокат', 4639424),
(4653535, 'Металлочерепица', 4653528),
(4658222, 'Метательное оружие', 84625),
(4658384, 'Метательные ножи', 4658222),
(4644856, 'Метеорологические приборы', 4644808),
(4644968, 'Метеорологические приборы и оборудование', 4644856),
(80183, 'Метеостанции и барометры', 80079),
(4631714, 'Метизы', 4631623),
(4669963, 'Метрова піца', 4669597),
(3510478, 'Метчики и плашки', 3510436),
(4631651, 'Механизмы', 4630013),
(4638983, 'Механизмы для столов', 4631672),
(4641904, 'Механизмы подачи заготовок', 4641696),
(4654517, 'Механические противоугонные устройства', 4654510),
(4656906, 'Механические системы', 4656594),
(4669387, 'Мешки для кроссфита', 132895),
(4652730, 'Мешки для стирки', 3647328),
(4655439, 'Мешки и сумки для денег', 4627851),
(4660335, 'Мешки строительные', 4639424),
(246720, 'Микатермические обогреватели', 80192),
(80162, 'Микроволновые печи', 435974),
(4649658, 'Микроконтроллеры', 4649580),
(4646056, 'Микроконтроллеры', 4646032),
(4645040, 'Микропланшеты', 4644864),
(196825, 'Микроскопы', 203883),
(4653367, 'Микроскопы для оптоволокна', 4653276),
(4649580, 'Микросхемы', 4649556),
(4652821, 'Микросхемы для ноутбука', 4631376),
(4650712, 'Микросхемы для планшетов', 4650658),
(4650622, 'Микросхемы для телефонов', 4650580),
(4634121, 'Микроудобрения', 2117562),
(298449, 'Микрофонные аксессуары', 298222),
(298870, 'Микрофонные предусилители и процессоры эффектов', 298222),
(164743, 'Микрофоны', 80256),
(4649790, 'Микрофоны', 4649568),
(4629872, 'Микрофоны', 298222),
(80156, 'Миксеры', 435974),
(299290, 'Микшерные пульты', 297931),
(4640760, 'Минеральная вата', 4631949),
(4662781, 'Минеральная вода', 4662757),
(4666489, 'Минеральная вода', 4666447),
(4649202, 'Минеральные удобрения', 2117562),
(4630082, 'Мини АЗС', 4644440),
(4652996, 'Мини-бары', 753399),
(4646016, 'Мини-компьютеры', 80026),
(4657146, 'Мини-кондиционеры', 80079),
(103536, 'Минимойки', 103535),
(4633441, 'Мини пивоварни', 2394287),
(4647822, 'Минитракторы', 152459),
(4646998, 'Мискантус', 4638559),
(4663615, 'Миски', 4663459),
(4666321, 'Миски для кошек', 4666291),
(4666339, 'Миски для собак', 4666333),
(4626968, 'Миски и емкости для смешивания', 4626604),
(4666381, 'Миски, поилки для грызунов', 4666375),
(4655775, 'Мицелий грибов', 4639192),
(4657298, 'Мицеллярная вода', 2048732),
(453199, 'Мишени и тиры', 4658582),
(4660027, 'Мишки из роз', 80260),
(4633185, 'Мишура', 4633105),
(4670766, 'Місо суп', 4669585),
(4669825, 'Млинці велетні', 4669579),
(4669831, 'Млинці для гурманів', 4669579),
(4669849, 'Млинці ситні', 4669579),
(4669819, 'Млинці солодкі', 4669579),
(174726, 'Многофункциональные инструменты', 4660244),
(200603, 'Многофункциональные панели (реобасы)', 80026),
(4641872, 'Многофункциональные станки', 4641696),
(4643080, 'Мобайл', 4642984),
(102300, 'Мобили', 102573),
(4626529, 'Мобильная связь и интернет', 80263),
(4648102, 'Мобильные заборы', 4647974),
(4647974, 'Мобильные ограждения', 4647950),
(80003, 'Мобильные телефоны', 80257),
(83244, 'Мобильный интернет', 4626529),
(4662457, 'Мода, текстиль', 4662379),
(104335, 'Моделирование', 100812),
(4631565, 'Модули для патч-панелей', 1230965),
(4653094, 'Модули кэш памяти', 4630100),
(4649880, 'Модули Пельтье', 4649550),
(4653101, 'Модули расширения', 4630100),
(4649616, 'Модули, сборки', 4649574),
(4653108, 'Модули управления', 4630100),
(4645624, 'Модульные напольные покрытия', 4641064),
(4640832, 'Модульные ограждения', 4639480),
(4655180, 'Модульные системы багажников', 4627087),
(4641104, 'Модульный паркет', 4641072),
(4647230, 'Можжевельник', 4638879),
(4632138, 'Мозаики', 102912),
(4641136, 'Мозаичный паркет', 4641072),
(4656006, 'Мойки лабораторные', 4655982),
(4634281, 'Мокасины для девочек', 4634385),
(4633833, 'Мокасины для мальчиков', 4634017),
(4634385, 'Мокасины, слипоны для девочек', 721664),
(4634017, 'Мокасины, слипоны для мальчиков', 721669),
(4653999, 'Молдинги из полиуретана', 4653978),
(4644256, 'Молды', 1723657),
(4634073, 'Моллюскоциды', 4633513),
(4648944, 'Молниеприемники', 4648902),
(4647022, 'Молодило', 4638559),
(4637487, 'Молоко', 4632768),
(4662121, 'Молоко', 4662079),
(4666579, 'Молоко', 4666513),
(4662841, 'Молоко', 4662829),
(4664011, 'Молокоотсос', 4663999),
(267223, 'Молокоотсосы', 4265798),
(4645368, 'Молольные шары', 4644880),
(2798752, 'Молотки', 3423154),
(4662049, 'Молочна суміш', 4662037),
(4662109, 'Молочні десерти', 4662079),
(4662163, 'Молочні продукти для дитячого харчування', 4662079),
(4662079, 'Молочні продукти та сири', 4660675),
(4645912, 'Молочные десерты', 4637519),
(4632768, 'Молочные продукты', 4624997),
(4667137, 'Молочные продукты для детей', 4667119),
(4662829, 'Молочные продукты и яйца', 4662703),
(4666513, 'Молочные продукты и яйца', 4666441),
(4645560, 'Мольберты', 102573),
(4664161, 'Мольберты, доски для рисования', 4664149),
(4114639, 'Мольберты, этюдники, палитры', 4034476),
(4643016, 'Монетницы (кассовые тарелки)', 4642976),
(4658797, 'Монеты', 4658791),
(4627519, 'Монеты и слитки', 723934),
(80089, 'Мониторы', 80253),
(4634329, 'Монки для девочек', 4634393),
(4657364, 'Моноколеса', 4625901),
(4645464, 'Монтажная арматура для лабораторий', 4644968),
(4627115, 'Монтажные комплекты для багажников', 4627087),
(4642056, 'Монтажные пилы', 4641696),
(4669033, 'Монтажные пистолеты', 3423154),
(4656018, 'Монтажные столы', 4656012),
(4653136, 'Монтажные хомуты', 4653682),
(3803631, 'Монтажные элементы', 3803561),
(4670936, 'Морепродукти', 4670791),
(4662007, 'Морепродукти', 4662001),
(4662349, 'Морепродукти', 4662325),
(4667245, 'Морепродукты', 4667221),
(4658120, 'Морилка для дерева', 4658114),
(4669435, 'Мороженицы', 435974),
(4666873, 'Мороженое', 4666831),
(4639168, 'Мороженое', 4632768),
(4662025, 'Морозиво', 4662001),
(80203, 'Морозильные камеры', 80080),
(4628166, 'Морская тематика', 4627311),
(4649256, 'Мото аккумуляторы', 4631896),
(4652044, 'Мотоботы', 4652026),
(4652206, 'Мото брелки', 4652140),
(4627617, 'Мотобуры', 152459),
(4652194, 'Мотогарнитура', 4652140),
(4650796, 'Мотоджерси', 4650748),
(4650778, 'Мотодождевики', 4650748),
(4650784, 'Мотожилеты', 4650748),
(4652080, 'Мотозамки', 4652068),
(4652026, 'Мотозащита', 4631896),
(4652056, 'Мото защита коленей, локтей, шеи и рук', 4652026),
(4652164, 'Мото зеркала', 4652140),
(4650766, 'Мотокомбинезоны (мотокостюмы)', 4650748),
(4650754, 'Мотокуртки', 4650748),
(4652038, 'Мотоочки', 4652026),
(4650772, 'Мотоперчатки', 4650748),
(4652122, 'Мотоповоротники', 4652068),
(4659575, 'Моторные масла', 1527297),
(4652170, 'Мото ручки', 4652140),
(86278, 'Моторы', 86167),
(4652074, 'Мотосигнализации', 4652068),
(4652152, 'Мотосумки', 4652140),
(4631896, 'Мототовары', 4648566),
(4652068, 'Мототюнинг', 4631896),
(4629968, 'Мотоциклы', 4648566),
(4652050, 'Моточерепахи', 4652026),
(4652188, 'Моточехлы', 4652140),
(4626534, 'Мотошины', 4627038),
(4631903, 'Мотошлемы', 4652026),
(4650760, 'Мотоштаны (брюки)', 4650748),
(4650748, 'Мотоэкипировка', 4631896),
(4665565, 'Мочалки', 4665523),
(4628898, 'Мочеприемники, калоприемники, судна', 4628719),
(4631256, 'Моющие пылесосы', 80158),
(4632040, 'Моющие средства', 4625091),
(4648174, 'Мудборды', 4648134),
(1136470, 'Мужская верхняя одежда', 1162070),
(4637783, 'Мужская домашняя одежда', 4637759),
(4637759, 'Мужская ночная и домашняя одежда', 1162070),
(721654, 'Мужская обувь', 458425),
(4666147, 'Мужская обувь', 4666129),
(4666051, 'Мужская одежда', 4666003),
(4658552, 'Мужская парфюмерия', 2048522),
(4637687, 'Мужская спортивная одежда', 1162070),
(4634897, 'Мужские аквашузы', 4634817),
(4635751, 'Мужские анораки', 4635743),
(4638055, 'Мужские багги', 4638039),
(4638087, 'Мужские блейзеры', 4637751),
(4635295, 'Мужские бомберы', 4635743),
(4634929, 'Мужские борцовки', 4634801),
(4634953, 'Мужские ботинки', 4634809),
(4634809, 'Мужские ботинки, сапоги', 721654),
(753604, 'Мужские браслеты', 753589),
(753894, 'Мужские браслеты', 753884),
(4635009, 'Мужские броги', 4634833),
(4638047, 'Мужские брюки', 4638039),
(4634945, 'Мужские бутсы', 4634801),
(4638111, 'Мужские велосипедки', 4637687),
(4635303, 'Мужские ветровки', 4635743),
(4638031, 'Мужские водолазки', 4637743),
(4637807, 'Мужские вышиванки', 4637695),
(4634881, 'Мужские вьетнамки, сланцы', 4634817),
(4634817, 'Мужские вьетнамки, шлепанцы, сабо', 721654),
(4637711, 'Мужские гетры', 4637703),
(4635367, 'Мужские дафлкоты', 1136470),
(4635519, 'Мужские демисезонные куртки', 4635743),
(4635017, 'Мужские дерби', 4634833),
(4637991, 'Мужские джемперы', 4637743),
(4636063, 'Мужские джинсовые куртки', 4635743),
(4637799, 'Мужские джинсы', 4638039),
(4638039, 'Мужские джинсы, брюки', 1162070),
(4635359, 'Мужские дубленки', 1136470),
(4637951, 'Мужские жилеты', 4637751),
(4635311, 'Мужские зимние куртки', 4635743),
(4639288, 'Мужские иконы', 4639296),
(4638263, 'Мужские капри', 4638255),
(4638015, 'Мужские кардиганы', 4637743),
(4634921, 'Мужские кеды', 4634801),
(4639128, 'Мужские кигуруми', 4637759),
(4635511, 'Мужские кожаные куртки', 4635743),
(753629, 'Мужские колье', 753619),
(753909, 'Мужские колье и кулоны', 753899),
(753924, 'Мужские кольца', 753914),
(4638071, 'Мужские комбинезоны', 1162070),
(4634857, 'Мужские комнатные тапочки', 721654),
(4637919, 'Мужские костюмы', 4637751),
(4637751, 'Мужские костюмы и пиджаки', 1162070),
(4638007, 'Мужские кофты', 4637743),
(4637743, 'Мужские кофты, свитера и кардиганы', 1162070),
(4634865, 'Мужские кроссовки', 4634801),
(4634801, 'Мужские кроссовки и кеды', 721654),
(724084, 'Мужские кулоны', 724039),
(4626223, 'Мужские кулоны', 753649),
(4635743, 'Мужские куртки', 1136470),
(4637855, 'Мужские лонгсливы', 4637695),
(4635527, 'Мужские лыжные брюки', 1136470),
(4657986, 'Мужские лыжные костюмы', 1136470),
(4637847, 'Мужские майки', 4637695),
(4634969, 'Мужские мокасины', 4634841),
(4634841, 'Мужские мокасины, топсайдеры', 721654),
(4634993, 'Мужские монки', 4634833),
(753559, 'Мужские несессеры', 753534),
(4637727, 'Мужские носки', 4637703),
(4637703, 'Мужские носки и гетры', 1162070),
(4635001, 'Мужские оксфорды', 4634833),
(4635327, 'Мужские пальто', 1136470),
(4635335, 'Мужские парки', 4635743),
(4637943, 'Мужские пиджаки', 4637751),
(4637775, 'Мужские пижамы', 4637759),
(4635343, 'Мужские плащи', 1136470),
(4637815, 'Мужские поло', 4637695),
(4638023, 'Мужские пуловеры', 4637743),
(4635351, 'Мужские пуховики', 4635743),
(4668643, 'Мужские рационы правильного питания', 4668583),
(4637887, 'Мужские рашгарды', 4637687),
(4633897, 'Мужские резиновые сапоги', 4634809),
(4637823, 'Мужские рубашки', 4637695),
(4637695, 'Мужские рубашки, футболки и майки', 1162070),
(4634873, 'Мужские сабо', 4634817),
(4634825, 'Мужские сандалии', 721654),
(4634961, 'Мужские сапоги', 4634809),
(4637999, 'Мужские свитера', 4637743),
(4637975, 'Мужские свитшоты', 4637743),
(753644, 'Мужские серебряные кольца', 753634),
(724104, 'Мужские серьги', 724094),
(4626748, 'Мужские серьги', 753929),
(4637735, 'Мужские следы', 4637703),
(4634905, 'Мужские слипоны', 4634849),
(4634849, 'Мужские слипоны, эспадрильи', 721654),
(4637935, 'Мужские смокинги', 4637751),
(4634937, 'Мужские сникеры', 4634801),
(4637871, 'Мужские спортивные костюмы', 4637687),
(4637879, 'Мужские спортивные кофты', 4637687),
(4637863, 'Мужские спортивные штаны', 4637687),
(4637895, 'Мужские тайтсы', 4637687),
(4635375, 'Мужские теплые жилеты', 1136470),
(4637967, 'Мужские толстовки', 4637743),
(4634977, 'Мужские топсайдеры', 4634841),
(2349092, 'Мужские трусы', 2349087),
(4634985, 'Мужские туфли', 4634833),
(4634833, 'Мужские туфли и броги', 721654),
(4635025, 'Мужские угги', 4634809),
(4637839, 'Мужские футболки', 4637695),
(4637767, 'Мужские халаты', 4637759),
(4637959, 'Мужские худи', 4637743),
(4630020, 'Мужские цепи', 4629842),
(4626742, 'Мужские цепи', 753879),
(724149, 'Мужские цепи', 724139),
(4634889, 'Мужские шлепанцы', 4634817),
(4638199, 'Мужские шорты', 4638255),
(4638255, 'Мужские шорты и плавки', 1162070),
(4634913, 'Мужские эспадрильи', 4634849),
(267255, 'Музыкальные инструменты и оборудование', 4627893),
(224329, 'Музыкальные центры и магнитолы', 80100),
(4666633, 'Мука', 4666597),
(4628446, 'Мука', 4627659),
(4662925, 'Мука', 4662889),
(4660286, 'Мулине', 4643632),
(112986, 'Мультиварки', 435974),
(85359, 'Мультиинструменты', 239221),
(4631502, 'Мультиклапаны ГБО', 4631418),
(80065, 'Мультимедиа, графика и дизайн', 80019),
(4665457, 'Мультиметры, тестеры', 4665439),
(81089, 'Мультипечи и аэрогрили', 435974),
(4636023, 'Мундштуки', 4648656),
(4638735, 'Мундштуки для сигарет', 4638615),
(4632913, 'Муравьиные фермы', 3520929),
(4626700, 'Мусаты и точилки для ножей', 4626619),
(4641824, 'Мусорные контейнеры', 4627851),
(4662655, 'Мусорные пакеты', 4662643),
(4663663, 'Мусорные пакеты', 4663639),
(4657758, 'Мусс для волос', 2048497),
(4649262, 'Мучные изделия', 4633017),
(80007, 'МФУ/Принтеры', 80254),
(4657538, 'Мыло', 2048742),
(4665805, 'Мыло и гель для душа', 4665769),
(4663129, 'Мыло и гель для душа', 4663123),
(4663117, 'Мыло и гель для душа', 4663111),
(4665691, 'Мыло и гель для душа', 4665661),
(4668055, 'Мыльницы', 4667719),
(4648824, 'Мыльницы', 4630027),
(4634257, 'Мыльницы для девочек', 4634377),
(4646600, 'Мышеловки', 4646584),
(80172, 'Мыши', 80255),
(99051, 'Мягкие игрушки', 100808),
(4663867, 'Мягкие игрушки', 4663825),
(100808, 'Мягкие игрушки, фигурки, куклы', 4265805),
(4627792, 'Мягкие кресла', 4657815),
(2335747, 'Мягкие приманки', 84703),
(4671366, 'М`ясний цех', 4671361),
(4671441, 'М`ясні, ковбасні вироби вагові', 4671436),
(4666765, 'Мясные деликатесы', 4666747),
(4662733, 'Мясные консервы', 4662727),
(4632747, 'Мясные консервы', 4627659),
(4666753, 'Мясные консервы', 4666747),
(4662727, 'Мясные продукты', 4662703),
(4666747, 'Мясные продукты', 4666441),
(4643416, 'Мясные продукты', 4624997),
(4667527, 'Мясные салаты', 4667395),
(4645720, 'Мясные снеки', 4627680),
(4667383, 'Мясные снеки', 4667335),
(4666771, 'Мясные субпродукты', 4666747),
(4668409, 'Мясо', 4668397),
(4632859, 'Мясо', 4643416),
(4667353, 'Мясо', 4663255),
(80176, 'Мясорубки', 435974),
(4671351, 'Мясо, рыба, овощи', 4663267),
(86360, 'Мячи для большого тенниса', 4624893),
(82790, 'Мячи для командных игр', 4624893),
(81265, 'Мячи для настольного тенниса', 4654069),
(4629199, 'Наборные подвески', 753884),
(753609, 'Наборные подвески (стиль Пандоры)', 753589),
(4627844, 'Набор первоклассника', 2460422),
(4664635, 'Наборы автоинструментов', 4664629),
(4654146, 'Наборы автомобилиста', 1735862),
(4631333, 'Наборы алмазной вышивки', 4643632),
(1227210, 'Наборы бижутерии', 753879),
(4657962, 'Наборы бижутерии', 4630370),
(4630468, 'Наборы в роддом', 4265798),
(4665913, 'Наборы декоративной косметики', 4665907),
(4663207, 'Наборы детского питания', 2586292),
(4627512, 'Наборы для бара', 4626629),
(4658671, 'Наборы для бритья', 3512690),
(4665877, 'Наборы для ванной, душа', 4665859),
(4648860, 'Наборы для ванной комнаты', 4630027),
(4652576, 'Наборы для венчания', 4652506),
(4669441, 'Наборы для выращивания микрозелени', 4639192),
(4631319, 'Наборы для вышивания бисером', 4643632),
(4631326, 'Наборы для вышивания крестиком', 4643632),
(753734, 'Наборы для гольфа', 753719),
(4657896, 'Наборы для депиляции', 4628474),
(4628453, 'Наборы для каллиграфии', 2460407),
(4665865, 'Наборы для маникюра и педикюра', 4665859),
(81493, 'Наборы для настольного тенниса', 4654069),
(102843, 'Наборы для научных исследований', 100784),
(4631928, 'Наборы для новорожденных', 3973653),
(4629242, 'Наборы для парафинотерапии', 4629207),
(82741, 'Наборы для пикника', 83916),
(753744, 'Наборы для покера', 80260),
(4648458, 'Наборы для приготовления алкогольных напитков', 4629513),
(4652254, 'Наборы для создания бижутерии', 4652247),
(4663573, 'Наборы для суши', 4663459),
(4643768, 'Наборы для татуажа', 4643728),
(4665871, 'Наборы для ухода', 4665859),
(4627547, 'Наборы для фондю', 4626599),
(298224, 'Наборы инструментов', 3423154),
(4652611, 'Наборы инструментов', 4652590),
(4658534, 'Наборы косметики', 2236222),
(4665787, 'Наборы косметики для мужчин', 4665769),
(4657472, 'Наборы косметики по уходу', 2324702),
(4626676, 'Наборы ножей', 4626619),
(4626766, 'Наборы посуды для приготовления пищи', 4626599),
(4657800, 'Наборы по уходу за волосами', 2048497),
(4657328, 'Наборы по уходу за лицом', 2048732),
(4658198, 'Наборы по уходу за полостью рта', 2099087),
(3925143, 'Наборы принадлежностей', 3510436),
(4635415, 'Наборы с 3D-гелем', 4632152),
(4635423, 'Наборы с 3D-маркерами', 4632152),
(4671341, 'Наборы свадебных аксессуаров', 4652506),
(4663261, 'Наборы средств для личной гигиены и уборки', 4629305),
(4670035, 'Наборы шарнирно-губцевых инструментов', 2798772),
(4656624, 'Навесное и прицепное сельхозоборудование', 4656582),
(4631756, 'Навесы', 4631644),
(80105, 'Навигационное ПО', 4654503),
(80040, 'Навигационные карты для GPS', 4654503),
(4646248, 'Навигационные огни', 4646232),
(4654503, 'Навигационные системы', 280596),
(4655278, 'Навозоудаление', 4649961),
(282136, 'Наволочки', 169823),
(83646, 'Надувная мебель и аксессуары', 82411),
(4665127, 'Надувные матрасы, кресла', 4665103),
(4653696, 'Накидки для кормления', 4265798),
(4668877, 'Накидные ключи', 2798782),
(4626153, 'Накладки', 4625841),
(4656404, 'Накладки для авто', 4656398),
(4642168, 'Накладки для волос', 4641832),
(4654076, 'Накладки для ракеток', 4654069),
(4655427, 'Накладки и подкладки для денег', 2460397),
(4644280, 'Накладки на бампер', 4656404),
(4668589, 'Накладки на дверные ручки', 4656404),
(4644064, 'Накладки на лапы подъемников', 4644040),
(4645864, 'Накладки на педали', 4656404),
(4644272, 'Накладки на пороги', 4656404),
(4659929, 'Накладки на суппорта', 4656404),
(4653213, 'Накладки на унитаз', 4394353),
(4641832, 'Накладные волосы', 2048367),
(4657968, 'Накладные воротники', 4630370),
(4641560, 'Накладные ногти', 2048602),
(4659747, 'Накладные ресницы', 2048527),
(4656482, 'Наклейки для авто и мото', 4656398),
(4629298, 'Наклейки для мышек', 80255),
(4640928, 'Наклейки на стену', 4640904),
(4632124, 'Наклейки, стикеры, тату', 102912),
(4671021, 'На компанию', 4670796),
(4636039, 'Наконечники для кальянов', 4635983),
(4648638, 'Наконечники рулевой тяги', 4630764),
(4640056, 'Наливные полы', 4639528),
(4640936, 'Наличники', 4652828),
(177612, 'Наматрасники и подматрасники', 169823),
(4669687, 'Напильники и рашпили', 2798792),
(4671036, 'Напитки', 4670796),
(4670311, 'Напитки', 4670171),
(4670506, 'Напитки', 4669045),
(4633001, 'Напитки', 4624997),
(4667125, 'Напитки для детей', 4667119),
(4639880, 'Напитки и лимонады', 4625018),
(4662019, 'Напівфабрикати', 4662001),
(4661965, 'Наповнювач', 4661959),
(4671081, 'Напої', 4670801),
(4670916, 'Напої', 4670786),
(4670546, 'Напої', 4669585),
(4670596, 'Напої', 4670186),
(4670221, 'Напої', 4670161),
(4669987, 'Напої', 4669597),
(4669111, 'Напої', 4669051),
(4661893, 'Напої газовані', 4661887),
(4662115, 'Напої кисломолочні', 4662079),
(4661935, 'Напої негазовані', 4661887),
(4631984, 'Наполнение и фурнитура для гардеробов', 4630013),
(4631679, 'Наполнение и фурнитура для кухонь', 4630013),
(2336637, 'Наполнители туалетов', 3866931),
(4666297, 'Наполнители, туалеты для кошек', 4666291),
(4663147, 'Наполнители, туалеты для кошек', 4663141),
(4652240, 'Наполнитель для коробок', 4649076),
(4643216, 'Напольные буклетницы (Рекламные буклетницы стойки)', 4643112),
(4634441, 'Напольные конвекторы', 80252),
(4641064, 'Напольные покрытия', 4639424),
(96814, 'Напольные часы', 91450),
(753379, 'На рабочий стол', 753364),
(4658288, 'Наращивание ногтей', 2048602),
(4642712, 'Наружные элементы кузова', 4642704),
(4633585, 'Наручные и карманные часы', 80025),
(91451, 'Наручные часы', 4633585),
(153659, 'Насадки', 152462),
(4652779, 'Насадки для фрезера', 4652772),
(4645784, 'Насадки на глушители', 4656398),
(4648248, 'Насосные группы для гелиосистем', 4629914),
(4630776, 'Насосы ГУР', 4630764),
(4646496, 'Насосы для лодок', 4646440),
(4644520, 'Насосы для перекачки топлива', 4644456),
(80184, 'Насосы и оросительные системы', 80079),
(155952, 'Насосы и помпы', 152462),
(4626554, 'Насосы и помпы для прудов', 4626544),
(4643208, 'Настенные буклетницы (Пластиковые карманы настенные)', 4643112),
(4633673, 'Настенные вееры', 80260),
(4653388, 'Настенные ключницы', 375695),
(91456, 'Настенные часы', 91450),
(4648134, 'Настенный декор', 375695),
(4643224, 'Настольные буклетницы (Подставки под буклеты)', 4643112),
(4641568, 'Настольные визитницы и картотеки', 2460402),
(98280, 'Настольные игры', 80260),
(4664473, 'Настольные календари', 4664461),
(105280, 'Настольные лампы', 230134),
(4664047, 'Настольные наборы', 4664041),
(2560827, 'Настольные органайзеры', 2460412),
(81667, 'Настольные плиты', 435974),
(4667929, 'Настольные плиты', 4667719),
(2678302, 'Настольные подложки', 2460412),
(91458, 'Настольные часы', 91450),
(4654069, 'Настольный теннис', 4624893),
(4661683, 'Настоянки / Лікери', 4661659),
(4660391, 'Натуральная кромка', 4660356),
(4653556, 'Натуральная черепица', 4653528),
(274390, 'Натуральные добавки и экстракты', 273292),
(4657866, 'Натуральные обои', 4625698),
(4660363, 'Натуральный шпон', 4660356),
(4644584, 'Натяжные потолки', 4644576),
(4326663, 'Научная и техническая литература', 4326572),
(80027, 'Наушники', 4660594),
(272131, 'Наушники для стрельбы', 4658540),
(4660594, 'Наушники и аксессуары', 80257),
(4659414, 'Недоуздки и чумбуры', 4659372),
(157138, 'Нейлеры', 4660244),
(4656054, 'Нейтральное оборудование из нержавейющей стали', 163968),
(4658618, 'Нектарин', 4638879),
(4662379, 'Непродовольчі товари', 4660675),
(4668205, 'Нижнее белье для девочек', 1285573),
(2336782, 'Нижнее белье для женщин', 1162060),
(4668259, 'Нижнее белье для мальчиков', 1290392),
(2349087, 'Нижнее белье для мужчин', 1162070),
(3803589, 'Низковольтное оборудование', 3803561),
(4659789, 'Никотиновые пэки', 4638583),
(4669495, 'Нити и шнуры', 4652247),
(4642120, 'Нитки', 4649022),
(4645520, 'Нитки для вязания', 4652667),
(4670761, 'Нігірі суші', 4669585),
(4659317, 'Новая категория', 4659682),
(4633121, 'Новогодние венки и композиции', 368610),
(4633105, 'Новогодние игрушки', 368610),
(4633225, 'Новогодние композиции', 4633121),
(4633273, 'Новогодние наклейки', 4633097),
(4629431, 'Новогодние подарки', 4625025),
(4633297, 'Новогодние фигурки', 4633097),
(4664395, 'Новогодний декор', 4664323),
(368610, 'Новогодний декор', 80260),
(4633097, 'Новогодний декор для интерьера', 368610),
(4633305, 'Новогодний декор на стену', 4633097),
(4633313, 'Новогодний декор на стол', 4633097),
(4633129, 'Новогодний уличный декор', 368610),
(4662547, 'Новорічні товари', 4662379),
(87073, 'Ножи', 239221),
(239221, 'Ножи и мультиинструменты', 81202),
(4664065, 'Ножи канцелярские, лезвия', 4664041),
(4626670, 'Ножи кухонные', 4626619),
(4626619, 'Ножи, ножницы, топорики', 4626594),
(4669693, 'Ножи строительные', 2798792),
(124815, 'Ножки для ванн и душевых поддонов', 124813),
(4638991, 'Ножки регулируемые', 4631637),
(4631637, 'Ножки, ролики, опоры', 4630013),
(4664059, 'Ножницы', 4664041),
(4638799, 'Ножницы для сигар', 4638623),
(4660580, 'Ножницы для стрижки', 4660517),
(4626682, 'Ножницы кухонные', 4626619),
(4670041, 'Ножницы по металлу', 2798772),
(4669699, 'Ножовки', 2798792),
(4660587, 'Носимые гаджеты', 80257),
(4666081, 'Носки', 4666051),
(80004, 'Ноутбуки', 80253),
(4636719, 'Ночная и домашняя одежда для девочек', 1285573),
(4636591, 'Ночная и домашняя одежда для мальчиков', 1290392),
(4628793, 'Ночники', 230134),
(4636743, 'Ночные рубашки для девочек', 4636719),
(4629066, 'Нумераторы', 2514877),
(4635073, 'Нунчаку', 4625433),
(4638679, 'Нюхательный табак', 4638607),
(4644200, 'Оазис для цветов', 4644192),
(2796732, 'Обеденные столы', 4671541),
(199416, 'Обезжелезиватели', 156672),
(4662211, 'Обіди швидкого приготування', 4662187),
(4658707, 'Облепиха', 4638559),
(4667827, 'Обложки', 4667719),
(3855178, 'Обложки для брошюрования', 80254),
(4627729, 'Обложки для документов', 4627395),
(753504, 'Обложки для документов.', 753449),
(2798822, 'Обложки для тетрадей и учебников', 2460422),
(4640064, 'Обмазочная гидроизоляция', 4659084),
(4652289, 'Обниматели для бусин', 4652247),
(80192, 'Обогреватели', 80079),
(4655284, 'Обогрев животных', 4649961),
(3441354, 'Обогрев и охлаждение', 3429643),
(4625698, 'Обои', 4639600),
(161187, 'Оборудование', 2577232),
(4669255, 'Оборудование RFID', 4628117),
(4644440, 'Оборудование для АЗС', 273290),
(3429643, 'Оборудование для аквариумов, террариумов и прудов', 3520929),
(4653619, 'Оборудование для бассейнов', 2394297),
(4655404, 'Оборудование для вывода маток', 4655374),
(4648692, 'Оборудование для детей с аутизмом', 4648686),
(4649961, 'Оборудование для животноводства', 4655222),
(4648902, 'Оборудование для заземления', 3803561),
(4668163, 'Оборудование для конференций и видеоконференций', 80254),
(4649967, 'Оборудование для кормления животных', 4649961),
(4654768, 'Оборудование для кролиководства', 4654756),
(4646440, 'Оборудование для лодок', 89817),
(4633449, 'Оборудование для майнинга', 4647574),
(4646560, 'Оборудование для откачки воды', 4646440),
(4655314, 'Оборудование для ощипа и убоя', 4655302),
(4643728, 'Оборудование для перманентного макияжа и татуажа', 4643664),
(4648272, 'Оборудование для производства алкоголя', 4648266),
(4655332, 'Оборудование для пчеловодства', 4655326),
(4654209, 'Оборудование для развал-схождения', 4643944),
(4658026, 'Оборудование для растениеводства', 2394297),
(4670101, 'Оборудование для резиновых полов и покрытий', 161187),
(4630292, 'Оборудование для резки и высечки металла', 4630274),
(4628425, 'Оборудование для салонов красоты', 4627851),
(4643944, 'Оборудование для СТО', 273290),
(4630274, 'Оборудование для сублимации', 4630268),
(4643664, 'Оборудование для тату и перманентного макияжа', 4627851),
(4643672, 'Оборудование для тату салонов', 4643664),
(4650489, 'Оборудование для турникетов', 4650417),
(4656306, 'Оборудование для убоя', 4649961),
(4668133, 'Оборудование для устранения запаха и дезинфекции', 161187),
(4658821, 'Оборудование для химчистки авто', 161187),
(4660223, 'Оборудование для ямочного ремонта', 4656582),
(4630268, 'Оборудование и материалы для сувенирной продукции', 4627851),
(4626298, 'Обручальные кольца', 753634),
(724034, 'Обручальные кольца', 724004),
(4660573, 'Обручи для волос', 4660517),
(4652128, 'Обтекатели', 4652068),
(458425, 'Обувь', 1162030),
(4666129, 'Обувь', 4666003),
(357820, 'Обувь для бассейна', 330635),
(721664, 'Обувь для девочек', 1158130),
(4666153, 'Обувь для девочки', 4666129),
(4666159, 'Обувь для мальчика', 4666129),
(721669, 'Обувь для мальчиков', 1158130),
(4666171, 'Обувь для спорта', 4666165),
(99669, 'Обучающие программы', 80019),
(80060, 'Объективы', 4628124),
(237971, 'Объективы для камер видеонаблюдения', 237067),
(4628096, 'Объективы для мобильных устройств', 80263),
(4643360, 'Объемные буквы', 4643336),
(4670141, 'Оверлоки', 4629564),
(4662253, 'Овочеві консерви', 4662187),
(4661863, 'Овочі', 4661833),
(4662031, 'Овочі', 4662001),
(4661833, 'Овочі, фрукти, гриби, горіхи та сухофрукти', 4660675),
(4627157, 'Овощечистки', 4626604),
(4666789, 'Овощи', 4666441),
(4662739, 'Овощи', 4662703),
(4655054, 'Овощи', 4655048),
(4666825, 'Овощная консервация', 4666789),
(4662751, 'Овощная консервация', 4662739),
(4628061, 'Овощная консервация', 4633041),
(4667521, 'Овощные салаты', 4667395),
(4662793, 'Овощные соки', 4662757),
(4666453, 'Овощные соки', 4666447),
(4646990, 'Овсянница', 4638559),
(4635495, 'Огнетушители', 4635487),
(4640440, 'Огнетушители автомобильные', 4635495),
(4640448, 'Огнетушители порошковые', 4635495),
(4640432, 'Огнетушители углекислотные', 4635495),
(4647894, 'Ограждения для деревьев', 4647854),
(4652933, 'Ограничитель открывания окна', 4652828),
(4667731, 'Одежда', 4667719),
(2033137, 'Одежда', 1162030),
(1285573, 'Одежда для девочек', 4633561),
(1162060, 'Одежда для женщин', 2033137),
(3935762, 'Одежда для животных', 4435366),
(4636079, 'Одежда для крещения', 4636167),
(4668193, 'Одежда для купания для девочек', 4636815),
(4668247, 'Одежда для купания для мальчиков', 4668235),
(1230990, 'Одежда для малышей', 4633561),
(1290392, 'Одежда для мальчиков', 4633561),
(4663783, 'Одежда для младенцев', 4663675),
(1162070, 'Одежда для мужчин', 2033137),
(4666237, 'Одежда для новорожденных', 4666231),
(1087699, 'Одежда для охотников и рыболовов', 2033137),
(4642640, 'Одежда для пляжа для девочек', 4636815),
(4669393, 'Одежда для похудения', 132895),
(4655613, 'Одежда для пчеловодства', 4628751),
(4666165, 'Одежда для спорта', 4666003),
(4655607, 'Одежда для сферы обслуживания', 4628751),
(102262, 'Одежда и экипировка для дайвинга', 83033),
(4666003, 'Одежда, обувь, аксессуары', 4663267),
(1162030, 'Одежда, обувь и аксессуары', 0),
(4663435, 'Одеяла', 4663405),
(169825, 'Одеяла', 169823),
(4658974, 'Однодисковые машины', 4658962),
(4645584, 'Одноразовая одежда', 4628905),
(4581182, 'Одноразовая посуда', 4394353),
(4663633, 'Одноразовая посуда', 4663459),
(4641336, 'Одноразовая продукция', 4629305),
(4641440, 'Одноразовые носки', 4641336),
(4656567, 'Одноразовые пенные губки', 4626569),
(4641416, 'Одноразовые простыни', 4641336),
(4644360, 'Одноразовые шапочки', 4628905),
(4670471, 'Озонаторы', 80079),
(4658761, 'Окислитель для волос', 4658950),
(4630256, 'Окна', 4657803),
(4657803, 'Окна и двери', 4639424),
(4631270, 'Оконные пылесосы', 80158),
(4658950, 'Окрашивание волос', 4629305),
(4634217, 'Оксфорды для девочек', 4634393),
(4633825, 'Оксфорды для мальчиков', 4634025),
(4627799, 'Оливки', 4633041),
(4666669, 'Оливковое масло', 4666597),
(4662895, 'Оливковое масло', 4662889),
(4662565, 'Олія', 4662559),
(4660062, 'Онлайн-сервисы', 4630262),
(4658659, 'Опасная бритва', 3512690),
(80081, 'Оперативная память', 80026),
(80063, 'Операционные системы', 80019),
(4658162, 'Ополаскиватель для рта', 2099087),
(4665703, 'Ополаскиватель для рта', 4665697),
(4638976, 'Опорные системы', 4631672),
(4631735, 'Опоры для столов', 4631637),
(4629003, 'Оправы для очков', 4628989),
(156378, 'Опрыскиватели', 4625304),
(4657050, 'Опрыскиватели на трактор', 4656624),
(4628989, 'Оптика', 4629305),
(4653255, 'Оптические аттенюаторы', 4653220),
(4653248, 'Оптические боксы', 4653220),
(4653290, 'Оптические делители', 4653220),
(84884, 'Оптические диски', 80256),
(4653325, 'Оптические муфты', 4653220),
(4653227, 'Оптические патч-корды', 1230965),
(4653241, 'Оптические патч панели', 4653220),
(203883, 'Оптические приборы', 81202),
(80085, 'Оптические приводы', 80026),
(4653262, 'Оптические розетки и адаптеры', 4653220),
(4653374, 'Оптические тестеры', 4653276),
(4653220, 'Оптическое оборудование', 80111),
(4649622, 'Оптопары', 4649574),
(135306, 'Орбитреки', 4624900),
(4659754, 'Органайзер для косметики', 2048527),
(4655210, 'Органайзеры в машину', 4656416),
(4630440, 'Органайзеры для бара', 4626629),
(4640104, 'Органайзеры для кабеля', 80263),
(4652618, 'Органайзеры для рукоделия', 1723657),
(4652681, 'Органайзеры для хранения', 4629263),
(4630226, 'Органайзеры (тревел-кейсы), кардхолдеры, визитницы', 4633601),
(4643456, 'Органза для цветов', 4643432),
(4647950, 'Организация дорожного движения', 4627851),
(4649208, 'Органические удобрения', 2117562),
(4649214, 'Органо-минеральные удобрения', 2117562),
(4657809, 'Оргстекло', 4639424),
(4645744, 'Орехи', 4627680),
(4667095, 'Орехи', 4667071),
(80024, 'Оригинальные расходные материалы', 80254),
(4670886, 'Оригінальні роли', 4670786),
(153660, 'Оросители', 152462),
(329445, 'Ортезы', 4670071),
(185362, 'Ортопедические каркасы', 4649292),
(4670076, 'Ортопедические корсеты', 4670071),
(4670071, 'Ортопедические товары', 81203),
(4658426, 'Оружейная оптика', 84625),
(4656156, 'Оружейные сейфы и шкафы', 163969),
(84625, 'Оружие', 0),
(230409, 'Оружие под патрон Флобера', 84625),
(4642616, 'Орхидеи', 4638935),
(4649955, 'ОСАГО', 4629818),
(4632068, 'Освежители воздуха', 4625077),
(4663393, 'Освежители воздуха', 4663339),
(4648362, 'Осветление и стабилизация', 4648284),
(4658755, 'Осветлитель для волос', 4658950),
(4668085, 'Освещение', 4667719),
(230134, 'Освещение', 4628418),
(4665157, 'Освещение', 4665133),
(3441361, 'Освещение для аквариумов и террариумов', 3429643),
(4631693, 'Освещение для мебели', 4630013),
(4662553, 'Освіжувач повітря', 4662379),
(4669501, 'Осетинские пироги', 4669471),
(4629073, 'Оснастки для печатей и штампов', 2514877),
(4625523, 'Оснастки и элементы монтажа', 84703),
(4654083, 'Основания для ракеток', 4654069),
(4670436, 'Основні страви', 4670181),
(4670396, 'Основные блюда', 4670176),
(4668343, 'Основные блюда', 4663255),
(4662535, 'Особиста гігієна', 4662379),
(4660146, 'Остановки общественного транспорта', 4647950),
(388104, 'Осушители воздуха', 80079),
(4663327, 'Отбеливатели', 4663285),
(4662691, 'Отбеливатели', 4662679),
(163892, 'Отбойные молотки', 4660244),
(2798762, 'Отвертки', 3423154),
(4652961, 'Ответные планки', 4652849),
(4655120, 'Отделители косточек', 4626604),
(4639600, 'Отделочные материалы', 4639424),
(753719, 'Отдых и развлечения', 753714),
(4664539, 'Отдых на даче', 4664533),
(4667947, 'Отдых на открытом воздухе', 4667719),
(4652870, 'Откосы', 4652828),
(4644120, 'Открытки', 80260),
(4664365, 'Открытки, пригласительные', 4664359),
(4652884, 'Отлив оконный', 4652828),
(4663399, 'От насекомых, грызунов', 4663339),
(4648950, 'Отопительные котлы', 80079),
(4646624, 'Отрава для грызунов', 4646576),
(157234, 'Отражатели', 4625234),
(4664035, 'Офис и школа', 4663267),
(80254, 'Офисная техника', 80253),
(154072, 'Офисные кресла', 4657815),
(80064, 'Офисные приложения', 80019),
(4664041, 'Офисные принадлежности', 4664035),
(2460412, 'Офисные принадлежности', 2460392),
(4656168, 'Офисные сейфы', 163969),
(4659971, 'Офисные стулья', 4658857),
(4625734, 'Офис, школа, книги', 0),
(4656312, 'Охладители молока', 4655230),
(4647414, 'Охладитель для кальяна', 4635983),
(4659547, 'Охлаждающие жидкости', 2659527),
(4653929, 'Охлаждение автомобиля', 4653922),
(4662355, 'Охолоджена риба', 4662325),
(4662577, 'Оцети', 4662559),
(80128, 'Очистители воздуха', 80079),
(4659491, 'Очистители для автомобиля', 2659527),
(4664731, 'Очистители, промывки', 4664665),
(4626559, 'Очистители прудов', 4626544),
(4628996, 'Очки', 4628989);
INSERT INTO `oc_category_rozetka` (`category_id`, `name`, `parent_id`) VALUES
(4658827, 'Очки для водителей', 4656416),
(4635097, 'Очки для компьютера', 4628996),
(330650, 'Очки для плавания', 330635),
(4635089, 'Очки для чтения', 4628996),
(3970650, 'Ошейники', 4435366),
(102848, 'Пазлы', 100784),
(4652394, 'Пайетки', 4652373),
(4663627, 'Пакеты', 4663459),
(4581462, 'Пакеты для мусора', 4394353),
(4643504, 'Пакеты для цветов', 4643432),
(82412, 'Палатки и аксессуары', 82411),
(4669021, 'Палитры для рисования', 4034476),
(4641776, 'Паллетные стеллажи', 4641768),
(4629634, 'Палочки для ударных', 295852),
(4641152, 'Палубная доска', 4641072),
(4646224, 'Палубное оборудование', 89817),
(4642608, 'Пальмы', 4638935),
(4635463, 'Пальто для девочек', 4636711),
(4636335, 'Пальто для мальчиков', 4636583),
(4658803, 'Памятные медали', 4658791),
(4649640, 'Память', 4649580),
(260016, 'Панели вызова', 259632),
(117785, 'Панели для ванн', 124813),
(118648, 'Панели к душевым поддонам', 124813),
(4649916, 'Панельки для микросхем', 4649550),
(4643344, 'Панель-кронштейн', 4643008),
(4634065, 'Панировочные сухари', 4627764),
(2581722, 'Папки', 2460402),
(2581737, 'Папки-планшеты', 2581722),
(2514862, 'Папки пластиковые', 2581722),
(2581727, 'Папки-портфели', 2581722),
(2581732, 'Папки-регистраторы', 2581722),
(4664317, 'Папки, регистраторы', 4664287),
(4626584, 'Папки специальные', 2581722),
(2595767, 'Папки с файлами', 2581722),
(4642592, 'Папоротники', 4638935),
(4629214, 'Парафиноплавы', 4629207),
(4629207, 'Парафинотерапия', 4629305),
(4636863, 'Парео для девочек', 4636815),
(4642144, 'Парики', 4641832),
(4628607, 'Парикмахерские кресла', 4628502),
(4628565, 'Парикмахерские мойки', 4628502),
(4628600, 'Парикмахерские тележки', 4628502),
(4628502, 'Парикмахерское оборудование', 4628425),
(4641072, 'Паркет', 4641064),
(4641088, 'Паркетная доска', 4641072),
(4647966, 'Парковочное оборудование', 4647950),
(4648078, 'Парковочные демпферы', 4647966),
(278669, 'Парковочные системы', 280596),
(4648054, 'Парковочные столбики', 4647966),
(4654524, 'Парктроники', 278669),
(80157, 'Пароварки', 435974),
(4626784, 'Пароварки, скороварки', 4626599),
(4653626, 'Парогенераторы для бани', 152463),
(4656276, 'Пароконвектоматы', 80121),
(80151, 'Пароочистители', 435964),
(100194, 'Парты', 102573),
(2048522, 'Парфюмерия', 2048367),
(4665985, 'Парфюмерия', 4665475),
(4667347, 'Паски', 4663255),
(1230965, 'Пассивное сетевое оборудование', 80111),
(4641208, 'Пассивные акустические системы', 80100),
(4649562, 'Пассивные компоненты', 4649544),
(4629438, 'Паста', 4625025),
(4669075, 'Паста', 4669051),
(4669555, 'Паста', 4669477),
(4669123, 'Паста', 4669057),
(4644536, 'Паста для шугаринга', 4628474),
(4670941, 'Паста та зернові', 4670791),
(4143955, 'Пастели, карандаши', 4034476),
(4670261, 'Пасти', 4670161),
(4670836, 'Пасти та карамель', 4670781),
(4654721, 'Патока и клеи', 4627659),
(449744, 'Патронташи и погонные ремни', 4658582),
(3510485, 'Патроны и переходники', 3510436),
(4658402, 'Патроны Флобера', 4658390),
(4657280, 'Патчи', 2048732),
(4631572, 'Патч-корды', 1230965),
(4631586, 'Патч-панели', 1230965),
(4662943, 'Паштет', 4662889),
(4666657, 'Паштет', 4666597),
(4661803, 'Паштети', 4661791),
(4629038, 'Паштеты', 4627659),
(4612059, 'Паяльники', 4649442),
(4649526, 'Паяльники для пластиковых труб', 4612059),
(4649442, 'Паяльное оборудование', 152460),
(4649454, 'Паяльные ванны', 4649442),
(4649460, 'Паяльные лампы', 4649442),
(4649472, 'Паяльные станции', 4649442),
(4649466, 'Паяльные фены', 4649442),
(4641184, 'ПВХ плитка', 4645624),
(4643816, 'Педали', 4643704),
(4629627, 'Педали для барабанов', 295852),
(271848, 'Педали эффектов', 297207),
(2354842, 'Пеленки', 3973646),
(4667185, 'Пельмени', 4667155),
(4667545, 'Пельмени', 4667395),
(4671401, 'Пельменний цех', 4671361),
(4660496, 'Пемза', 4660440),
(4657544, 'Пена для ванны', 2048742),
(2986086, 'Пеналы', 2460422),
(155551, 'Пеналы в ванную', 155548),
(4654048, 'Пенни борды', 189145),
(4640360, 'Пенобетонные блоки', 4640192),
(4649382, 'Пеноблоки', 4631949),
(2118637, 'Пеновзбиватели', 435974),
(4640768, 'Пенопласт', 4631949),
(4649412, 'Пенополиэтилен теплоизоляционный', 4631949),
(4649346, 'Пеностекло', 4631949),
(4649406, 'Пенофол', 4631949),
(4625704, 'Пены, герметики, клеи', 4628418),
(4638759, 'Пепельницы', 4638615),
(4642256, 'Первые блюда', 4642248),
(80069, 'Переводчики и словари', 80019),
(4646408, 'Перевозка лодок', 89817),
(4628828, 'Перевязочные материалы', 4628719),
(4656258, 'Перегон скота', 4649961),
(4643192, 'Перекидные системы', 4642984),
(4640120, 'Перемычки', 4639440),
(4633641, 'Переходные рамки', 273291),
(4667695, 'Перец', 4662973),
(4666717, 'Перец', 4666705),
(4649310, 'Перец', 4627764),
(4647830, 'Периодические издания', 4625734),
(296822, 'Перкуссия', 295852),
(4643584, 'Перламутровые пигменты', 4643552),
(4658767, 'Перманентная завивка', 4658950),
(4646918, 'Персик', 4638879),
(4627395, 'Персональные аксессуары', 4627311),
(153621, 'Перфораторы', 4660244),
(4625439, 'Перчатки для бокса и единоборств', 4625433),
(4625361, 'Перчатки для хоккея', 116671),
(4630244, 'Перчатки и варежки', 4631921),
(4581483, 'Перчатки хозяйственные', 4394353),
(4671601, 'Перші страви', 4671546),
(4670451, 'Перші страви', 4670181),
(4669129, 'Перші страви', 4669057),
(2560787, 'Перьевые ручки и роллеры', 2460407),
(4640784, 'Пескоуловители', 4640720),
(4639504, 'Песок', 4639448),
(4635631, 'Песочники для малышей', 4636151),
(4645336, 'Песты', 4644880),
(4631630, 'Петли', 4630013),
(4669345, 'Петли TRX', 132895),
(4626188, 'Петли дверные', 4625841),
(4637135, 'Петли для ноутбуков', 4631376),
(4652947, 'Петли для окон', 4652849),
(4662427, 'Печатна продукція', 4662379),
(4630391, 'Печатная продукция', 4625734),
(4659769, 'Печать визиток', 4632905),
(4659762, 'Печать на одежде', 4659755),
(4670066, 'Печать на сувенирной продукции', 4659755),
(4660321, 'Печать флаеров и листовок', 4632905),
(4667455, 'Печенье', 4667395),
(4662853, 'Печенье', 4662847),
(4629445, 'Печенье', 4649262),
(4666963, 'Печенье', 4666891),
(4667293, 'Печенье для диабетиков', 4667275),
(4628390, 'Печи', 152463),
(4662313, 'Печиво', 4662283),
(4644712, 'Печи для пиццы', 4644672),
(4648030, 'Пешеходные ограждения', 4647958),
(297113, 'Пианики (мелодики)', 296831),
(4667215, 'Пиво', 4667209),
(4626589, 'Пиво', 4649190),
(80152, 'Пивоварни', 435974),
(4649190, 'Пиво и сидр', 4594201),
(4661713, 'Пиво, сидр', 4661659),
(4643552, 'Пигменты', 4643520),
(4643240, 'Пигменты для бетона', 4629382),
(4653234, 'Пигтейлы', 4653220),
(4636479, 'Пиджаки для мальчиков', 4636623),
(4636735, 'Пижамы для девочек', 4636719),
(4636255, 'Пижамы для мальчиков', 4636591),
(4665103, 'Пикник, кемпинг, пляж', 4665001),
(4645176, 'Пикнометры', 4644872),
(4665673, 'Пилинг, скраб для тела', 4665661),
(4660454, 'Пилка для ногтей', 4660440),
(3510562, 'Пильные полотна', 3510436),
(4654013, 'Пилястры', 4653978),
(4634041, 'Пинетки', 1230990),
(4659712, 'Пинцет для бровей', 2048527),
(4665535, 'Пинцет, щипцы для ресниц', 4665523),
(4652625, 'Пинцеты для рукоделия', 4652590),
(4652324, 'Пины', 4652247),
(4668991, 'Пины для рукоятей', 4668967),
(4671326, 'Пиньяты', 4628772),
(4647094, 'Пионы', 4638559),
(4645184, 'Пипетки', 4644872),
(4669045, 'Пироги и друзья', 4663249),
(4670491, 'Пироги, несладкие', 4669045),
(4670486, 'Пироги, сезонные', 4669045),
(4670316, 'Пироги сладкие', 4670171),
(4670501, 'Пироги, сладкие', 4669045),
(4670306, 'Пироги солёные', 4670171),
(4667551, 'Пирожки', 4667395),
(4666903, 'Пирожное', 4666891),
(4667683, 'Пирожное', 4662847),
(4644264, 'Пирожные', 4633017),
(4635033, 'Пиротехника', 84625),
(4638807, 'Пирсеры для сигар', 4638623),
(4669651, 'Пирсинг', 723119),
(4657938, 'Пирсинг', 4630370),
(150740, 'Писсуары', 117101),
(2460407, 'Письменные принадлежности', 2460392),
(4664101, 'Письменные принадлежности', 4664035),
(4667989, 'Письменные принадлежности для офиса', 4667719),
(4668613, 'Питание для детских садиков', 4668583),
(4668637, 'Питание для клиник', 4668583),
(3933312, 'Питание и кормление', 102298),
(4668619, 'Питание по столам певзнера', 4668583),
(4647238, 'Пихта', 4638879),
(4670351, 'Пицца', 4670176),
(4670321, 'Пицца', 4670171),
(4667413, 'Пицца', 4667395),
(4667161, 'Пицца', 4667155),
(4668355, 'Пицца', 4663255),
(4238910, 'Пищевая упаковка', 4394353),
(4663603, 'Пищевые контейнеры', 4663459),
(4626836, 'Пищевые контейнеры', 4626614),
(4662055, 'Підгузники', 4662037),
(4670931, 'Піца', 4670786),
(4670241, 'Піца', 4670161),
(4669525, 'Піца', 4669477),
(4669165, 'Піца', 4669057),
(4669117, 'Піца', 4669051),
(4671261, 'Піца 40 см', 4670786),
(4670406, 'Піца домашня', 4670181),
(4670191, 'Піца «зроби сам»', 4670161),
(4671266, 'Піцбурек', 4670786),
(4670871, 'Піцоне', 4670786),
(4636855, 'Плавки для девочек', 4636815),
(4636463, 'Плавки для мальчиков', 4668235),
(4668235, 'Плавки и пляжная одежда для мальчиков', 1290392),
(4643120, 'Плакатные профили', 4643096),
(4643096, 'Плакатные профили и рамки', 4642984),
(4643136, 'Плакатные рамки', 4643096),
(4641656, 'Плакаты по пожарной безопасности_old', 4641624),
(130309, 'Планшеты', 80253),
(4629613, 'Пластики', 295852),
(4644864, 'Пластиковая лабораторная посуда', 4644816),
(4629284, 'Пластиковая тара', 4627851),
(3584027, 'Пластиковые емкости', 4625304),
(4643232, 'Пластиковые карманы (Информационные карманы)', 4643112),
(4641744, 'Пластиковые контейнеры', 4641720),
(4645008, 'Пластиковые лабораторные воронки', 4644864),
(4645064, 'Пластиковые лабораторные стаканы', 4644864),
(4645016, 'Пластиковые мерные колбы', 4644864),
(4652891, 'Пластиковые подоконники', 4652828),
(4647886, 'Пластиковые сиденья', 4647854),
(4664191, 'Пластилин', 4664149),
(3425933, 'Пластилин', 2460422),
(4640072, 'Пластификаторы', 4629382),
(4662235, 'Пластівці', 4662187),
(4628835, 'Пластыри', 4628719),
(4668607, 'Платежные терминалы', 4625256),
(4644416, 'Платки для коффердама', 4644384),
(4636879, 'Платья для девочек', 4636831),
(4636831, 'Платья, сарафаны и юбки для девочек', 1285573),
(4666249, 'Платья, юбки для девочек', 4666231),
(4635471, 'Плащи для девочек', 4636711),
(4636351, 'Плащи для мальчиков', 4636583),
(173644, 'Пледы', 169823),
(4643472, 'Пленка для цветов и подарков', 4643432),
(4655102, 'Пленка полиэтиленовая', 4639600),
(4647678, 'Пленки на окна', 4657803),
(4642888, 'Пленки самоклеющиеся для печати', 4642864),
(4632187, 'Плетение', 102912),
(4652716, 'Плечики', 4652709),
(4640952, 'Плинтусы', 4639600),
(4653122, 'Плинты', 4653682),
(4625710, 'Плитка', 4639424),
(4658992, 'Плитка для ванной', 4625710),
(4659004, 'Плитка для жилых помещений', 4625710),
(4658998, 'Плитка для кухни', 4625710),
(4659010, 'Плитка для улицы', 4625710),
(4660237, 'Плитка мозаика', 4625710),
(80122, 'Плиты', 80080),
(4647382, 'Плиты для розжига угля', 4635983),
(4640112, 'Плиты перекрытия', 4639440),
(4640288, 'Плиты перекрытия лотков', 4640152),
(4640296, 'Плиты теплокамер', 4640152),
(4638895, 'Плодовые деревья', 4638879),
(4663171, 'Пломбы', 4628117),
(4643368, 'Плоские буквы', 4643336),
(4652597, 'Плоскогубцы для рукоделия', 4652590),
(4670017, 'Плоскогубцы, пассатижи', 2798772),
(4630938, 'Площадки насосов ГУР', 4630806),
(4657044, 'Плуги', 4656624),
(4656672, 'Плунжерные пары', 4656642),
(3308284, 'Пляжная одежда', 3496597),
(3040770, 'Пляжные шорты и плавки', 4638255),
(84647, 'Пневматические винтовки', 4658132),
(84675, 'Пневматические пистолеты', 4658132),
(4656912, 'Пневматические системы', 4656594),
(4658132, 'Пневматическое оружие', 84625),
(4652098, 'Пневмосигнал (звуковой сигнал)', 4652068),
(4627129, 'Поварские лопатки, ложки, вилки', 4626604),
(2795012, 'Поводки', 84703),
(3985679, 'Поводки для животных', 4435366),
(4666351, 'Поводок, ошейник, намордник', 4666333),
(4648872, 'Поворотные серводвигатели', 4648866),
(4660566, 'Повязки для волос', 4660517),
(4640688, 'Погонажные изделия', 4639496),
(103323, 'Погремушки и грызуны', 4035302),
(4657438, 'Подарки для 1С', 4654996),
(4629541, 'Подарки для геймеров', 80261),
(4628362, 'Подарки для новорожденных', 80260),
(80260, 'Подарки и товары для праздников', 0),
(4627367, 'Подарочные визитницы', 4627395),
(4664389, 'Подарочные коробки, пакеты', 4664359),
(4644232, 'Подарочные ленты', 4649076),
(4664383, 'Подарочные ленты, банты', 4664359),
(4669603, 'Подарочные наборы', 80260),
(4626519, 'Подарочные пакеты', 4649076),
(90374, 'Подарочные сертификаты', 80260),
(4649076, 'Подарочные упаковки', 80260),
(4657104, 'Подбарабанья', 4656630),
(4648572, 'Подвеска автомобиля', 4642720),
(4642720, 'Подвеска и рулевое', 4630454),
(4648158, 'Подвески', 4648134),
(4648596, 'Подвески в сборе', 4648572),
(753654, 'Подвески и кулоны', 723119),
(4631214, 'Подвесные потолки', 4639424),
(4638962, 'Подвесные системы', 4631672),
(4643984, 'Подвижные платформы', 4654209),
(4658504, 'Подводка для глаз', 2236222),
(4665919, 'Подводка для глаз', 4665907),
(83311, 'Подводные ружья', 4658222),
(124818, 'Подголовники', 124813),
(4663729, 'Подгузники', 4663681),
(4663033, 'Подгузники', 4663015),
(103306, 'Подгузники', 3973646),
(4628040, 'Подгузники для взрослых', 4626569),
(3973646, 'Подгузники и пеленание', 102298),
(4633337, 'Поддоны', 4631679),
(4641752, 'Поддоны складские', 4640752),
(203893, 'Подзорные трубы', 203883),
(4656537, 'Подкатная мебель для СТО', 4643944),
(4632754, 'Подкрылки (локеры)', 4642712),
(4657174, 'Подложка', 4641064),
(4645880, 'Подлокотники', 4656416),
(182008, 'Подметальные машины', 4658962),
(4652182, 'Подножки на мотоцикл', 4652140),
(4627297, 'Подносы, коврики и столики', 4626609),
(4654552, 'Подогреватели напитков для автомобиля', 4654538),
(4656930, 'Подогреватель двигателя', 278246),
(4652835, 'Подоконники', 4652828),
(4652905, 'Подоконники из камня', 4652828),
(4641200, 'Подписки Premium', 4630262),
(4636047, 'Подсветки для кальянов', 4635983),
(4647606, 'Подсвечники', 375695),
(4641232, 'Подставки', 4628425),
(4627171, 'Подставки, держатели', 4626604),
(4659359, 'Подставки для интерактивных досок', 4643064),
(2560822, 'Подставки для канцелярских принадлежностей', 2460412),
(3294880, 'Подставки для книг', 2460422),
(4650814, 'Подставки для косметики', 4630027),
(4647422, 'Подставки для угля', 4635983),
(4629031, 'Подставки для цветов', 152458),
(4640568, 'Подставки и кронштейны под огнетушитель', 4640400),
(4626706, 'Подставки и планки для ножей', 4626619),
(4632953, 'Подставки и покрывала для елок', 248659),
(183690, 'Подставки и столики для ноутбуков', 80256),
(4658887, 'Подставки медицинские', 4655883),
(4640608, 'Подставки под гидрант', 4640416),
(4649922, 'Подстроечные компоненты', 4649550),
(4630250, 'Подтяжки', 4633609),
(4652527, 'Подушечки для колец', 4652506),
(169826, 'Подушки', 169823),
(4663441, 'Подушки', 4663405),
(4656458, 'Подушки в авто', 4656416),
(4652653, 'Подушки для валяния', 4652632),
(4670686, 'Подушки и матрасы для садовой мебели', 4670676),
(4644592, 'Подшипники', 2577232),
(4631046, 'Подшипники РУ', 4630806),
(4644664, 'Подшипниковые узлы', 4644624),
(4650790, 'Подшлемники', 4650748),
(4643992, 'Подъемники', 4654202),
(4654202, 'Подъемное оборудование', 4643944),
(4631770, 'Подъемные механизмы', 4631651),
(4644568, 'Подъемные столы', 4633065),
(4635487, 'Пожарное оборудование', 161187),
(4640600, 'Пожарные гидранты', 4640416),
(4640424, 'Пожарные извещатели и знаки безопасности', 4635487),
(4640416, 'Пожарные колонки и гидранты', 4635487),
(4640488, 'Пожарные лестницы', 4640376),
(4640384, 'Пожарные рукава и стволы', 4635487),
(4640464, 'Пожарные стволы', 4640384),
(4640504, 'Пожарные топоры', 4640376),
(4640512, 'Пожарные фонари', 4640376),
(4640408, 'Пожарные шкафы, стенды и ящики', 4635487),
(4640480, 'Пожарный инвентарь', 4640376),
(4641576, 'Поильники', 3933312),
(4657168, 'Поисковые магниты', 83916),
(4646240, 'Поисковые прожекторы', 4646232),
(4670581, 'Поке', 4670186),
(173873, 'Покрывала', 169823),
(4670326, 'Полезности', 4670171),
(4663795, 'Ползунки', 4663783),
(4635895, 'Ползунки для малышей', 4646064),
(4668769, 'Полиграфические материалы', 4632905),
(4632905, 'Полиграфия', 4659755),
(4648560, 'Поликарбонат и ПВХ листы', 4625614),
(4645072, 'Полипропиленовые мерные цилиндры', 4644864),
(4643480, 'Полисилк', 4643432),
(4640344, 'Полистиролбетонные блоки', 4640192),
(4629192, 'Полки', 152458),
(4648806, 'Полки в ванную', 4630027),
(4656066, 'Полки для общепита', 4656054),
(4631998, 'Полки и вешалки', 4631984),
(4664845, 'Полки, корзины', 4664839),
(4631749, 'Полкодержатели', 4631644),
(4631644, 'Полкодержатели', 4630013),
(4636775, 'Поло для девочек', 4636839),
(4636383, 'Поло для мальчиков', 4636599),
(4658968, 'Поломоечные машины', 4658962),
(182007, 'Поломойки', 435964),
(4648926, 'Полоса заземления', 4648902),
(4639648, 'Полоса стальная', 4639608),
(4663417, 'Полотенца', 4663405),
(169829, 'Полотенца', 169823),
(4668199, 'Полотенца-пончо для девочек', 4636815),
(4668253, 'Полотенца-пончо для мальчиков', 4668235),
(4648842, 'Полотенцедержатели', 4630027),
(4667941, 'Полотенцедержатели', 4667719),
(163904, 'Полотенцесушители', 4628411),
(4628411, 'Полотенцесушители и радиаторы', 80106),
(4669723, 'Полотна и лезвия', 2798792),
(4641784, 'Полочные стеллажи для склада', 4641768),
(4635455, 'Полукомбинезоны для девочек', 4636799),
(4636423, 'Полукомбинезоны для мальчиков', 4636607),
(4647542, 'Полукопченая колбаса', 4646512),
(4649574, 'Полупроводники', 4649556),
(4668697, 'Полуфабрикаты', 4668571),
(4669567, 'Полуфабрикаты', 4669483),
(4667557, 'Полуфабрикаты', 4667395),
(4667341, 'Полуфабрикаты', 4663255),
(4662877, 'Полуфабрикаты', 4662703),
(4667155, 'Полуфабрикаты', 4666441),
(4667377, 'Полуфабрикаты', 4667329),
(4660633, 'Полуфабрикаты', 4624997),
(4658516, 'Помада', 2236222),
(4670431, 'Помазанки', 4670181),
(4658665, 'Помазок для бритья', 3512690),
(4671306, 'Помпоны', 4628772),
(4645696, 'Попкорн', 4627680),
(4666999, 'Попкорн', 4666969),
(4661785, 'Попкорн', 4661725),
(4667659, 'Попкорн', 4662817),
(4662697, 'Порошки', 4662679),
(4663333, 'Порошки', 4663285),
(157122, 'Порталы', 152463),
(4627865, 'Портативная электроника', 80257),
(1231010, 'Портативные и солнечные зарядные устройства', 83916),
(4671531, 'Портативные колонки', 80100),
(4644224, 'Портбукетницы', 4644192),
(4630363, 'Портмоне и борсетки', 4633601),
(753434, 'Портсигары', 4638615),
(4670621, 'Портупеи', 2336782),
(753564, 'Портфели', 753534),
(4648812, 'Поручни', 4630027),
(4660645, 'Порционные добавки', 4642248),
(4630896, 'Поршни бокового поджима', 4630806),
(4670086, 'Послеоперационная обувь', 4670071),
(4657221, 'Послеродовые трусы', 4625250),
(4653738, 'Послетренировочные комплексы', 273292),
(169827, 'Постельное белье', 169823),
(4669195, 'Постельное белье с подогревом', 435969),
(4648142, 'Постеры', 4648134),
(4658905, 'Посты охраны', 4647966),
(4663459, 'Посуда', 4663279),
(4626594, 'Посуда', 2394287),
(4662667, 'Посуда', 4662595),
(4626629, 'Посуда для бара и барный инвентарь', 4626594),
(4663519, 'Посуда для выпечки', 4663459),
(753784, 'Посуда для детей', 753769),
(4626654, 'Посуда для духовок и микроволновок', 4626594),
(2183122, 'Посуда для животных', 3520929),
(84520, 'Посуда для отдыха и туризма', 83916),
(4650562, 'Посуда для суши', 4626609),
(4626624, 'Посуда для чая и кофе', 4626594),
(4626862, 'Посуда из жаропрочного стекла', 4626654),
(4662421, 'Посуд одноразовий', 4662379),
(80123, 'Посудомоечные машины', 80080),
(4640944, 'Потолочные плинтусы', 4639600),
(4653985, 'Потолочные розетки', 4653978),
(4647910, 'Почтовые ящики', 4647854),
(4624914, 'Пояса и перчатки для фитнеса', 132895),
(2552867, 'Пояса и подвязки', 2336782),
(4664323, 'Праздничная атрибутика', 4663267),
(4671311, 'Праздничные декорации', 4628772),
(4671286, 'Праздничные дудки и горны', 4628772),
(4639328, 'Праздничные иконы', 4639272),
(4671316, 'Праздничные украшения', 4628772),
(4658450, 'Праймер для лица', 2236222),
(4659873, 'Праймер для ногтей', 2048602),
(4625920, 'Прайс-чекеры', 4625256),
(4627388, 'Предметы декора', 4627311),
(753844, 'Предметы искусства', 753814),
(4627248, 'Предметы сервировки', 4626609),
(4663993, 'Предметы ухода за лежачими больными', 4663957),
(4649448, 'Преднагреватели', 4649442),
(4649772, 'Предохранители', 4649562),
(4654181, 'Предохранители автомобильные', 4644128),
(341460, 'Предтренировочные комплексы', 273292),
(4629824, 'Презервативы', 4629305),
(4663981, 'Презервативы', 4663957),
(4655224, 'Премиксы', 4649985),
(4639232, 'Преобразователи', 161187),
(4633513, 'Препараты для защиты растений', 2394297),
(4649910, 'Прерыватели цепи', 4649550),
(4642032, 'Прессы', 4641696),
(4648308, 'Прессы для винограда', 4648272),
(437989, 'Приборы для маникюра и педикюра', 435969),
(81231, 'Приборы для укладки волос', 435969),
(4644984, 'Приборы для химических лабораторий', 4644856),
(4644832, 'Приборы и аппараты', 4644808),
(4646472, 'Приборы на лодку', 4646440),
(254834, 'Приборы ночного видения', 203883),
(4626599, 'Приготовление пищи', 4626594),
(4643032, 'Прикассовые дисплеи', 4642976),
(4664509, 'Прикладная литература', 4664479),
(2503997, 'Прикормки и насадки', 84703),
(4649238, 'Прикроватные тумбы', 4649292),
(4634097, 'Прилипатели', 4633513),
(161249, 'Принадлежности', 152460),
(4658779, 'Принадлежности для окрашивания', 4658950),
(4628026, 'Принадлежности для приготовления суши', 4626604),
(4668097, 'Принадлежности для чистки окон', 4667719),
(267137, 'Принадлежности по уходу', 3973653),
(4625978, 'Принтеры наклеек', 4625256),
(4625268, 'Принтеры этикеток', 4625256),
(4659505, 'Присадки', 2659527),
(4648404, 'Приспособления для перелива и розлива алкоголя', 4648296),
(4627241, 'Прихватки и подставки для посуды', 4626604),
(4628982, 'Прихожие', 4671666),
(148966, 'Прицелы', 4658426),
(4660307, 'Прицепы', 4648566),
(4646504, 'Прицепы для лодок', 4646440),
(4670151, 'Причалы, понтоны для лодок и гидроциклов', 86167),
(4653675, 'Прищепки', 3647328),
(297931, 'Про-аудио', 267255),
(4653724, 'Пробиотики и пребиотики', 273292),
(4645048, 'Пробирки', 4644864),
(4627540, 'Пробки и воронки для бутылок', 4626629),
(4641168, 'Пробковое покрытие', 4641072),
(4658014, 'Пробковые полы', 4645624),
(4660048, 'Проведение салютов', 4660041),
(4648932, 'Провод для заземления', 4648902),
(4639800, 'Проволока', 4639624),
(4652450, 'Проволока и тросики', 4652247),
(4631340, 'Программирование и разработка ПО', 80019),
(80019, 'Программное обеспечение', 80253),
(118575, 'Программы автоматизированного проектирования и черчения', 80019),
(131141, 'Программы для сети и интернета', 80019),
(3933347, 'Прогулки и активный отдых', 88468),
(4660608, 'Продовольственные наборы', 4624997),
(4660663, 'Продуктовые сети', 4660651),
(4667275, 'Продукты для диабетиков', 4666441),
(4667041, 'Продукты для приготовления суши', 4666441),
(4662217, 'Продукты для приготовления суши', 4662187),
(4628033, 'Продукты для суши', 4627659),
(4667845, 'Продукты питания', 4667719),
(4624997, 'Продукты питания', 4626923),
(4666441, 'Продукты питания, напитки', 4663267),
(4662703, 'Продукты питания, напитки', 4661545),
(80012, 'Проекторы', 4670651),
(4669681, 'Проекторы и экраны', 80258),
(4656518, 'Проекционные дисплеи на лобовое стекло', 4654538),
(126488, 'Проекционные часы', 91450),
(4670651, 'Проекційне обладнання', 4627949),
(4659470, 'Прожекторы', 230134),
(4646232, 'Прожекторы и освещение для лодок', 89817),
(330015, 'Проигрыватели винила', 297931),
(4657209, 'Прокладки', 4625250),
(4656690, 'Прокладки для спецтехники', 4656684),
(4657584, 'Прокладки на мотоблок', 4629101),
(4630956, 'Прокладки насосов ГУР', 4630806),
(4665487, 'Прокладки,тампоны', 4665481),
(4663063, 'Прокладки,тампоны', 4663057),
(4643152, 'Промо-корзины', 4643104),
(4642872, 'Промо продукция', 4642864),
(4643056, 'Промо столы (Демонстрационные стойки)', 4642984),
(4645056, 'Промывалки', 4644864),
(4659596, 'Промывочные масла', 1527297),
(4656012, 'Промышленная мебель', 163968),
(4659268, 'Промышленная химия', 4659254),
(4658084, 'Промышленное гладильное оборудование', 4658072),
(4653887, 'Промышленное оборудование', 4627851),
(4658072, 'Промышленное швейное оборудование', 4627851),
(4667317, 'Промышленные вакуумные упаковщики', 80121),
(4643648, 'Промышленные ворота', 4643488),
(4658875, 'Промышленные плиты', 4644752),
(155307, 'Промышленные пылесосы', 4658962),
(4670156, 'Промышленные цепи', 3510436),
(4658078, 'Промышленные швейные машины', 4658072),
(4654593, 'Промышленные шланги и рукава', 3510436),
(4658114, 'Пропитка для дерева', 4629382),
(4659554, 'Пропитки воздушных фильтров', 2659527),
(4670961, 'Пропозиції для компанії', 4670791),
(4670047, 'Просекатели', 2798772),
(4653845, 'Проставки для дисков', 4653817),
(4644072, 'Проставки для лап подъемников', 4644040),
(4659915, 'Проставки для увеличения клиренса', 4648572),
(4645808, 'Простокваша', 4637511),
(213308, 'Простыни и пододеяльники', 169823),
(4663447, 'Простыни, пододеяльники, наволочки', 4663405),
(273294, 'Протеин', 273292),
(4640080, 'Противоморозные добавки', 4629382),
(4640544, 'Противопожарные ворота и шторы', 4640392),
(4640392, 'Противопожарные двери, ворота, люки', 4635487),
(4640552, 'Противопожарные люки', 4640392),
(4635711, 'Противоскрипные материалы', 4635719),
(4654510, 'Противоугонные системы', 280596),
(196456, 'Проточные фильтры', 196455),
(4634081, 'Протравители семян', 4633513),
(4644792, 'Профессиональная мебель для кухни', 4644752),
(80121, 'Профессиональная техника', 80080),
(4644752, 'Профессиональная техника для кухни', 80121),
(4670601, 'Профессиональная холодильная техника', 80121),
(80211, 'Профессиональные микроволновые печи', 80121),
(80213, 'Профессиональные посудомоечные машины', 80121),
(4625939, 'Профессиональные стиральные машины', 80121),
(80214, 'Профессиональные сушильные автоматы', 80121),
(4641008, 'Профили', 4640984),
(4628954, 'Профили', 4625596),
(4649850, 'Профили', 4649550),
(4640744, 'Профили и плинтусы', 4639600),
(4639464, 'Профнастил', 4625614),
(4628509, 'Процедурные кушетки', 4628495),
(80083, 'Процессоры', 80026),
(80178, 'Прочая встраиваемая техника', 80078),
(123281, 'Прочая мелкая техника', 435974),
(4626544, 'Пруды и водоемы', 3520929),
(4630890, 'Пружины бокового поджима', 4630806),
(3855164, 'Пружины для брошюрования', 80254),
(4648590, 'Пружины подвески', 4648572),
(4649268, 'Пряники', 4649262),
(4666945, 'Пряники', 4666891),
(4667677, 'Пряники', 4662847),
(4652856, 'ПСУЛ', 4652828),
(4655302, 'Птицеводство', 4655222),
(4666423, 'Птицы', 4666285),
(4634345, 'Пуанты для девочек', 4634401),
(4652478, 'Пуговицы', 4649022),
(4629291, 'Пудинги и йогурты', 2586292),
(4665931, 'Пудра', 4665907),
(4658468, 'Пудра', 2236222),
(4647086, 'Пузыреплодники', 4638559),
(86549, 'Пули для пневматики', 4658390),
(4658390, 'Пули и патроны', 84625),
(4627809, 'Пульсотахографы', 435969),
(100313, 'Пупсы', 100808),
(4626904, 'Пуроверы и аксессуары', 4626624),
(4664659, 'Пуско-зарядные устройства', 4664653),
(155293, 'Пускозарядные устройства', 278246),
(753939, 'Пуссеты-гвоздики', 753929),
(266303, 'Пустышки', 3933312),
(4619871, 'Путешествия и спорт', 4326572),
(4657833, 'Пуфики', 4657815),
(4655326, 'Пчеловодство', 4655222),
(80158, 'Пылесосы', 435964),
(4626574, 'Пылесосы для прудов', 4626544),
(4631249, 'Пылесосы для сухой уборки', 80158),
(4630854, 'Пыльники', 4630806),
(126966, 'Пьедесталы', 117101),
(4629641, 'Пэды', 295852),
(4667149, 'Пюре для детей', 4667119),
(4632005, 'Пятновыводители и отбеливатели', 4625084),
(4655571, 'Рабочая спецодежда', 4628751),
(153563, 'Радар-детекторы', 280596),
(4649844, 'Радиаторы', 4649550),
(4656822, 'Радиаторы водяного охлаждения для спецтехники', 4656816),
(228148, 'Радиаторы отопления', 4628411),
(4649682, 'Радио', 4649580),
(4649544, 'Радиодетали', 2577232),
(146154, 'Радионяни', 102573),
(162184, 'Радиосинхронизаторы и ДУ', 4625234),
(298223, 'Радиосистемы', 298222),
(97422, 'Радиоуправляемые игрушки', 100812),
(81505, 'Радиоуправляемые катера', 81499),
(81499, 'Радиоуправляемые модели', 81202),
(81501, 'Радиоуправляемые самолеты', 81499),
(4643784, 'Разбавители краски', 4643688),
(4657062, 'Разбрасыватели удобрений', 4656624),
(4631579, 'Разветвители видеосигнала', 4631882),
(4654545, 'Разветвители прикуривателя', 4654538),
(103303, 'Развивающие центры, коврики и кресла-качалки', 4035302),
(100784, 'Развитие и творчество', 4265805),
(4663831, 'Развитие, творчество', 4663825),
(4668883, 'Разводные ключи', 2798782),
(4631672, 'Раздвижные системы', 4630013),
(2660622, 'Разделители и закладки', 2460402),
(4643320, 'Разделители и ограничители', 4643000),
(4626961, 'Разделочные доски', 4626604),
(4663483, 'Разделочные доски', 4663459),
(4665121, 'Разжигатель', 4665103),
(4632145, 'Различные наборы для детского творчества', 102912),
(80200, 'Разное', 80111),
(4642184, 'Разноцветные пряди', 4641832),
(4654727, 'Разрыхлители_old', 80262),
(4649766, 'Разрядники', 4649562),
(4653115, 'Райзеры', 80256),
(85569, 'Ракетки для большого тенниса', 4624893),
(81496, 'Ракетки для настольного тенниса', 4654069),
(108979, 'Раковины', 117101),
(4662343, 'Ракоподібні, молюски', 4662325),
(4655386, 'Рамки для ульев', 4655368),
(4656434, 'Рамки номерного знака', 2769487),
(4648758, 'Распашные шкафы', 4631312),
(4663789, 'Распашонки', 4663783),
(4635911, 'Распашонки для малышей', 4646064),
(4646064, 'Распашонки и ползунки для малышей', 1230990),
(80115, 'Распознавание текста', 80019),
(4630842, 'Распределители рулевых реек', 4630806),
(4656720, 'Распределительные валы дизельных двигателей', 4656702),
(4653129, 'Распределительные коробки', 4653682),
(4630848, 'Распределительные механизмы', 4630806),
(4656678, 'Распылители дизельных форсунок', 4656642),
(4639200, 'Рассада', 4639184),
(4664569, 'Рассада цветов', 4664557),
(4659519, 'Растворители для автокраски', 2659527),
(4626479, 'Растворитель', 4629382),
(4657686, 'Растворонасосы', 4655445),
(4639184, 'Растения', 2394297),
(4642528, 'Растения хищники', 4638935),
(4666639, 'Растительное масло', 4666597),
(4627757, 'Растительное масло', 4633009),
(4662961, 'Растительное масло', 4662889),
(4629599, 'Растительное молоко', 4632768),
(4665355, 'Расходники для инструмента', 4665349),
(4644216, 'Расходные материалы', 4644192),
(4671751, 'Расходные материалы для 3D принтеров', 81224),
(4648284, 'Расходные материалы для бродильного производства', 4648266),
(4650399, 'Расходные материалы для игольчатых пистолетов', 4625746),
(4648656, 'Расходные материалы для кальянов', 4632897),
(4659112, 'Расходные материалы для мотокос', 4629094),
(3999091, 'Расходные материалы для переплета/брошюрования', 80254),
(81224, 'Расходные материалы для принтеров', 80254),
(4630041, 'Расходные материалы для принтеров наклеек', 4625746),
(4655320, 'Расходные материалы для птицеводства', 4655302),
(4631551, 'Расходные материалы для сетевого оборудования', 1230965),
(4643712, 'Расходные материалы для тату', 4643672),
(4625746, 'Расходные материалы для торгового оборудования', 4625256),
(4660601, 'Расходные материалы для фото и видео', 80259),
(4659196, 'Расходные материалы для цепных пил', 4629087),
(4650195, 'Расходные материалы для электро и бензоинструментов', 4650177),
(4312915, 'Расходные материалы для эффектов', 4312831),
(3510436, 'Расходный материал к инструменту и принадлежности', 2577232),
(4665613, 'Расчески', 4665523),
(4660524, 'Расчески', 4660517),
(4653936, 'Расширительные бачки для авто', 4653929),
(4649016, 'Рафия', 1723657),
(84018, 'Рации', 83916),
(4654531, 'Рации автомобильные', 280596),
(4644848, 'Реактивы и среды', 4644808),
(4629782, 'Ревизионные люки', 4629728),
(239397, 'Регистраторы для видеонаблюдения', 237067),
(4625262, 'Регистраторы расчетных операций (РРО)', 4625256),
(102281, 'Регуляторы и октопусы', 83033),
(4631446, 'Редукторы ГБО', 4631418),
(4659133, 'Редукторы и валы для мотокос', 4629094),
(4657656, 'Редукторы на мотоблок', 4629101),
(4659232, 'Режущие плоттеры', 80254),
(2798792, 'Режущий инструмент', 3423154),
(3854786, 'Резаки для бумаги', 80254),
(80119, 'Резервное копирование', 80067),
(4644504, 'Резервуары для хранения ГСМ', 4644456),
(4643920, 'Резинки', 4643720),
(4660531, 'Резинки для волос', 4660517),
(2560872, 'Резинки для денег', 2460412),
(4664071, 'Резинки для денег', 4664041),
(4660160, 'Резиновая плитка', 4645624),
(4630824, 'Резиновые кольца', 4630806),
(4648070, 'Резиновые пандусы', 4647966),
(4663657, 'Резиновые перчатки', 4663639),
(4662661, 'Резиновые перчатки', 4662643),
(4646656, 'Резиновые покрытия', 4645616),
(4648416, 'Резиновые пробки для бутылей', 4648296),
(4634193, 'Резиновые сапоги для девочек', 4634369),
(4633801, 'Резиновые сапоги для мальчиков', 4634009),
(4649730, 'Резисторы', 4649562),
(4649736, 'Резонаторы, генераторы', 4649562),
(4640672, 'Рейки монтажные', 4639496),
(4641704, 'Рейсмусовые станки', 4641696),
(4642736, 'Рекламное оборудование', 4625256),
(4643048, 'Рекламные и выставочные стенды', 4642984),
(4643400, 'Рекламные пиларсы и пилоны', 4643008),
(4643384, 'Рекламные стеллы', 4643008),
(4643392, 'Рекламные щиты (билборды)', 4643008),
(4642928, 'Рекламные экраны', 4642856),
(4642856, 'Рекламные экраны, панели, табло', 4642736),
(4660104, 'Рекордеры', 4627865),
(4649892, 'Реле', 4649550),
(753754, 'Религиозная тематика', 753714),
(4625307, 'Религия и эзотерика', 4326572),
(4611513, 'Ремешки для часов', 4633585),
(4631467, 'Ремкомплекты ГБО', 4631418),
(4656882, 'Ремкомплекты для гидронасосов', 4656870),
(4644080, 'Ремкомплекты цилиндра подъемников', 4644040),
(274444, 'Ремни для гитар', 4628551),
(4659140, 'Ремни для мотокос', 4629094),
(4630328, 'Ремни и пояса', 4630220),
(4630800, 'Ремонтные комплекты', 4630764),
(4658773, 'Ремувер для волос', 4658950),
(4658270, 'Ремувер для кутикулы', 2048602),
(4634137, 'Репелленты', 4633513),
(4648584, 'Рессоры', 4648572),
(4668331, 'Ресторан prynada', 4663255),
(4663255, 'Ресторан Prynada', 4663249),
(4663249, 'Рестораны', 4660651),
(4660651, 'Рестораны и продуктовые сети', 0),
(4669477, 'Ресторация К2', 4663249),
(4655763, 'Ретрансляторы Wi-Fi', 80111),
(157241, 'Рефлекторы и соты', 4625234),
(4648380, 'Рефрактометры', 4648290),
(4657098, 'Решета для очистки зерна', 4656630),
(4647814, 'Решетки на батареи', 4628411),
(4668559, 'Решётки на окна', 4657803),
(4662325, 'Риба та морепродукти', 4660675),
(4650411, 'Риббоны', 4625746),
(4671381, 'Рибний цех', 4671361),
(4671566, 'Рибні страви', 4671546),
(4654062, 'Рипстики', 189145),
(4666615, 'Рис', 4666597),
(4662919, 'Рис', 4662889),
(4667065, 'Рис для суши', 4667041),
(4632117, 'Рисование', 102912),
(4654188, 'Рихтовочное оборудование', 4643944),
(4630482, 'Робототехника', 88468),
(237815, 'Роботы-пылесосы', 435964),
(118428, 'Рогатки', 4658222),
(4633553, 'Родентициды', 4633513),
(4647102, 'Рододендрон', 4638559),
(4625571, 'Род-поды, подставки под удилища', 84703),
(4633201, 'Рождественские венки', 4633121),
(4668889, 'Рожковые ключи', 2798782),
(3803575, 'Розетки и выключатели', 3803561),
(4644560, 'Роклы', 4633065),
(4671101, 'Роли', 4670801),
(4670541, 'Роли', 4669585),
(4670566, 'Роли', 4670186),
(4670231, 'Роли', 4670161),
(4669975, 'Роли', 4669597),
(4669891, 'Роли', 4669591),
(4631742, 'Ролики', 4631637),
(4656978, 'Ролики дверные автомобильные', 4648644),
(4669285, 'Ролики для пресса', 132895),
(4652793, 'Роликовые пилки', 437989),
(4669909, 'Ролли макі в асортименті', 4669591),
(4660006, 'Рольставни', 4625841),
(4649142, 'Ром', 4594292),
(4661719, 'Ром', 4661659),
(4658881, 'Ростомеры медицинские', 4655883),
(4656270, 'Ротационные печи', 80121),
(4630932, 'Роторы насосов ГУР', 4630806),
(4669729, 'Рубанки ручные', 2798792),
(4636783, 'Рубашки для девочек', 4636839),
(4636391, 'Рубашки для мальчиков', 4636599),
(4656894, 'Рукава высокого давления', 4656870),
(4644496, 'Рукава для заправочных колонок', 4644456),
(4635503, 'Рукава пожарные', 4640384),
(4630764, 'Рулевое управление', 4642720),
(4631028, 'Рулевые карданные валы', 4630806),
(4630782, 'Рулевые колонки с EPS', 4630764),
(4630788, 'Рулевые редукторы', 4630764),
(4630770, 'Рулевые рейки', 4630764),
(4648626, 'Рулевые тяги', 4630764),
(4665451, 'Рулетки', 4665439),
(4659090, 'Рулонная гидроизоляция', 4659084),
(4645616, 'Рулонные напольные покрытия', 4641064),
(4658474, 'Румяна', 2236222),
(4633361, 'Руны', 80260),
(2560757, 'Ручки', 2460407),
(4664137, 'Ручки', 4664101),
(4652912, 'Ручки балконные', 4652828),
(4626148, 'Ручки дверные', 4625841),
(124816, 'Ручки для ванн', 124813),
(4643752, 'Ручки для микроблейдинга', 4643728),
(4652919, 'Ручки для окон', 4652828),
(4649886, 'Ручки для потенциометров', 4649550),
(4656494, 'Ручки КПП', 4656398),
(4656530, 'Ручки на руль автомобильные', 2769487),
(3423154, 'Ручной инструмент', 2577232),
(4665403, 'Ручной инструмент', 4665349),
(155018, 'Ручной садовый инструмент', 2394297),
(4664587, 'Ручной садовый инструмент', 4664533),
(4627199, 'Ручные соковыжималки', 4626604),
(4667221, 'Рыба', 4666441),
(4668349, 'Рыба', 4663255),
(4667449, 'Рыба', 4667395),
(4662865, 'Рыба', 4662703),
(84703, 'Рыбалка', 81202),
(4665091, 'Рыбалка', 4665001),
(4667167, 'Рыбные и мясные полуфабрикаты', 4667155),
(4628075, 'Рыбные консервы', 4627659),
(4662871, 'Рыбные консервы', 4662865),
(4667251, 'Рыбные консервы', 4667221),
(4667365, 'Рыбные консервы', 4663255),
(4667533, 'Рыбные салаты', 4667395),
(4645712, 'Рыбные снеки', 4627680),
(4666399, 'Рыбы, рептилии', 4666285),
(4648614, 'Рычаги подвески', 4648572),
(4642024, 'Рычажные ножницы', 4641696),
(4630377, 'Рюкзаки', 4633593),
(82445, 'Рюкзаки и гермомешки', 82411),
(4668079, 'Рюкзаки и ранцы', 4667719),
(4668067, 'Рюкзаки и ранцы', 4667719),
(4662139, 'Ряжанка', 4662079),
(4666561, 'Ряженка', 4666513),
(4645824, 'Ряженка', 4637511),
(4671626, 'Сабвуферы', 4671521),
(4668853, 'Сабельные пилы', 4660244),
(4634249, 'Сабо для девочек', 4634377),
(4633769, 'Сабо для мальчиков', 4634001),
(4662499, 'Сад, город і рослини', 4662379),
(3130405, 'Садовая мебель', 4670676),
(4664593, 'Садовая техника', 4664533),
(152459, 'Садовая техника', 2394297),
(96623, 'Садовые зонты и подставки', 80262),
(155489, 'Садовые измельчители', 152459),
(4670681, 'Садовые и пляжные зонты', 4670676),
(91291, 'Садовые качели', 4670676),
(2551592, 'Садовые ограждения', 4625304),
(91290, 'Садовые павильоны, тенты и беседки', 4670676),
(2110432, 'Садовые принадлежности', 4625304),
(4625415, 'Садовый декор', 2394297),
(4625304, 'Садовый инвентарь', 2394297),
(4641120, 'Садовый паркет', 4641072),
(4668061, 'Сад семена', 4667719),
(4638559, 'Саженцы', 4639184),
(4638879, 'Саженцы деревьев', 4638559),
(4638567, 'Саженцы роз', 4638559),
(4664557, 'Саженцы, семена, удобрения', 4664533),
(4633713, 'Саженцы хвойных растений', 4638879),
(4638927, 'Саженцы цветущих и лиственных кустарников', 4638559),
(4647270, 'Саженцы ягодных культур', 4638559),
(4654600, 'Сайдинг', 4639488),
(4639488, 'Сайдинг и фасадные панели', 4639424),
(4671031, 'Сайды', 4670796),
(4630980, 'Сайлентблоки', 4630806),
(4648602, 'Сайлентблоки подвески', 4648572),
(4671616, 'Салати', 4671546),
(4671056, 'Салати', 4670801),
(4670926, 'Салати', 4670786),
(4670986, 'Салати', 4670791),
(4670426, 'Салати', 4670181),
(4670216, 'Салати', 4670161),
(4669099, 'Салати', 4669051),
(4669159, 'Салати', 4669057),
(4669531, 'Салати', 4669477),
(4670571, 'Салати та закуски', 4670186),
(4669951, 'Салати та закуски', 4669597),
(4669879, 'Салати та холодні закуски', 4669591),
(4642320, 'Салаты', 4642248),
(4670276, 'Салаты', 4670166),
(4670346, 'Салаты', 4670176),
(4668361, 'Салаты', 4663255),
(4671011, 'Салаты и боулы', 4670796),
(4665607, 'Салфетки', 4665523),
(4663105, 'Салфетки', 4663087),
(4624990, 'Салфетки', 4394353),
(4581476, 'Салфетки для уборки', 4394353),
(4643280, 'Салфетницы', 4642992),
(4630818, 'Сальники', 4630806),
(4656696, 'Сальники для спецтехники', 4656684),
(4657632, 'Сальники на мотоблок', 4629101),
(87381, 'Самовары', 80077),
(4648314, 'Самогонные аппараты', 4648272),
(83883, 'Самокаты', 83882),
(2844942, 'Самоклеющиеся этикетки', 2460397),
(4648788, 'Самоклеящиеся пленки', 4625698),
(4668823, 'Саморезы', 4626514),
(4640472, 'Самосрабатывающие огнетушители, модули пожаротушения', 4635495),
(4634233, 'Сандалии для девочек', 4634377),
(4633753, 'Сандалии для мальчиков', 4634001),
(4634001, 'Сандалии, тапочки для мальчиков', 721669),
(118814, 'Санки и снегокаты', 116671),
(4665211, 'Сантехника', 4663267),
(80106, 'Сантехника и мебель для ванной', 4628418),
(4628418, 'Сантехника и ремонт', 0),
(4667587, 'Сапки, ручные культиваторы, сеялки', 4664587),
(4634177, 'Сапоги для девочек', 4634369),
(4633809, 'Сапоги для мальчиков', 4634009),
(4636903, 'Сарафаны для девочек', 4636831),
(4666645, 'Сахар', 4666597),
(4662901, 'Сахар', 4662889),
(4625039, 'Сахар', 4627764),
(4626850, 'Сахарницы', 4626614),
(4667311, 'Сахарозаменители', 4667275),
(4648374, 'Сахарометры', 4648290),
(4671051, 'Сашимі', 4670801),
(4670756, 'Сашимі', 4669585),
(4669867, 'Сашимі', 4669591),
(4655961, 'Свадебная одежда', 1162030),
(4655973, 'Свадебная фата', 4655961),
(4652548, 'Свадебное сито', 4652506),
(4671336, 'Свадебные монограммы', 4652506),
(4652555, 'Свадебные номера на машину', 4652506),
(4655979, 'Свадебные перчатки', 4655961),
(4655967, 'Свадебные платья', 4655961),
(4640184, 'Сваи', 4639440),
(152563, 'Сварочное оборудование', 161187),
(4670641, 'Сварочные аппараты', 152563),
(4653283, 'Сварочные аппараты для оптоволокна', 4653220),
(4670636, 'Сварочные маски и очки', 152563),
(4662745, 'Свежие овощи', 4662739),
(4666795, 'Свежие овощи', 4666789),
(4655048, 'Свежие овощи и фрукты', 4624997),
(3510506, 'Сверла', 3510436),
(4665373, 'Сверла, наборы сверл', 4665355),
(4641920, 'Сверлильные станки', 4641696),
(4633921, 'Светильники бильярдные', 4631840),
(4631956, 'Светильники для мебели', 4631693),
(4312894, 'Световое оборудование', 267255),
(4643408, 'Световые короба', 4643008),
(234721, 'Светодиодная лента', 230134),
(1767552, 'Светодиодные гирлянды', 368610),
(80103, 'Светофильтры, бленды и крышки для объективов', 80259),
(4664767, 'Свечи', 4664743),
(4636135, 'Свечи', 375695),
(4642656, 'Свечи зажигания', 4641384),
(4642664, 'Свечи накала', 4641384),
(4668949, 'Свечные ключи', 4654223),
(4656234, 'Свиноводство', 4655222),
(4637087, 'Свитера для девочек', 4637031),
(4636551, 'Свитера для мальчиков', 4636639),
(4637103, 'Свитшоты для девочек', 4668703),
(4636559, 'Свитшоты для мальчиков', 4668709),
(4645984, 'Сгущенка', 4632768),
(4662835, 'Сгущенка', 4662829),
(4666531, 'Сгущенка', 4666513),
(4659379, 'Седла', 4659372),
(163969, 'Сейфы', 163968),
(4656666, 'Секции высокого давления', 4656642),
(4667257, 'Селедка', 4667221),
(4625067, 'Селфи-палки', 80263),
(4655216, 'Сельское хозяйство', 4627851),
(4649985, 'Сельскохозяйственные корма', 4655222),
(4664575, 'Семена', 4664557),
(4639192, 'Семена', 4639184),
(4667083, 'Семена', 4667071),
(2117637, 'Семена арбуза', 2117537),
(2117612, 'Семена баклажанов', 2117537),
(2121117, 'Семена бобовых культур', 4639192),
(4655829, 'Семена брюквы', 2117537),
(2117557, 'Семена газонных трав', 4639192),
(4655529, 'Семена горчицы', 4639192),
(4655817, 'Семена двулетних цветов', 2117592),
(4655769, 'Семена деревьев и кустарников', 4639192),
(2117627, 'Семена дыни', 2117537),
(4655505, 'Семена зерновых культур', 4639192),
(2117632, 'Семена кабачков', 2117537),
(2117642, 'Семена капусты', 2117537),
(4638311, 'Семена картофеля', 2117537),
(4655535, 'Семена клевера', 4639192),
(4655805, 'Семена комнатных цветов', 2117592),
(2121137, 'Семена лука', 2117537),
(4655541, 'Семена люцерны', 4639192),
(4655499, 'Семена масличных культур', 4639192),
(4655823, 'Семена многолетних цветов', 2117592),
(2121152, 'Семена моркови', 2117537),
(2117537, 'Семена овощей', 4639192),
(2121122, 'Семена огурцов', 2117537),
(4655811, 'Семена однолетних цветов', 2117592),
(4655847, 'Семена патиссонов', 2117537),
(2121157, 'Семена перца', 2117537),
(2117607, 'Семена помидоров', 2117537),
(2121127, 'Семена пряных и зеленых трав', 4639192),
(2121142, 'Семена редиса', 2117537),
(4655853, 'Семена редьки', 2117537),
(4655835, 'Семена репы', 2117537),
(2121132, 'Семена салата', 2117537),
(2117617, 'Семена свеклы', 2117537),
(4655511, 'Семена сидератов и медоносов', 4639192),
(2117622, 'Семена тыквы', 2117537),
(4655517, 'Семена фацелии', 4639192),
(2117592, 'Семена цветов', 4639192),
(4655841, 'Семена чеснока', 2117537),
(4655523, 'Семена эспарцета', 4639192),
(2121167, 'Семена ягод', 4639192),
(4645736, 'Семечки', 4627680),
(4667005, 'Семечки', 4666969),
(4670281, 'Сендвичи', 4670166),
(4670196, 'Сендвічі', 4670161),
(4648704, 'Сенсорные боди-чулки', 4648692),
(4648716, 'Сенсорные гамаки', 4648692),
(4648734, 'Сенсорные игрушки', 4648692),
(4648698, 'Сенсорные одеяла', 4648692),
(4648728, 'Сенсорные подушки', 4648692),
(4630100, 'Серверное оборудование', 80253),
(111389, 'Серверное ПО', 80019),
(4653157, 'Серверные адаптеры', 4630100),
(4653087, 'Серверные лицевые панели', 4630100),
(4630136, 'Серверные стойки', 4630100),
(4630130, 'Серверные шкафы', 4630100),
(125754, 'Серверы', 4630100),
(4662511, 'Серветки', 4662379),
(753789, 'Сервизы и наборы', 753769),
(4626954, 'Сервизы премиального класса', 4626609),
(4664347, 'Сервировка праздничного стола', 4664329),
(4626609, 'Сервировка стола', 4626594),
(4644800, 'Сервировочные тележки', 4644792),
(4660034, 'Сервисное обслуживание техники', 4630262),
(4648884, 'Сервокабели', 4648866),
(4648866, 'Сервомоторы и сервоприводы', 161187),
(4648878, 'Сервоприводы', 4648866),
(4630866, 'Сервотроники рулевой рейки', 4630806),
(4629492, 'Серебряные аксессуары', 753584),
(753589, 'Серебряные браслеты', 753584),
(4629527, 'Серебряные булавки и заколки', 4629492),
(753669, 'Серебряные запонки', 753584),
(1711852, 'Серебряные ионизаторы', 753769),
(753619, 'Серебряные колье', 753584),
(753634, 'Серебряные кольца', 753584),
(753649, 'Серебряные кулоны', 753584),
(753674, 'Серебряные серьги', 753584),
(4627526, 'Серебряные слитки', 4627519),
(753584, 'Серебряные украшения', 723119),
(753799, 'Серебряные фляги', 753769),
(4629842, 'Серебряные цепи', 753584),
(4629686, 'Серебряные чокеры, шнурки на шею', 4629842),
(4626910, 'Серебряный пирсинг', 753584),
(4633137, 'Серпантин, конфетти, хлопушки', 80260),
(753679, 'Серьги', 723119),
(4657914, 'Серьги', 4630370),
(753689, 'Серьги-гвоздики', 753674),
(753694, 'Серьги-клипсы', 753674),
(753929, 'Серьги / Клипсы', 753879),
(753699, 'Серьги-кольца', 753674),
(753949, 'Серьги-кольца', 753929),
(724124, 'Серьги-Конго (кольца)', 724094),
(4626424, 'Серьги с английским/омега замком', 753929),
(753944, 'Серьги с подвесками', 753929),
(753684, 'Серьги с подвесками', 753674),
(4669069, 'Сет tasty food', 4669039),
(80111, 'Сетевое оборудование', 80253),
(80196, 'Сетевые адаптеры', 80111),
(3830685, 'Сетевые аудио проигрыватели', 2628092),
(4639248, 'Сетевые инверторы', 4639232),
(84863, 'Сетевые фильтры, адаптеры и удлинители', 80256),
(80199, 'Сетевые хранилища (NAS)', 80111),
(4669981, 'Сети', 4669597),
(4671091, 'Сети', 4670801),
(4670866, 'Сети', 4670786),
(4670586, 'Сети', 4670186),
(4670551, 'Сети', 4669585),
(4643464, 'Сетка для цветов', 4643432),
(4640856, 'Сетка Рабица', 4639480),
(4668313, 'Сетка сварная', 4668295),
(4640880, 'Сетка сварная для забора', 4639480),
(4649286, 'Сетки для бамперов', 4656398),
(81497, 'Сетки для настольного тенниса', 4654069),
(2121182, 'Сетки садовые', 4625304),
(4657014, 'Сеялки', 4656624),
(4638711, 'Сигаретные гильзы', 4638615),
(4638671, 'Сигаретный табак', 4638607),
(4638591, 'Сигареты', 4638583),
(4638647, 'Сигариллы', 4638599),
(4638639, 'Сигары', 4638599),
(4638599, 'Сигары и сигариллы', 4638583),
(235355, 'Сигнализация', 4628117),
(4655601, 'Сигнальная одежда', 4628751),
(4649832, 'Сигнальные индикаторы', 4649550),
(4649670, 'Сигнальные контроллеры', 4649580),
(4652086, 'Сиденье для мотоцикла', 4652068),
(80189, 'Сиденья', 124813),
(4649196, 'Сидр', 4649190),
(4643448, 'Сизаль', 4643432),
(4648890, 'Силиконовые смазки', 4627858),
(4655565, 'Силиконовый бюстгальтер_old', 2336782),
(4656588, 'Силовое оборудование', 4656582),
(4643704, 'Силовое оборудование для тату', 4643672),
(4656594, 'Силовые передачи', 4656582),
(3803610, 'Силовые разъемы', 3803561),
(160853, 'Силовые тренажеры', 4624900),
(4649604, 'Симисторы', 4649574),
(286764, 'Синтезаторы', 284865),
(235736, 'Сирены', 235355),
(4647078, 'Сирень', 4638559),
(4662103, 'Сири кисломолочні', 4662079),
(4626712, 'Сиропы и топпинги', 4633017),
(4662145, 'Сир плавлений', 4662079),
(4662097, 'Сир розсольний', 4662079),
(4662175, 'Сир твердий', 4662079),
(4633081, 'Система Joker', 4631984),
(4659119, 'Система зажигания мотокос', 4629094),
(4659182, 'Система зажигания цепной пилы', 4629087),
(4657590, 'Система запуска мотоблока', 4629101),
(4656972, 'Система отопления автомобиля', 4653922),
(4656816, 'Система охлаждения', 4656588),
(4657602, 'Система охлаждения мотоблока', 4629101),
(4653950, 'Система стеклоочистителя', 4642704),
(80118, 'Системные утилиты', 80019),
(4630500, 'Системы антиобледенения', 2394287),
(4638335, 'Системы безопасности умного дома', 230133),
(4658044, 'Системы вентиляции', 4628418),
(4631439, 'Системы впрыска газа', 4631418),
(4655398, 'Системы для вывода маток', 4655374),
(290824, 'Системы защиты от протечек и залива', 4638335),
(4657026, 'Системы контроля высева', 4656624),
(4650417, 'Системы контроля-управления доступом', 4628117),
(4638631, 'Системы нагревания табака', 4638583),
(196458, 'Системы обратного осмоса', 196455),
(80099, 'Системы охлаждения', 80026),
(4653922, 'Системы охлаждения и отопления', 4630454),
(4628117, 'Системы охраны и безопасности', 4627851),
(241121, 'Системы передачи видеосигнанала по радиоканалу', 237067),
(4628919, 'Системы переливания', 4628719),
(152462, 'Системы полива', 2394297),
(4663213, 'Системы прокладки кабеля', 3803561),
(156672, 'Системы умягчения и комплексной очистки', 4651378),
(4656606, 'Системы управления', 4656582),
(4646304, 'Системы управления судном', 89817),
(4631942, 'Системы хранения данных_old', 4630100),
(4663561, 'Сито, дуршлаги', 4663459),
(124819, 'Сифоны', 80106),
(4661953, 'Сік', 4661887),
(4661887, 'Сік, вода та напої', 4660675),
(4662241, 'Сіль та спеції', 4662187),
(4669261, 'Скакалки', 132895),
(4647862, 'Скамейки', 4647854),
(80028, 'Сканеры', 80254),
(4625274, 'Сканеры штрих-кодов', 4625256),
(169828, 'Скатерти и салфетки', 169823),
(4663411, 'Скатерти, салфетки', 4663405),
(4654055, 'Скейтборды', 189145),
(189145, 'Скейтборды для детей', 100826),
(4137081, 'Скетчбуки', 4034476),
(4670053, 'Скинали', 4640904),
(82672, 'Складная мебель', 82411),
(4641768, 'Складские стеллажи', 4640752),
(4633073, 'Складские тележки', 4633065),
(4640752, 'Складское оборудование', 4627851),
(4645192, 'Склянки', 4644872),
(4665427, 'Скобозабиватели, заклепочники', 4665403),
(4641048, 'Скобы', 4640984),
(3510471, 'Скобы и термоклей', 3510436),
(4626754, 'Сковороды', 4626599),
(4663495, 'Сковороды, сотейники', 4663459),
(4655230, 'Скотоводство', 4655222),
(4657794, 'Скраб для кожи головы', 2048497),
(4665733, 'Скраб для лица', 4665727),
(4657304, 'Скраб для лица', 2048732),
(4657508, 'Скраб для тела', 2048742),
(4632201, 'Скрапбукинг и кардмейкинг', 102912),
(4650820, 'Скребки для ванной', 4630027),
(4667863, 'Скребки для посуды', 4667719),
(3159805, 'Скрепки', 2460412),
(4664089, 'Скрепки, биндеры,кнопки', 4664041),
(4670731, 'Скрипки', 306949),
(1327977, 'Скрытые части смесителей', 124813),
(4647070, 'Скумпия', 4638559),
(4628313, 'Слабоалкогольные напитки', 4649190),
(4666477, 'Сладкая вода', 4666447),
(4662787, 'Сладкая вода', 4662757),
(4652092, 'Слайдеры (крашпеды)', 4652068),
(4646934, 'Слива', 4638879),
(4637495, 'Сливки', 4632768),
(4667665, 'Сливки', 4662829),
(4666573, 'Сливки', 4666513),
(4645960, 'Сливочное масло', 4645952),
(212775, 'Слинги, рюкзаки, переноски', 4265798),
(4634289, 'Слипоны для девочек', 4634385),
(4633841, 'Слипоны для мальчиков', 4634017),
(4668187, 'Слипы и кигуруми для девочек', 4636719),
(4668229, 'Слипы и кигуруми для мальчиков', 4636591),
(4326635, 'Словари и энциклопедии', 4326572),
(4664485, 'Словари, справочники, энциклопедии, разговорники', 4664479),
(3303825, 'Слуховые аппараты', 435969),
(4660384, 'Слэбы из древесины', 4660356),
(4644392, 'Слюноотсосы', 4644384),
(2095652, 'Слюнявчики и нагрудники', 3933312),
(4663885, 'Слюнявчики, нагрудники', 4663879),
(4663969, 'Смазки', 4663957),
(4659561, 'Смазки автомобильные', 2659527),
(4644648, 'Смазки для подшипников', 4644624),
(4671646, 'Смарт-кольца', 4660587),
(4627949, 'Смартфоны, ТВ и электроника', 0),
(651392, 'Смарт-часы', 4660587),
(4671641, 'Смена СИМ-карты', 4650580),
(4641952, 'Сменные пилы', 4641688),
(156670, 'Сменные элементы для фильтров кувшинов', 149287),
(4662949, 'Смеси для выпечки', 4662889),
(4666681, 'Смеси для выпечки', 4666597),
(4667143, 'Смеси для детей', 4667119),
(4640048, 'Смеси для кладки и растворы', 4639528);
INSERT INTO `oc_category_rozetka` (`category_id`, `name`, `parent_id`) VALUES
(4665337, 'Смеси для отделки', 4665259),
(80706, 'Смесители', 80106),
(4665253, 'Смесители', 4665247),
(4631488, 'Смесители ГБО', 4631418),
(4665247, 'Смесители, душ', 4665211),
(4662151, 'Сметана', 4662079),
(4666543, 'Сметана', 4666513),
(4667473, 'Сметана', 4667395),
(4645936, 'Сметана', 4632768),
(4647286, 'Смородина', 4638559),
(306949, 'Смычковые инструменты', 267255),
(400989, 'Снегоступы', 116671),
(182187, 'Снегоуборочная техника', 4634049),
(4634049, 'Снегоуборочная техника и инвентарь', 2394297),
(4647062, 'Снежноягодник', 4638559),
(4666969, 'Снеки', 4666441),
(4662817, 'Снеки', 4662703),
(4627680, 'Снеки', 4624997),
(4661725, 'Снеки та солодощі', 4660675),
(4669543, 'Сніданки', 4669477),
(4670556, 'Сніданки', 4670186),
(394764, 'Сноуборды', 116671),
(4671741, 'СНПЧ и ПЗК', 81224),
(4666333, 'Собаки', 4666285),
(4663159, 'Собаки', 4663135),
(2336817, 'Соблазнительное белье', 2336782),
(4668121, 'Совки', 4667719),
(4653479, 'Совки для уборки', 4629256),
(4662985, 'Соевый соус', 4662973),
(4666729, 'Соевый соус', 4666705),
(4667047, 'Соевый соус для суши', 4667041),
(4628961, 'Соединители для профилей', 4625596),
(4652345, 'Соединительные элементы', 4652247),
(4650045, 'Соединительные элементы для доильных аппаратов', 4650027),
(4645200, 'Соединительные элементы для лаборатории', 4644872),
(4667509, 'Сок', 4667395),
(4662061, 'Соки', 4662037),
(4639928, 'Соки и нектары', 4633001),
(4626796, 'Соковарки', 4626599),
(80153, 'Соковыжималки', 435974),
(4668019, 'Соковыжималки', 4667719),
(4639960, 'Сокосодержащий напиток', 4625018),
(4666801, 'Соления', 4666789),
(4666987, 'Соленый арахис', 4666969),
(4665667, 'Соли и пена для ванной', 4665661),
(4662229, 'Соління і оливки', 4662187),
(4629926, 'Солнечные коллекторы и гелиосистемы', 4629914),
(4629920, 'Солнечные панели', 4629914),
(4629992, 'Солнцезащитные очки', 4630220),
(2048517, 'Солнцезащитные средства', 2324702),
(4663921, 'Солнцезащитные средства', 4663915),
(4648470, 'Солод', 4629513),
(4671106, 'Солодкі роли', 4670801),
(4661773, 'Солодощі', 4661725),
(4662937, 'Соль', 4662889),
(4666687, 'Соль', 4666597),
(4649298, 'Соль', 4627764),
(4657550, 'Соль для ванны', 2048742),
(4667503, 'Солянка', 4667395),
(4653605, 'Солярная пленка для бассейна', 4653619),
(4639608, 'Сортовой металлопрокат', 4639472),
(4666783, 'Сосиски и сардельки', 4666747),
(4661821, 'Сосиски, сарделі', 4661791),
(266309, 'Соски', 3933312),
(4663891, 'Соски, пустышки', 4663879),
(4647214, 'Сосны', 4638879),
(4670266, 'Соуси', 4670161),
(4670881, 'Соуси', 4670786),
(4670301, 'Соусы', 4670171),
(4667425, 'Соусы', 4667395),
(4628019, 'Соусы', 4633009),
(4662979, 'Соусы и заправки', 4662973),
(4666741, 'Соусы и заправки', 4666705),
(4633009, 'Соусы и растительное масло', 4627659),
(4666705, 'Соусы и специи', 4666441),
(4662973, 'Соусы и специи', 4662703),
(290825, 'Сошки и упоры для стрельбы', 4658582),
(4646640, 'Спальники для малышей', 1230990),
(4649226, 'Спальные гарнитуры', 4649292),
(4116431, 'Спальные места и переноски', 3520929),
(82531, 'Спальные мешки', 82411),
(4646200, 'Спасательное оборудование', 89817),
(4646208, 'Спасательные жилеты', 4646200),
(196466, 'Специализированная химия', 80025),
(4641800, 'Специализированные стеллажи', 4641768),
(4648494, 'Специальные ткани', 4648476),
(4627764, 'Специи', 4627659),
(4666735, 'Специи', 4666705),
(4662997, 'Специи', 4662973),
(4645648, 'Специи и приправы', 4627764),
(4628758, 'Спецобувь', 2577232),
(4656582, 'Спецтехника', 4627858),
(4669249, 'Спецтехника на радиоуправлении', 81499),
(4630536, 'Спиннеры', 4265805),
(4656174, 'Спирали внутриматочные и пессарии', 4628719),
(4647054, 'Спирея', 4638559),
(4648446, 'Спиртовые дрожжи', 4629513),
(4648368, 'Спиртометры', 4648290),
(4641056, 'Спицы', 4640984),
(4652583, 'Спицы для вязания', 4652667),
(4653297, 'Сплайс-кассеты', 4653220),
(4645848, 'Спойлера', 4656398),
(4659719, 'Спонж', 2048527),
(4669351, 'Спортивная магнезия', 132895),
(2371617, 'Спортивное белье', 2336782),
(4665085, 'Спортивное питание', 4665001),
(4624907, 'Спортивные аксессуары', 81203),
(4653745, 'Спортивные бутылки и фляги', 273298),
(753749, 'Спортивные игры', 80260),
(4669339, 'Спортивные канаты', 132895),
(4637047, 'Спортивные костюмы для девочек', 4637023),
(4636511, 'Спортивные костюмы для мальчиков', 4636631),
(4669321, 'Спортивные маты', 132895),
(4669309, 'Спортивные наборы', 132895),
(4639912, 'Спортивные напитки', 4625018),
(144743, 'Спортивные обручи', 132895),
(4669279, 'Спортивные обручи_old', 80262),
(97988, 'Спортивные очки', 4624907),
(4647926, 'Спортивные площадки', 4647854),
(296551, 'Спортивные сумки и чехлы', 4624907),
(81203, 'Спортивные товары', 4627893),
(250809, 'Спортивные часы', 81203),
(4637039, 'Спортивные штаны для девочек', 4636951),
(4636503, 'Спортивные штаны для мальчиков', 4636615),
(4641112, 'Спортивный паркет', 4641072),
(4667755, 'Спорт и отдых', 4667719),
(4627893, 'Спорт и увлечения', 0),
(4660153, 'Справочно-правовые системы', 80019),
(4645976, 'Спред', 4645952),
(4643928, 'Спрей-батлы', 4643720),
(4657788, 'Спрей для волос', 2048497),
(4657520, 'Спрей для тела', 2048742),
(4629800, 'Средства герметизации', 4629728),
(3512690, 'Средства для бритья', 4629305),
(4629312, 'Средства для выгребных ям и септиков', 4650405),
(4665697, 'Средства для гигиены полости рта', 4665475),
(4663069, 'Средства для гигиены полости рта', 4663039),
(4659680, 'Средства для двигателя', 279061),
(4653689, 'Средства для дезинфекции инструментов', 4626569),
(4628523, 'Средства для депиляции', 4628474),
(4665493, 'Средства для загара, автозагара', 4665481),
(4657203, 'Средства для интимной гигиены', 4625250),
(4665679, 'Средства для интимной гигиены', 4665661),
(4659673, 'Средства для колес', 279061),
(4659666, 'Средства для кузова', 279061),
(4650351, 'Средства для кухни', 4625077),
(290826, 'Средства для маскировки', 4658540),
(4632075, 'Средства для мытья окон', 4625077),
(4632096, 'Средства для мытья полов', 4625077),
(4625091, 'Средства для мытья посуды', 4429255),
(4668001, 'Средства для ног', 4667719),
(4658180, 'Средства для отбеливания зубов', 2099087),
(4632033, 'Средства для посудомоечных машин', 4625091),
(4659652, 'Средства для салона', 279061),
(4659645, 'Средства для стекол', 279061),
(4625084, 'Средства для стирки', 4429255),
(4625077, 'Средства для уборки', 4429255),
(4665745, 'Средства для умывания', 4665727),
(4644312, 'Средства для ухода за мебелью', 4625077),
(4646000, 'Средства для чистки ванн', 4625077),
(4646008, 'Средства для чистки каминов', 4625077),
(4632089, 'Средства для чистки ковров и мягкой мебели', 4625077),
(4644320, 'Средства для чистки стен', 4625077),
(4665685, 'Средства для эпиляции и депиляции', 4665661),
(4646576, 'Средства защиты от грызунов', 2394297),
(1086704, 'Средства защиты от насекомых', 4650405),
(2798842, 'Средства индивидуальной защиты', 3510436),
(100826, 'Средства передвижения', 3933347),
(4625060, 'Средства по уходу за аквариумом', 3429643),
(4625098, 'Средства по уходу за бытовой техникой', 4625077),
(275827, 'Средства по уходу за гитарами', 4628551),
(4628821, 'Средства по уходу за линзами', 4628989),
(1136315, 'Средства по уходу за обувью', 458425),
(232621, 'Средства по уходу за оружием', 84625),
(4657322, 'Средство для роста ресниц', 2048732),
(4657274, 'Средство для умывания', 2048732),
(4663759, 'Средство от растяжек', 4663747),
(4649688, 'Стабилизаторы источников питания', 4649580),
(4649424, 'Стабилизаторы напряжения', 3803561),
(4650171, 'Стабилизированный мох', 4659078),
(4649706, 'Стабилитроны', 4649586),
(4665637, 'Стайлинг', 4665625),
(4645208, 'Стаканчики для взвешивания', 4644872),
(4627017, 'Стаканы', 4626609),
(4648830, 'Стаканы для ванной', 4630027),
(4668007, 'Стаканы и держатели', 4667719),
(4669027, 'Стаканы-непроливайки', 4034476),
(4669705, 'Стамески', 2798792),
(4641696, 'Станки', 4641688),
(4663177, 'Станки для вышивания', 4643632),
(4658647, 'Станок для бритья', 3512690),
(4665775, 'Станок для бритья, сменная кассета', 4665769),
(4660510, 'Станок для педикюра', 4660440),
(4641688, 'Станочное оборудование', 161187),
(4656102, 'Станция бармена', 4656054),
(4656840, 'Стартеры для спецтехники', 4656834),
(4638831, 'Стартовые наборы систем нагревания табака', 4638631),
(4626509, 'Стартовые пакеты', 4626529),
(415074, 'Стартовые пистолеты', 84625),
(4654139, 'Стартовые провода', 1735862),
(4659880, 'Стартовый набор для маникюра', 2048602),
(4627409, 'Статуэтки', 375695),
(4664761, 'Статуэтки, магниты', 4664743),
(4641248, 'Стационарные фены', 4628502),
(4658068, 'Стедикамы', 80259),
(4667461, 'Стейки', 4667395),
(4650105, 'Стеклоблоки для фасада', 4650081),
(4625053, 'Стеклоочистители', 278246),
(4668301, 'Стеклосетка', 4668295),
(4657872, 'Стеклотканевые обои', 4625698),
(4668307, 'Стеклохолст', 4668295),
(4644872, 'Стеклянная лабораторная посуда', 4644816),
(4645424, 'Стеклянные вискозиметры', 4644968),
(4645112, 'Стеклянные лабораторные воронки', 4644872),
(4645216, 'Стеклянные лабораторные стаканы', 4644872),
(4645224, 'Стеклянные лабораторные ступки', 4644872),
(4645144, 'Стеклянные мерные колбы', 4644872),
(4641808, 'Стеллажи автоматизированные', 4641768),
(4648182, 'Стеллажи для лотков', 4641768),
(163984, 'Стеллажи из нержавейки', 4656054),
(4629178, 'Стеллажи и консоли', 152458),
(4666225, 'Стельки, шнурки', 4666189),
(4641648, 'Стенды для детского сада_old', 4641624),
(4644024, 'Стенды для чистки форсунок', 4643944),
(4641624, 'Стенды для школы', 4625734),
(4641664, 'Стенды по гражданской обороне_old', 4641624),
(4641672, 'Стенды по охране труда_old', 4641624),
(4644000, 'Стенды развал схождения', 4654209),
(4659957, 'Стенки в гостиную', 4648752),
(4641192, 'Стеновая мозаика', 4641072),
(2560847, 'Степлеры', 2460412),
(2798807, 'Степлеры строительные', 3423154),
(4625499, 'Степперы', 4624900),
(4669315, 'Степ платформы', 132895),
(350560, 'Стереоусилители', 297931),
(2560767, 'Стержни, грифели, чернила', 2460407),
(4664131, 'Стержни, грифели, чернила', 4664101),
(4628572, 'Стерилизаторы', 4628425),
(4630405, 'Стерилизаторы и подогреватели', 3933312),
(4650153, 'Стерилизация инструментов', 4628719),
(4644432, 'Стерильные салфетки', 4644384),
(148157, 'Стилусы и аксессуары', 80263),
(723999, 'Стильные колье', 723984),
(4634105, 'Стимуляторы роста растений', 2117562),
(4653731, 'Стимуляторы тестостерона', 273292),
(80124, 'Стиральные машины', 80080),
(4632103, 'Стиральные средства', 4625084),
(4662679, 'Стирка', 4662595),
(4663285, 'Стирка', 4663279),
(4629606, 'Стойки', 295852),
(4643176, 'Стойки', 4642984),
(4643272, 'Стойки для меню', 4642992),
(4629171, 'Стойки для одежды', 152458),
(275788, 'Стойки и держатели', 4628551),
(4648110, 'Стойки ограждения', 4647974),
(4648620, 'Стойки стабилизаторов', 4648572),
(4658893, 'Стойки эндоскопические', 4655883),
(4640864, 'Столбы заборные', 4639480),
(753794, 'Столовая посуда', 753769),
(4663621, 'Столовые приборы', 4663459),
(4626989, 'Столовые приборы', 4626609),
(753804, 'Столовые приборы', 753769),
(4626933, 'Столовые сервизы', 4626609),
(4671541, 'Столы', 152458),
(4645576, 'Столы для творчества', 102573),
(81205, 'Столы и сетки для настольного тенниса', 4654069),
(4655988, 'Столы лабораторные', 4655982),
(4655901, 'Столы медицинские', 4655883),
(4656072, 'Столы производственные', 4656054),
(3510499, 'Столы, стойки, насадки', 3510436),
(4664875, 'Столы, стулья, табуретки', 4664737),
(4656180, 'Стоматологические материалы', 4628719),
(4644384, 'Стоматология', 4628905),
(4664023, 'Стоматология', 4664017),
(4626982, 'Стопки и рюмки', 4626609),
(4643304, 'Стоппер', 4643000),
(4654679, 'Стоппер для двери', 375695),
(4652282, 'Стопперы', 4652247),
(4646256, 'Стояночные огни', 4646232),
(4670981, 'Страви, зроблені власноруч', 4670791),
(4670416, 'Страви на компанію', 4670181),
(4652387, 'Стразы', 4652373),
(4646678, 'Страховочные жилеты', 4646200),
(4658420, 'Стрелы', 4658390),
(4653150, 'Стримеры', 4630100),
(4660216, 'Стрипперы', 4660188),
(4626429, 'Строительная краска', 4643520),
(4629382, 'Строительная химия', 4639424),
(4655445, 'Строительное оборудование', 161187),
(4625650, 'Строительные блоки и кирпич', 4625584),
(4640680, 'Строительные доски', 4639496),
(4659943, 'Строительные люльки', 4655445),
(4639424, 'Строительные материалы', 4628418),
(4640216, 'Строительные растворы', 4629382),
(4668295, 'Строительные сетки и стеклохолст', 4639424),
(153965, 'Строительные фены', 4660244),
(4626444, 'Строительный воск', 4639600),
(4626514, 'Строительный крепеж', 4639424),
(4665259, 'Строительство, Ремонт', 4663267),
(4642112, 'Стропы', 4642080),
(2798802, 'Струбцины', 3423154),
(4641856, 'Стружкоотсосы', 4641696),
(272111, 'Струны для гитар', 297207),
(4625234, 'Студийное оборудование', 4628124),
(156839, 'Студийные вспышки, осветители и аксессуары', 4625234),
(297933, 'Студийные мониторы', 80100),
(100077, 'Стульчики для кормления', 3933312),
(4658857, 'Стулья', 152458),
(154084, 'Стулья для кухни', 4658857),
(4628432, 'Стулья мастера', 4628425),
(4659016, 'Ступени', 4625710),
(4640224, 'Ступени бетонные и железобетонные', 4640136),
(4630920, 'Ступицы насосов ГУР', 4630806),
(4627234, 'Ступки', 4626604),
(4669711, 'Стусло', 2798792),
(4631721, 'Стяжки', 4631623),
(4668979, 'Стяжки для ножей', 4668967),
(4654160, 'Стяжные тросы', 1735862),
(4642208, 'Сублимированные продукты', 4624997),
(4634409, 'Субстраты и грунты для растений', 2394297),
(4654034, 'Сувенирные монеты', 753814),
(4627311, 'Сувениры', 80260),
(753714, 'Сувениры и подарки', 723119),
(1084784, 'Сувениры и подарки для охотников и рыболовов', 84703),
(4662433, 'Сувеніри', 4662379),
(4646312, 'Судовые редукторы', 4646304),
(4638863, 'Суккуленты', 4638935),
(4659303, 'Сумеречные датчики', 4659289),
(1321132, 'Сумки', 4633593),
(4666087, 'Сумки, аксессуары', 4666003),
(4647374, 'Сумки для кальянов', 4635983),
(4628187, 'Сумки для обуви', 2460422),
(4653045, 'Сумки для трубок', 753404),
(4659217, 'Сумки для цепных пил', 4629087),
(4068649, 'Сумки для школы', 2460422),
(753574, 'Сумки женские', 753534),
(4630220, 'Сумки и аксессуары', 1162030),
(2101392, 'Сумки и подсумки', 83916),
(4633593, 'Сумки и рюкзаки', 4630220),
(80041, 'Сумки и чехлы фото/видео', 80259),
(753579, 'Сумки мужские', 753534),
(80036, 'Сумки, рюкзаки и чехлы для ноутбуков', 80256),
(4653192, 'Сумки хозяйственные', 4394353),
(4666123, 'Сумки, чемоданы, портфели', 4666087),
(4667491, 'Суп', 4667395),
(4667719, 'Супермаркеты Ашан', 4660663),
(4661545, 'Супермаркеты Велмарт', 4660663),
(4663267, 'Супермаркеты МегаМаркет', 4660663),
(4629655, 'Суперфуды', 4624997),
(753704, 'Суперцена -40/50%', 753584),
(4670576, 'Супи', 4670186),
(4670996, 'Супи', 4670791),
(4669081, 'Супи', 4669051),
(4669897, 'Супи', 4669591),
(4670921, 'Супи', 4670786),
(4671076, 'Супи', 4670801),
(4670256, 'Супи', 4670161),
(4669957, 'Супи', 4669597),
(4669519, 'Супи', 4669477),
(4669807, 'Супи', 4669579),
(4670391, 'Супы', 4670176),
(4648332, 'Сургуч', 4648278),
(4655266, 'Сургуч', 2460402),
(4667011, 'Сухарики', 4666969),
(4666957, 'Сухарики', 4666891),
(4645688, 'Сухарики', 4627680),
(4626916, 'Сухие завтраки', 4627659),
(4643256, 'Сухие закваски', 4632768),
(4639528, 'Сухие строительные смеси', 4639600),
(4657716, 'Сухой шампунь', 2048497),
(4661851, 'Сухофрукти', 4661833),
(4628537, 'Сухофрукты', 4627680),
(4667113, 'Сухофрукты', 4667071),
(4645656, 'Сухофрукты и орехи', 4627659),
(4666975, 'Сушеная рыба', 4666969),
(4666981, 'Сушеные кальмары', 4666969),
(4649322, 'Сушеные овощи', 4627764),
(4663321, 'Сушилки для белья', 4663285),
(4655150, 'Сушилки для зелени', 4626604),
(4626183, 'Сушилки для обуви', 435964),
(80697, 'Сушилки для овощей и фруктов', 435974),
(4631791, 'Сушилки для посуды', 4631679),
(238747, 'Сушилки для рук', 4630027),
(80222, 'Сушильные автоматы', 80080),
(4670561, 'Суші', 4670186),
(4669945, 'Суші', 4669597),
(4671086, 'Суші', 4670801),
(4669927, 'Суші гункан', 4669591),
(4670896, 'Суші гункани', 4670786),
(4669903, 'Суші нігірі', 4669591),
(4669921, 'Суші спайсі', 4669591),
(185696, 'Сушки для одежды', 3647328),
(4627206, 'Сушки и органайзеры для посуды', 4626604),
(4660279, 'Схемы для вышивки бисером', 4643632),
(4659105, 'Сцепление мотокос', 4629094),
(4657626, 'Сцепление на мотоблок', 4629101),
(4659189, 'Сцепления для цепных пил', 4629087),
(754404, 'Счетчики банкнот и детекторы валют', 754399),
(3488218, 'Счётчики воды', 3487833),
(3846575, 'Счётчики газа', 3487833),
(4650501, 'Счетчики посетителей', 4650417),
(3846589, 'Счётчики тепла', 3487833),
(4644512, 'Счетчики топлива', 4644456),
(3846596, 'Счётчики электроэнергии', 3487833),
(4650471, 'Считыватели карт доступа', 4650417),
(4625349, 'Считыватели магнитных полос', 4625280),
(4668955, 'Съемники', 4654223),
(4644640, 'Съемники', 4644624),
(4657770, 'Сыворотка для волос', 2048497),
(4657286, 'Сыворотка для лица', 2048732),
(4639448, 'Сыпучие строительные материалы', 4639424),
(4666591, 'Сыр', 4666513),
(4646024, 'Сырные закуски', 4627680),
(4647550, 'Сыровяленая колбаса', 4643416),
(4647558, 'Сырокопченая колбаса', 4646512),
(4645472, 'Сыры', 4632768),
(4657450, 'Сэмплы для 1С', 4654996),
(4663861, 'Сюжетно-ролевые наборы', 4663825),
(4639320, 'Сюжетные иконы', 4639272),
(4638607, 'Табак', 4638583),
(4638847, 'Табак для систем нагревания табака', 4638631),
(4638583, 'Табачные изделия', 4626923),
(4667023, 'Табачные изделия', 4666441),
(4638687, 'Табачный лист', 4638607),
(4653773, 'Таблетницы', 273298),
(4648150, 'Таблички', 4648134),
(4628173, 'Таблички и наклейки', 3520929),
(4658863, 'Табуреты', 4658857),
(4653444, 'Тазы', 3647328),
(4670171, 'Такі Пироги', 4663249),
(4648046, 'Тактильная плитка', 4647958),
(4658576, 'Тактическая медицина', 4658540),
(272132, 'Тактические очки', 4658540),
(285977, 'Тактические ручки', 4658540),
(4658540, 'Тактическое снаряжение', 84625),
(4657215, 'Тампоны', 4625250),
(81503, 'Танки', 81499),
(4634401, 'Танцевальная обувь для девочек', 721664),
(4634353, 'Танцевальная обувь для мальчиков', 721669),
(4663609, 'Тарелки', 4663459),
(4647430, 'Тарелки для кальяна', 4635983),
(4629620, 'Тарелки для ударных', 295852),
(4627031, 'Тарелки и салатники', 4626609),
(4630310, 'Тарелки и чашки', 4630280),
(4666915, 'Тарталетки', 4666891),
(753954, 'Тату Swarovski', 753879),
(4648198, 'Тату антисептики', 4643712),
(4643856, 'Тату иглы', 4643712),
(4643792, 'Тату машинки', 4643696),
(4643680, 'Тату наборы', 4643672),
(4643872, 'Тату наконечники', 4643712),
(157096, 'Тачки', 4625304),
(4650676, 'Тачскрины для планшетов', 4650658),
(4647806, 'Тачскрины для телефонов', 4650580),
(80258, 'ТВ, Аудио/Видео, Фото', 4627949),
(4645928, 'Творог', 4637519),
(4666567, 'Творог', 4666513),
(4666525, 'Творожные десерты', 4666513),
(102912, 'Творчество', 100784),
(4659046, 'Творчество', 80260),
(4632152, 'Творчество в 3D', 102912),
(165692, 'ТВ тюнеры', 80015),
(4649148, 'Текила и мескаль', 4594292),
(4661701, 'Текіла', 4661659),
(4630304, 'Текстиль', 4630280),
(4667953, 'Текстиль для дома', 4667719),
(4636087, 'Текстиль для крещения', 4636167),
(4657860, 'Текстильные обои', 4625698),
(4642880, 'Текстиль под нанесение', 4642864),
(4644632, 'Тела качения', 4644624),
(80037, 'Телевизоры', 80258),
(4633065, 'Тележки', 4640752),
(4646424, 'Тележки для лодок', 4646408),
(4633057, 'Тележки для супермаркетов', 4642984),
(4648190, 'Тележки для ящиков', 4633065),
(4656108, 'Тележки из нержавейки', 4656054),
(89847, 'Телескопы', 203883),
(80029, 'Телефонные аппараты', 80254),
(4668049, 'Телефоны и аксессуары', 4667719),
(80257, 'Телефоны, наушники, GPS', 4627949),
(4669855, 'Темпура', 4669591),
(4665967, 'Тени', 4665907),
(4658492, 'Тени для век', 2236222),
(4646568, 'Тенты на лодки', 4646440),
(2121177, 'Теплицы', 4625304),
(80250, 'Тепловентиляторы', 80192),
(4658432, 'Тепловизоры', 4658426),
(4644672, 'Тепловое оборудование для кухни', 4644752),
(4641224, 'Тепловые витрины', 80121),
(4631365, 'Тепловые завесы', 80192),
(4632993, 'Тепловые насосы', 161187),
(4635041, 'Тепловые насосы воздух-вода', 4632993),
(4635049, 'Тепловые насосы для бассейнов', 4632993),
(4656228, 'Тепловые пушки', 80192),
(4631949, 'Теплоизоляция', 4639424),
(4635703, 'Теплоизоляция автомобиля', 4635719),
(4649352, 'Теплоизоляция ППУ', 4631949),
(4649184, 'Теплые жилеты для девочек', 4636711),
(4649250, 'Теплые жилеты для мальчиков', 4636583),
(4648662, 'Теплые комбинезоны для девочек', 4636711),
(4646088, 'Теплые комбинезоны для малышей', 1230990),
(4648674, 'Теплые комбинезоны для мальчиков', 4636583),
(4648668, 'Теплые полукомбинезоны для девочек', 4636711),
(4648680, 'Теплые полукомбинезоны для мальчиков', 4636583),
(4646632, 'Теплые человечки', 4636151),
(4656282, 'Теплый плинтус', 80192),
(200643, 'Теплый пол', 2394287),
(4627150, 'Терки, овощерезки', 4626604),
(4663471, 'Терки, шинковки, измельчители', 4663459),
(4625286, 'Терминалы сбора данных', 4625256),
(4649778, 'Термисторы (терморезисторы)', 4649562),
(100209, 'Термобелье', 2033137),
(4649484, 'Термовоздушные паяльные станции', 4649472),
(4664005, 'Термометры', 4663999),
(4664983, 'Термометры, гигрометры, барометры', 4664977),
(4627816, 'Термометры для тела', 435969),
(242289, 'Термометры и гигрометры', 80079),
(4627220, 'Термометры и щупы', 4626604),
(4671776, 'Термопленка', 81224),
(4649070, 'Термопрессы для сублимации', 4630274),
(82682, 'Термопродукция', 82411),
(4665031, 'Термосумка', 4665019),
(4627638, 'Термосы и бутылки', 4626614),
(4663543, 'Термосы, фляги', 4663459),
(4650369, 'Термотрансферная этикетка', 4625746),
(4648338, 'Термоусадочные колпачки', 4648278),
(4650375, 'Термоэтикетка', 4625746),
(4650135, 'Терракотовые фасадные панели', 4650081),
(4625529, 'Террариумы и фаунариумы', 3520929),
(4641160, 'Террасная доска', 4641072),
(4658899, 'Тестеры для воды, воздуха, почвы', 152460),
(4644008, 'Тестеры и измерители автомобильные', 4630542),
(4667191, 'Тесто', 4667155),
(4653143, 'Тестовые шнуры', 4653682),
(4644760, 'Тестомесы', 4644728),
(4644744, 'Тестораскатки', 4644728),
(4644960, 'Тест-полоски', 4644840),
(4628863, 'Тесты', 4628719),
(4664227, 'Тетради, блокноты, дневники', 4664203),
(2986072, 'Тетради ученические', 2460422),
(4630830, 'Тефлоновые кольца', 4630806),
(4664989, 'Техника для дома', 4664887),
(4664893, 'Техника для красоты и ухода', 4664887),
(4667995, 'Техника для кухни', 4667719),
(435974, 'Техника для кухни', 80077),
(4664935, 'Техника для кухни', 4664887),
(234541, 'Техника защиты информации', 2394287),
(4657704, 'Технические окна', 4625614),
(173974, 'Технические светильники', 230134),
(4628327, 'Техно-арт', 4627388),
(1735862, 'Техпомощь', 273290),
(4645312, 'Тигли', 4644880),
(4658528, 'Тинт для губ', 2236222),
(4649598, 'Тиристоры', 4649574),
(4647254, 'Тис', 4638879),
(4642064, 'Тиски', 3423154),
(4649052, 'Тихое вино', 4594285),
(4652422, 'Тканевые нашивки', 4652373),
(4648476, 'Ткани', 1723657),
(4658038, 'Ткани для домашнего текстиля', 4648476),
(4648482, 'Ткани для одежды', 4648476),
(4662385, 'Товари для відпочинка та спорта', 4662379),
(4662463, 'Товари для дому', 4662379),
(4661971, 'Товари для інших тварин', 4661959),
(4661959, 'Товари для тварин', 4660675),
(4627851, 'Товары для бизнеса', 0),
(80261, 'Товары для геймеров', 80253),
(4626073, 'Товары для грызунов', 3520929),
(88468, 'Товары для детей', 0),
(4662595, 'Товары для дома', 4661545),
(4667887, 'Товары для дома', 4667719),
(4663279, 'Товары для дома', 4663267),
(2394287, 'Товары для дома', 0),
(4663879, 'Товары для кормления', 4663675),
(4626068, 'Товары для кошек', 3520929),
(4648686, 'Товары для людей с инвалидностью', 4628621),
(4265798, 'Товары для мам', 88468),
(445999, 'Товары для охоты', 84625),
(4628772, 'Товары для праздников', 80260),
(4662475, 'Товары для приготовления суши', 4662379),
(4626078, 'Товары для птиц', 3520929),
(4631516, 'Товары для реабилитации и гигиены', 4648686),
(4667761, 'Товары для ремонта', 4667719),
(4626088, 'Товары для рептилий', 3520929),
(4626083, 'Товары для рыб', 3520929),
(4667797, 'Товары для сада', 4667719),
(4652506, 'Товары для свадьбы', 80260),
(4626063, 'Товары для собак', 3520929),
(4667833, 'Товары для творчества', 4667719),
(4644144, 'Товары для флористики', 1723657),
(4652709, 'Товары для хранения одежды и обуви', 4629263),
(4628719, 'Товары медицинского назначения', 4628621),
(435964, 'Товары по уходу за домом и одеждой', 80077),
(4652737, 'Товары по уходу за одеждой', 3547641),
(4641928, 'Токарные станки', 4641696),
(4659992, 'Токены и смарт карты', 4627851),
(4637111, 'Толстовки для девочек', 4668703),
(4636567, 'Толстовки для мальчиков', 4668709),
(4668703, 'Толстовки и свитшоты для девочек', 1285573),
(4668709, 'Толстовки и свитшоты для мальчиков', 1290392),
(4658102, 'Толщиномеры краски', 4630542),
(4647670, 'Томатная паста_old', 80262),
(4658456, 'Тональное средство', 2236222),
(4665937, 'Тональный крем', 4665907),
(4671756, 'Тонеры', 81224),
(4657316, 'Тоник для лица', 2048732),
(2504002, 'Тонировочные пленки', 4656464),
(4658737, 'Тонирующие средства', 4658950),
(2635172, 'Тонометры', 435969),
(4658258, 'Топ для ногтей', 2048602),
(4625427, 'Топки', 152463),
(4625421, 'Топки и каменки для саун', 152463),
(4656642, 'Топливная аппаратура', 4656588),
(4657596, 'Топливная система мотоблока', 4629101),
(4659091, 'Топливная система мотокос', 4629094),
(4646136, 'Топливная система судна', 89817),
(4659161, 'Топливная система цепных пил', 4629087),
(4646144, 'Топливные баки', 4646136),
(4656648, 'Топливные насосы высокого давления', 4656642),
(4656660, 'Топливные насосы низкого давления', 4656642),
(4656332, 'Топливные фильтры', 4627283),
(4656654, 'Топливные форсунки', 4656642),
(4646176, 'Топливные шланги для лодки', 4646136),
(4659936, 'Топливо для котлов', 4648950),
(4644464, 'Топливозаправочные пистолеты', 4644456),
(4652359, 'Топперы', 1723657),
(4666849, 'Топпинги', 4666831),
(4633849, 'Топсайдеры для мальчиков', 4634017),
(4668223, 'Топы и бюстгальтеры для девочек', 4668205),
(4628236, 'Торговая мебель', 4625256),
(4625256, 'Торговое оборудование', 4627851),
(4642960, 'Торговые палатки, тенты и комплектующие', 4642736),
(4659210, 'Тормозная система цепных пил', 4629087),
(4629974, 'Тормозные диски', 4642728),
(4659498, 'Тормозные жидкости', 2659527),
(4629980, 'Тормозные колодки', 4642728),
(1231000, 'Тормозные колодки для велосипедов', 83882),
(4639240, 'Тормозные резисторы', 4639232),
(4662295, 'Торти', 4662283),
(4669465, 'Торт святковий з оформленням \"little pony\"', 4669057),
(4666897, 'Торты', 4666891),
(4667371, 'Торты', 4667329),
(4667515, 'Торты', 4667395),
(4643248, 'Торты', 4633017),
(4668931, 'Торцевые головки', 2798782),
(4668895, 'Торцевые ключи', 2798782),
(4668859, 'Торцовочные пилы', 4660244),
(105281, 'Торшеры', 230134),
(80145, 'Тостеры', 435974),
(105283, 'Точечные светильники', 230134),
(4640800, 'Точечный водоотвод', 4640720),
(4664119, 'Точилки', 4664101),
(3969509, 'Точилки для карандашей', 2460407),
(161149, 'Точилки для ножей', 239221),
(154219, 'Точильные станки', 161187),
(4630190, 'Точки доступа SMB', 4630100),
(4644016, 'Траверсы', 4654202),
(4669003, 'Травление ножей', 4668967),
(4649592, 'Транзисторы', 4649574),
(4659582, 'Трансмиссионные масла', 1527297),
(4656762, 'Трансмиссия', 4656588),
(4643896, 'Трансфер для тату', 4643720),
(4649742, 'Трансформаторы', 4649562),
(234955, 'Трансформаторы для ламп', 4659231),
(4646416, 'Транцевые колеса', 4646408),
(4646536, 'Транцевые плиты', 4646440),
(217880, 'Трапы', 80106),
(4639840, 'Трафареты', 4669225),
(4629662, 'Трафареты для кофе', 4626629),
(4640920, 'Трафареты для стен', 4640904),
(4643912, 'Трафареты для тату', 4643720),
(689339, 'Треккинговые палки', 83916),
(4659324, 'Трековое освещение', 230134),
(4659310, 'Трековые и струнные системы', 4659324),
(4630433, 'Тренажеры для письма и чтения', 2460422),
(4624900, 'Тренажеры и спортивное оборудование', 81203),
(4665055, 'Тренажеры, фитнес, единоборства', 4665001),
(4668913, 'Трещоточные ключи', 2798782),
(4660433, 'Триммеры', 435969),
(155089, 'Триммеры и мотокосы', 152459),
(4646328, 'Троса газ-реверс', 4646304),
(4629122, 'Трости и костыли', 435969),
(4657638, 'Тросы и ремни на мотоблок', 4629101),
(4653901, 'Тросы нержавеющие', 4653887),
(4639536, 'Тротуарная плитка', 4639424),
(4639544, 'Тротуарная плитка бетонная', 4639536),
(4639568, 'Тротуарная плитка из дерева', 4639536),
(4640312, 'Тротуарные плиты', 4640160),
(4638823, 'Трубки', 4638583),
(83035, 'Трубки', 83033),
(4631016, 'Трубки ГУР', 4630806),
(330665, 'Трубки для бассейна', 330635),
(4631474, 'Трубки и рукава ГБО', 4631418),
(4639616, 'Трубный металлопрокат', 4639472),
(4669717, 'Труборезы и ножницы для резки труб', 2798792),
(4641608, 'Трубочки', 4641592),
(4638655, 'Трубочный табак', 4638607),
(4639704, 'Трубы бесшовные', 4639616),
(4639688, 'Трубы водогазопроводные', 4639616),
(4629746, 'Трубы водопроводные', 4629728),
(4631935, 'Трубы для прокладки кабеля', 4663213),
(4629758, 'Трубы канализационные', 4629728),
(4639680, 'Трубы профильные', 4639616),
(4665235, 'Трубы, шланги', 4665229),
(4639696, 'Трубы электросварные', 4639616),
(4668211, 'Трусы для девочек', 4668205),
(4668265, 'Трусы для мальчиков', 4668259),
(4663651, 'Тряпки, губки', 4663639),
(4662649, 'Тряпки, губки', 4662643),
(4646950, 'Тсуга', 4638879),
(4665619, 'Туалетная бумага', 4665523),
(4663099, 'Туалетная бумага', 4663087),
(4624983, 'Туалетная бумага', 4626569),
(4662403, 'Туалетний папір', 4662379),
(4649232, 'Туалетные столики', 4671541),
(3779181, 'Туалеты для животных', 3866931),
(3866931, 'Туалеты, наполнители и аксессуары', 3520929),
(4666387, 'Туалеты, Подстилки', 4666375),
(4641816, 'Тубусы для бумаги', 2460422),
(4629185, 'Тумбы', 152458),
(4641304, 'Тумбы для салонов красоты', 4628425),
(4656036, 'Тумбы инструментальные', 4656012),
(4652751, 'Тумбы и подставки для обуви', 4671666),
(155549, 'Тумбы под умывальник', 155548),
(4636791, 'Туники для девочек', 4636839),
(4656804, 'Турбокомпрессоры для дизельных двигателей', 4656798),
(4657020, 'Турботаймеры', 4654538),
(82411, 'Туризм и кемпинг', 81202),
(4665019, 'Туризм, путешествия', 4665001),
(4665115, 'Туристическая посуда', 4665103),
(198199, 'Туристические грелки', 83916),
(82618, 'Туристические коврики', 82411),
(4625907, 'Туристический инструмент и аксессуары', 83916),
(4625913, 'Туристическое гидрооборудование', 83916),
(4626880, 'Турки', 4626624),
(4650483, 'Турникеты', 4650417),
(4659428, 'Турнирные аксессуары лошади', 4659372),
(4634393, 'Туфли, балетки для девочек', 721664),
(4634305, 'Туфли для девочек', 4634393),
(4633697, 'Туфли для мальчиков', 721669),
(4658480, 'Тушь для ресниц', 2236222),
(4665961, 'Тушь для ресниц', 4665907),
(4647222, 'Туя', 4638879),
(4652408, 'Тычинки', 4652373),
(272110, 'Тюнеры, метрономы', 4628551),
(4631058, 'Тяги', 4630806),
(4663639, 'Уборка', 4663279),
(4662643, 'Уборка', 4662595),
(4667881, 'Уборка и уход по дому', 4667719),
(4625112, 'Уборка после ремонта', 4625077),
(4625126, 'Уборка уличной зоны', 4650405),
(4628103, 'Увеличительные стекла', 203883),
(80130, 'Увлажнители воздуха', 80079),
(2560832, 'Увлажнители для пальцев', 2460412),
(4638775, 'Увлажнители и гигрометры для хьюмидора', 4638623),
(4634185, 'Угги для девочек', 4634369),
(4633793, 'Угги для мальчиков', 4634009),
(4641016, 'Углы, рейки', 4640984),
(4668847, 'Уголки крепежные', 4626514),
(4639792, 'Уголок', 4639624),
(4641632, 'Уголок потребителя_old', 4641624),
(4647366, 'Уголь для кальянов', 4648656),
(199413, 'Угольные фильтры', 156672),
(295852, 'Ударные инструменты', 267255),
(295853, 'Ударные установки', 295852),
(85169, 'Удилища', 84703),
(4665187, 'Удлинители', 4665181),
(4631889, 'Удлинители сигналов', 4631882),
(4664581, 'Удобрения', 4664557),
(2117562, 'Удобрения', 2394297),
(4659421, 'Уздечки и оголовья', 4659372),
(4658851, 'Украинские рушники', 4652506),
(4628460, 'Украинские сувениры', 4627311),
(4659477, 'Украшения', 1162030),
(4666603, 'Уксус', 4666597),
(4627771, 'Уксус', 4633009),
(4662907, 'Уксус', 4662889),
(294194, 'Укулеле', 4628348),
(4648278, 'Укупорка бутылок', 4648266),
(4648320, 'Укупорщики бутылок', 4648278),
(4647438, 'Улавливатели жидкости', 4635983),
(4650405, 'Уличная зона', 4429255),
(241315, 'Уличное освещение', 230134),
(4632961, 'Уличные высотные елки', 80260),
(150741, 'Уличные обогреватели', 80192),
(4648006, 'Уличные полусферы', 4647958),
(4647870, 'Уличные урны', 4647854),
(4655380, 'Ульи', 4655368),
(4655368, 'Ульи и комплектующие', 4655326),
(4644088, 'Ультразвуковые ванны', 4643944),
(4646616, 'Ультразвуковые отпугиватели', 4646584),
(4651390, 'Ультрафиолетовые фильтры', 4651378),
(4638351, 'Умное освещение', 230133),
(4638447, 'Умные выключатели', 4638359),
(4638399, 'Умные датчики', 4638335),
(4638383, 'Умные замки', 4638335),
(4638471, 'Умные реле и диммеры', 4638359),
(4638455, 'Умные розетки', 4638359),
(230133, 'Умный дом', 2394287),
(4667605, 'Умывальники, мойки', 4665211),
(199415, 'Умягчители воды', 156672),
(143851, 'Универсальные головные уборы', 83916),
(4659603, 'Универсальные масла', 1527297),
(387969, 'Универсальные мобильные батареи', 80263),
(155534, 'Универсальные мойки', 4658962),
(80070, 'Универсальные пульты ДУ', 80015),
(4663363, 'Универсальные средства', 4663339),
(4662619, 'Универсальные средства', 4662601),
(91454, 'Унисекс', 91450),
(126964, 'Унитазы', 117101),
(4652366, 'Упаковка для кондитерских изделий', 4626614),
(4664359, 'Упаковка подарков, открытки', 4664323),
(4653017, 'Упаковки для алкогольных напитков', 753399),
(4643496, 'Упаковочная бумага', 4649076),
(4664377, 'Упаковочная бумага', 4664359),
(4656684, 'Уплотнения', 4656588),
(4647446, 'Уплотнители для кальяна', 4635983),
(4652863, 'Уплотнитель для окон и дверей', 4652828),
(4626173, 'Упоры дверные', 4625841),
(4669381, 'Упоры для отжиманий', 132895),
(4646368, 'Управление двигателем', 4646344),
(4638359, 'Управление электроприборами', 230133),
(4649628, 'Усилители', 4649580),
(254366, 'Усилители для наушников', 4660594),
(156631, 'Усилители связи', 80111),
(4668553, 'Услуги Fashion', 4630262),
(4660055, 'Услуги ведущих', 4660041),
(153670, 'Услуги к электронике', 4660034),
(4660041, 'Услуги по организации праздников', 4630262),
(4645888, 'Услуги по установке', 4643616),
(4629818, 'Услуги страхования', 4630262),
(4659755, 'Услуги типографии', 4630262),
(4671251, 'Установка и монтаж БТ', 4660034),
(4644032, 'Установки для АКПП', 4643944),
(4670946, 'Устриці', 4670791),
(4654174, 'Устройства противоскольжения для колес', 1735862),
(235629, 'Устройства управления сигнализацией', 235355),
(4649358, 'Утеплитель PIR', 4631949),
(80067, 'Утилиты', 80019),
(80161, 'Утюги и гладильные системы', 435964),
(4648710, 'Утяжеленные жилеты', 4648692),
(4669297, 'Утяжелители', 132895),
(4659435, 'Уход за амуницией', 4659372),
(2048497, 'Уход за волосами', 2324702),
(4667911, 'Уход за волосами для мужчин', 4667719),
(4665793, 'Уход за волосами мужчин', 4665769),
(4658186, 'Уход за зубными протезами и брекетами', 2099087),
(4625119, 'Уход за изделиями из драгоценных металлов', 4625077),
(4665739, 'Уход за кожей вокруг глаз', 4665727),
(4659659, 'Уход за кондиционером автомобиля', 279061),
(2048732, 'Уход за лицом', 2324702),
(4667905, 'Уход за лицом для мужчин', 4667719),
(4665781, 'Уход за лицом и телом', 4665769),
(4646392, 'Уход за лодкой', 4646344),
(4657466, 'Уход за ногами', 2324702),
(4658276, 'Уход за ногтями и кутикулой', 2048602),
(4666189, 'Уход за одеждой, обувью', 4666003),
(2099087, 'Уход за полостью рта', 2324702),
(2048752, 'Уход за руками', 2324702),
(4664713, 'Уход за салоном авто', 4664665),
(2048742, 'Уход за телом', 2324702),
(4628047, 'Уход за украшениями', 723934),
(4628054, 'Уход за украшениями', 753584),
(3504864, 'Уход и гигиена', 3520929),
(4666303, 'Уход,косметика для кошек', 4666291),
(4666369, 'Уход, косметика для собак', 4666333),
(4664497, 'Учебная, справочная литература', 4664479),
(4326656, 'Учебники', 4326572),
(3919368, 'Учебники, учебные пособия', 2460422),
(80117, 'Файловые менеджеры', 80067),
(4664299, 'Файлы', 4664287),
(2514857, 'Файлы', 2460402),
(447849, 'Фальш-патроны', 4658390),
(4640656, 'Фанера', 4639496),
(4652104, 'Фара на мотоцикл', 4652068),
(4655204, 'Фаркопы', 4627087),
(4663909, 'Фармацевтика', 4663267),
(4625541, 'Фартуки для творчества', 2460422),
(4644880, 'Фарфоровая посуда', 4644816),
(4645344, 'Фарфоровые лабораторные стаканы', 4644880),
(4645352, 'Фарфоровые лабораторные ступки', 4644880),
(4666777, 'Фарш', 4666747),
(4644736, 'Фаршемесы', 4644728),
(4650081, 'Фасадная плитка', 4625710),
(4650123, 'Фасадная плитка из керамогранита', 4650081),
(4650129, 'Фасадная плитка из натурального камня', 4650081),
(4654607, 'Фасадные панели', 4639488),
(4654027, 'Фасадные подоконники', 4653978),
(4631658, 'Фасады', 4630013),
(4669219, 'Фасовочные дозаторы', 4627851),
(4627750, 'Фен-шуй', 375695),
(81227, 'Фены', 435969),
(4634145, 'Феромоны для сельского хозяйства', 4633513),
(4649754, 'Ферриты', 4649562),
(4652639, 'Фетр', 4652632),
(4649400, 'Фибролитовые плиты', 4631949),
(4663837, 'Фигурки', 4663825),
(4648166, 'Фигуры', 4648134),
(4650543, 'Фиксаторы двери', 4625841),
(4648296, 'Фильтрация и брожение', 4648266),
(4649760, 'Фильтры', 4649562),
(4631481, 'Фильтры ГБО', 4631418),
(4656344, 'Фильтры ГБО', 4627283),
(3441389, 'Фильтры для аквариумов', 3429643),
(4648410, 'Фильтры для алкоголя', 4648296),
(149287, 'Фильтры для воды', 80025),
(4659126, 'Фильтры для мотокос', 4629094),
(196455, 'Фильтры для питьевой воды', 149287),
(4626549, 'Фильтры для прудов', 4626544),
(4638719, 'Фильтры для самокруток', 4638615),
(4656792, 'Фильтры для спецтехники', 4656588),
(4659175, 'Фильтры для цепных пил', 4629087),
(196457, 'Фильтры-кувшины', 196455),
(4664947, 'Фильтры-кувшины для воды', 4664935),
(4657608, 'Фильтры на мотоблок', 4629101),
(4656350, 'Фильтры осушителя воздуха', 4627283),
(196462, 'Фильтры от накипи', 4651378),
(196464, 'Фильтры от накипи для бойлеров', 4651378),
(196463, 'Фильтры от накипи для душа', 4651378),
(2448902, 'Фильтры от накипи для котлов', 4651378),
(196465, 'Фильтры от накипи для стиральных машин', 4651378),
(4644480, 'Фильтры очистки топлива', 4644456),
(4629752, 'Фитинги для водопроводных труб', 4629728),
(4629764, 'Фитинги для канализационных труб', 4629728),
(4653894, 'Фитинги под сварку', 4653887),
(4627554, 'Фитнес-браслеты', 4660587),
(4669291, 'Фитнес джамперы', 132895),
(132895, 'Фитнес и аэробика', 81203),
(4669273, 'Фитнес мячи', 132895),
(4663945, 'Фиточаи', 4663939),
(4669915, 'Фірмові набори ролів та суші', 4669591),
(4669837, 'Фірмові напої', 4669579),
(4670956, 'Фірмові роли', 4670791),
(4656198, 'Флаги', 4656192),
(4656192, 'Флаги и аксессуары', 80260),
(4642896, 'Флагштоки', 4642864),
(4656204, 'Флагштоки и держатели', 4656192),
(80045, 'Флеш память USB', 80256),
(4643440, 'Флизелин', 4643432),
(4657854, 'Флизелиновые обои', 4625698),
(4659985, 'Флипперы', 4656404),
(4647014, 'Флокс', 4638559),
(4664173, 'Фломастеры', 4664149),
(3552044, 'Фломастеры', 2460422),
(4643576, 'Флуоресцентные пигменты', 4643552),
(4655949, 'Флюгер', 4625614),
(4657776, 'Флюид для волос', 2048497),
(4653010, 'Фляги', 753399),
(268165, 'Фляги для велосипеда и флягодержатели', 83882),
(4644248, 'Фоамиран', 1723657),
(4647454, 'Фольга для кальяна', 4648656),
(4667641, 'Фольга,пергамент,пленка', 4662667),
(4663597, 'Фольга,пергамент,пленка', 4663459),
(4649334, 'Фольга теплоизоляционная', 4631949),
(4630884, 'Фолье-вставки бокового поджима', 4630806),
(4665139, 'Фонари, батарейки, зарядки', 4665133),
(85432, 'Фонари и аксессуары', 83916),
(4665145, 'Фонарики', 4665139),
(160624, 'Фоны и аксессуары', 4625234),
(4647046, 'Форзиция', 4638559),
(4625782, 'Форма для бокса и единоборств', 4625433),
(4625385, 'Форма для хоккея', 116671),
(4641880, 'Форматно-раскроечные станки', 4641696),
(4655583, 'Форменная одежда', 4628751),
(4655126, 'Формы', 4626604),
(4626524, 'Формы для выпечки', 4626654),
(4630088, 'Формы для льда', 4626629),
(4629938, 'Формы для производства', 4639424),
(4631453, 'Форсунки ГБО', 4631418),
(4639592, 'Фотоальбомы', 375695),
(80001, 'Фотоаппараты', 4628124),
(4671271, 'Фотозоны', 4628772),
(4628124, 'Фото и видео', 80258),
(4656216, 'Фотоловушки', 4658540),
(4626123, 'Фотообои', 4625698),
(4628005, 'Фоторамки', 375695),
(4667971, 'Фотосумки и фоторюкзаки', 4667719),
(4649694, 'Фотоэлектрические компоненты', 4649556),
(252133, 'Фотоэпиляторы', 435969),
(4641936, 'Фрезерные станки', 4641696),
(154195, 'Фрезеры', 4660244),
(4652765, 'Фрезеры для маникюра и педикюра', 437989),
(3510569, 'Фрезы', 3510436),
(4626874, 'Френч-прессы', 4626624),
(80150, 'Фритюрницы', 435974),
(4670911, 'Фрі меню', 4670786),
(4669087, 'Фрі-меню', 4669051),
(4661845, 'Фрукти', 4661833),
(4662205, 'Фрукти консервовані', 4662187),
(4671451, 'Фрукти та овочі', 4671351),
(4628068, 'Фруктовая консервация', 4633041),
(4632831, 'Фруктовые концентраты', 4627659),
(4666483, 'Фруктовые соки, нектары', 4666447),
(4662775, 'Фруктовые соки, нектары', 4662757),
(4667701, 'Фрукты', 4662703),
(4667071, 'Фрукты', 4666441),
(4655060, 'Фрукты', 4655048),
(4644888, 'Фторопластовая посуда', 4644816),
(4645384, 'Фторопластовые лабораторные стаканы', 4644888),
(4645400, 'Фторопластовые мерные колбы', 4644888),
(4645392, 'Фторопластовые мерные цилиндры', 4644888),
(4641864, 'Фуговальные станки', 4641696),
(4634113, 'Фумиганты', 4633513),
(4633529, 'Фунгициды', 4633513),
(4640176, 'Фундаментные блоки', 4639440),
(4658624, 'Фундук', 4638879),
(4652247, 'Фурнитура для бижутерии', 1723657),
(4659810, 'Фурнитура для душевых кабин и боксов', 124813),
(4646384, 'Фурнитура для лодок', 4646344),
(4652842, 'Фурнитура для окон', 4652828),
(4652849, 'Фурнитура для створок и рамы', 4652828),
(4659231, 'Фурнитура и комплектующие для освещения', 230134),
(4636927, 'Футболки для девочек', 4636839),
(4636407, 'Футболки для мальчиков', 4636599),
(4636839, 'Футболки и блузы для девочек', 1285573),
(4636599, 'Футболки и рубашки для мальчиков', 1290392),
(4636943, 'Футболки с длинными рукавами для девочек', 4636839),
(4636415, 'Футболки с длинным рукавом для мальчиков', 4636599),
(4656549, 'Футляры для изделий', 723934),
(753854, 'Футляры для изделий', 753814),
(4638783, 'Футляры для сигар', 4638623),
(753859, 'Футляры для ювелирных изделий', 4659477),
(346015, 'Футоны и топперы', 169823),
(4670696, 'Хабы и кардридеры', 4670691),
(4658444, 'Хайлайтер', 2236222),
(4636727, 'Халаты для девочек', 4636719),
(4636375, 'Халаты для мальчиков', 4636591),
(4666861, 'Халва', 4666831),
(4662259, 'Харчові замінники', 4662187),
(4662271, 'Харчові концентрати', 4662187),
(4662073, 'Харчування', 4662037),
(4669153, 'Хачапурі', 4669057),
(4671561, 'Хачапурі для компанії', 4671546),
(4633217, 'Хвойные гирлянды', 4633121),
(4659254, 'Химическое сырье', 4627851),
(4627694, 'Химия для бассейнов и систем отопления', 4650405),
(3429811, 'Химия для прудов', 4626544),
(4671546, 'Хинкали', 4663249),
(4671591, 'Хінкалі', 4671546),
(4667359, 'Хлеб', 4663255),
(4666951, 'Хлеб', 4666891),
(4626815, 'Хлебницы', 4626614),
(4662847, 'Хлебобулочные изделия', 4662703),
(4666891, 'Хлебобулочные изделия', 4666441),
(4644304, 'Хлебобулочные изделия', 4624997),
(80154, 'Хлебопечки', 435974),
(4662289, 'Хлібобулочні вироби промислові', 4662283),
(4662283, 'Хлібобулочні вироби та випічка', 4660675),
(4662307, 'Хлібці', 4662283),
(4662955, 'Хлопья и мюсли', 4662889),
(4666699, 'Хлопья и мюсли', 4666597),
(4648464, 'Хмель', 4629513),
(4658743, 'Хна и басма', 4658950),
(4665001, 'Хобби,отдых и спорт', 4663267),
(1723657, 'Хобби, рукоделие и творчество', 2394287),
(4657376, 'Ховерборды', 4625901),
(4657370, 'Ховеркарты', 4625901),
(4656600, 'Ходовое оборудование', 4656582),
(4663201, 'Хозяйственные наборы', 4394353),
(4663189, 'Хозяйственные наборы', 4394353),
(4394353, 'Хозяйственные товары', 3547641),
(3547641, 'Хозяйственный инвентарь', 2394287),
(80125, 'Холодильники', 80080),
(4641296, 'Холодильники для косметики', 4628425),
(4645280, 'Холодильники стеклянные', 4644872),
(4633985, 'Холодильные витрины', 4670601),
(4625934, 'Холодильные камеры', 4670601),
(4670606, 'Холодильные машины и установки', 4670601),
(4641320, 'Холодильные столы', 4670601),
(80209, 'Холодильные шкафы', 4670601),
(4671006, 'Холодні закуски', 4670791),
(4671586, 'Холодній закуски', 4671546),
(4669813, 'Холодні напої', 4669579),
(4669189, 'Холодні напої', 4669057),
(4670456, 'Холодні та гарячі закуски', 4670181),
(4668337, 'Холодные закуски', 4663255),
(4648524, 'Холодный асфальт', 4639448),
(4666471, 'Холодный чай', 4666447),
(4639896, 'Холодный чай_old', 80262),
(4658408, 'Холостые патроны', 4658390),
(4141169, 'Холсты, модули, основы', 4034476),
(4630974, 'Хомуты', 4630806),
(4668829, 'Хомуты', 4626514),
(4629263, 'Хранение и организация пространства', 3547641),
(4626614, 'Хранение продуктов', 4626594),
(4647662, 'Хрен_old', 80262),
(4637119, 'Худи для девочек', 4668703),
(4636575, 'Худи для мальчиков', 4668709),
(4664503, 'Художественная литература', 4664479),
(4326593, 'Художественная литература', 4326572),
(4664149, 'Художественное творчество и рукоделие', 4664035),
(4625475, 'Художественные наборы', 4034476),
(4641096, 'Художественный паркет', 4641072),
(4658606, 'Хурма', 4638879),
(4638767, 'Хьюмидоры', 4638623),
(4664179, 'Цветная бумага и картон', 4664149),
(3180462, 'Цветная бумага и картон', 2460397),
(4671296, 'Цветной дым', 4628772),
(4664155, 'Цветные карандаши', 4664149),
(2798827, 'Цветные карандаши', 4034476),
(4629866, 'Цветы', 80260),
(4640016, 'Цветы из мыла', 4627311),
(4640088, 'Цемент', 4639528),
(4643296, 'Ценники', 4643000),
(235445, 'Централи', 235355),
(4638479, 'Центральные контроллеры', 230133),
(4653852, 'Центровочные кольца', 4653817),
(724139, 'Цепи', 723934),
(4656942, 'Цепи гусеничные', 4656600),
(4628744, 'Цепи для бедра', 753879),
(4628737, 'Цепи для тела', 753879),
(4669201, 'Цепи и шины для цепных пил', 4629087),
(4659631, 'Цепные масла', 1527297),
(155515, 'Цепные пилы', 152459),
(724144, 'Цепочки', 723119),
(4657908, 'Цепочки', 4630370),
(4665397, 'Цепь,трос, веревка', 4665379),
(4660419, 'Церковная утварь', 4659477),
(4661881, 'Цигарки', 4661869),
(4669735, 'Цикли', 2798792),
(4657614, 'Цилиндро-поршневая группа мотоблока', 4629101),
(4659098, 'Цилиндро-поршневая группа мотокос', 4629094),
(4659168, 'Цилиндро-поршневая группа цепных пил', 4629087),
(4626168, 'Цилиндры', 4625841),
(4664233, 'Циркули и готовальни', 4664203),
(3551946, 'Циркули и готовальни', 2460407),
(152560, 'Циркулярные пилы (Дисковые)', 4660244),
(4641840, 'Циркулярные станки', 4641696),
(4653360, 'Цифровые аттенюаторы', 4653276),
(284868, 'Цифровые пианино', 4668415),
(80058, 'Цифровые фоторамки', 4628124),
(4669579, 'Ці Млинці', 4663249),
(4631812, 'Цоколи', 4630013),
(4661755, 'Цукерки', 4661725),
(4662199, 'Цукор', 4662187),
(2586342, 'Чаи для детей / чаи для кормящих мам', 2586292),
(4662799, 'Чай', 4662757),
(4666507, 'Чай', 4666447),
(4661917, 'Чай', 4661887),
(4625004, 'Чай', 4639952),
(4668013, 'Чайники', 4667719),
(4626868, 'Чайники для плиты', 4626624),
(4626940, 'Чайные и кофейные сервизы', 4626609),
(4649004, 'Чаны для купания', 152463),
(4639224, 'Частотные преобразователи', 4639232),
(91450, 'Часы', 2394287),
(4627416, 'Часы подарочные', 4627388),
(528420, 'Часы с радиоприемником', 91450),
(4649160, 'Чача', 4594292),
(4645360, 'Чаши выпарительные', 4644880),
(4636015, 'Чаши для кальянов', 4635983),
(4627003, 'Чашки', 4626609),
(4663549, 'Чашки, кружки', 4663459),
(753809, 'Чашки, кружки', 753769),
(4644680, 'Чебуречницы', 4644672),
(4646072, 'Человечки', 4636151),
(4668175, 'Чепчики и царапки для малышей', 1230990),
(4653528, 'Черепица', 4625614),
(4646774, 'Черешня', 4638879),
(4671746, 'Чернила', 81224),
(4645872, 'Чехлы для автомобиля', 4643616),
(4670716, 'Чехлы для жестких дисков', 4670691),
(4653633, 'Чехлы для колес', 4645872),
(4660489, 'Чехлы для маникюрных инструментов', 4660440),
(146229, 'Чехлы для мобильных телефонов', 80263),
(305219, 'Чехлы для планшетов', 80256),
(4653661, 'Чехлы для ремней безопасности', 4645872),
(4653668, 'Чехлы для ручки КПП', 4645872),
(4653073, 'Чехлы для сигарет', 753404),
(4664929, 'Чехлы для смартфонов', 4664923),
(4652723, 'Чехлы для хранения вещей', 4652709),
(4653640, 'Чехлы для элементов авто', 4645872),
(274431, 'Чехлы и кейсы для гитар', 4628551),
(454024, 'Чехлы и кейсы для оружия', 4658582),
(160821, 'Чехлы и ножны', 239221),
(4630412, 'Чехлы и термосумки для бутылочек', 3933312),
(717989, 'Чехлы и тубусы', 84703),
(4646552, 'Чехлы к лодочным моторам', 4646440),
(4653654, 'Чехлы на автобоксы', 4645872),
(4627255, 'Чехлы на руль', 4645872),
(4634337, 'Чешки для девочек', 4634401),
(4633865, 'Чешки для мальчиков', 4634353),
(4667017, 'Чипсы', 4666969),
(4645704, 'Чипсы', 4627680),
(4662823, 'Чипсы', 4662817),
(1673012, 'Чип-тюнинг', 278246),
(4647526, 'Чип-тюнинг электромобиля', 4647486),
(4648356, 'Чистка и дезинфекция', 4648284),
(4667869, 'Чистый дом', 4667719),
(84878, 'Чистящие средства', 80256),
(4661737, 'Чіпси', 4661725),
(4657956, 'Чокеры и шнурки', 4630370),
(1307412, 'Чокеры, шнурки на шею', 724139),
(4647038, 'Чубушник', 4638559),
(104034, 'Чудомобили, ходунки, качалки', 100826),
(272130, 'Чучела для охоты', 84625),
(4625871, 'Шагомеры', 435969),
(4668835, 'Шайбы', 4626514),
(4631010, 'Шайбы, болты, гайки', 4630806),
(4649058, 'Шампанское и игристое вино', 4594285),
(4661671, 'Шампанське', 4661659),
(4657710, 'Шампунь', 2048497),
(4663051, 'Шампунь', 4663045),
(4665643, 'Шампунь', 4665625),
(4663705, 'Шампунь, гель для детей', 4663681),
(4663027, 'Шампунь, гель для детей', 4663015),
(4631921, 'Шапки, шарфы и перчатки', 4630220),
(4663801, 'Шапочки', 4663783),
(330655, 'Шапочки для плавания', 330635),
(4658414, 'Шарики для рогатки', 4658390),
(2798772, 'Шарнирно-губцевый инструмент', 3423154),
(4644656, 'Шарнирные головки', 4644624),
(4648632, 'Шаровые опоры', 4630764),
(4630335, 'Шарфы и платки', 4631921),
(4666099, 'Шарфы, платки, шали', 4666087),
(4630962, 'Шары стальные', 4630806),
(4656750, 'Шатуны дизельных двигателей', 4656702),
(4627743, 'Шахматы, шашки, нарды', 80260),
(4652807, 'Шахты для кальянов', 4635983),
(4653493, 'Швабры', 4629256),
(4663669, 'Швабры, щетки, веники', 4663639),
(4646528, 'Швартовочные устройства', 4646440),
(4627977, 'Шведские стенки и турники', 4624900),
(4629564, 'Швейная техника и аксессуары', 435964),
(4649022, 'Швейная фурнитура', 1723657),
(80159, 'Швейные машинки', 4629564),
(4639776, 'Швеллер', 4639624),
(4669489, 'Швензы', 4652247),
(4655481, 'Швонарезчики', 4655445),
(4625403, 'Шезлонги', 4670676),
(4656294, 'Шейкеры', 273298),
(4646926, 'Шелковица', 4638879),
(4643312, 'Шелфтокер', 4643000),
(4639656, 'Шестигранник стальной', 4639608),
(4630034, 'Шило и прошивочные нити', 2460402),
(4654216, 'Шиномонтажное оборудование', 4643944),
(4643960, 'Шиномонтажные стенды', 4654216),
(4648938, 'Шины заземления', 4648902),
(4627038, 'Шины и диски', 4627858),
(4642152, 'Шиньоны', 4641832),
(4629270, 'Ширмы', 152458),
(4655895, 'Ширмы медицинские', 4655883),
(4632194, 'Шитье и вязание', 102912),
(4653514, 'Шифер', 4625614),
(286920, 'Шкатулки и коробки для часов', 4633585),
(4627423, 'Шкатулки, футляры, сундуки', 375695),
(4631312, 'Шкафы', 4648752),
(288990, 'Шкафы архивные', 163983),
(120571, 'Шкафы в детскую комнату', 102573),
(288991, 'Шкафы для картотеки', 163983),
(4648764, 'Шкафы для посуды', 4631312),
(4656042, 'Шкафы инструментальные', 4656012),
(3803596, 'Шкафы, корпуса, щитки', 3803561),
(4630461, 'Шкафы-купе', 4631312),
(4655889, 'Шкафы медицинские', 4655883),
(4648776, 'Шкафы пеналы', 4631312),
(4640576, 'Шкафы пожарные', 4640408),
(4656120, 'Шкафы хозяйственные', 163983),
(4641328, 'Шкафы шоковой заморозки', 4670601),
(4656114, 'Шкафы ячеечные', 163983),
(4630914, 'Шкивы насосов гидроусилителя руля', 4630806),
(1136460, 'Школьная форма', 4633561),
(4664209, 'Школьные папки, обложки', 4664203),
(3551855, 'Школьные портфели и папки', 2460422),
(4664203, 'Школьные принадлежности', 4664035),
(2460422, 'Школьные принадлежности и творчество', 2460392),
(163943, 'Школьные рюкзаки и ранцы', 2460422),
(4643840, 'Шлагбаумы', 4639480),
(153657, 'Шланги', 152462),
(4631022, 'Шланги ГУР', 4630806),
(4636007, 'Шланги для кальянов', 4635983),
(4626659, 'Шлеи для животных', 4435366),
(4637127, 'Шлейфы для матриц', 4631376),
(4650718, 'Шлейфы для планшетов', 4650658),
(4650628, 'Шлейфы для телефонов', 4650580),
(4625373, 'Шлемы для хоккея', 116671),
(4634417, 'Шлепанцы для девочек', 4634377),
(4633777, 'Шлепанцы для мальчиков', 4634001),
(152503, 'Шлифовальные и полировальные машины (Болгарки)', 4660244),
(4641944, 'Шлифовальные станки', 4641696),
(3510555, 'Шлифовальные элементы', 3510436),
(4668925, 'Шлицевые ключи', 2798782),
(4657116, 'Шнеки', 4656630);
